137
CXUS53 KGRR 011747 CCA
CLMLAN

CLIMATE REPORT...CORRECTED
NATIONAL WEATHER SERVICE GRAND RAPIDS, MI
130 PM EDT SAT NOV 1 2014

...................................

...THE LANSING MI CLIMATE SUMMARY FOR THE MONTH OF OCTOBER 2014...

CLIMATE NORMAL PERIOD 1981 TO 2010
CLIMATE RECORD PERIOD 1864 TO 2014

WEATHER         OBSERVED          NORMAL  DEPART  LAST YEAR`S
                 VALUE   DATE(S)  VALUE   FROM    VALUE  DATE(S)
                                          NORMAL
................................................................
TEMPERATURE (F)
RECORD
 HIGH              90   10/03/1898
 LOW               10   10/21/1895
                        10/22/1868
HIGHEST            74   10/27        79      -5       80  10/03
LOWEST             28   10/23        23       5       30  10/24
                        10/19
AVG. MAXIMUM     59.1              59.9    -0.8     61.8
AVG. MINIMUM     40.1              40.7    -0.6     42.1
MEAN             49.6              50.3    -0.7     51.9
DAYS MAX >= 90      0               0.0     0.0        0
DAYS MAX <= 32      0               0.0     0.0        0
DAYS MIN <= 32      8               5.2     2.8        6
DAYS MIN <= 0       0               0.0     0.0        0

PRECIPITATION (INCHES)
RECORD
 MAXIMUM         7.32   1941
 MINIMUM         0.28   1956
TOTALS           3.55              2.53    1.02     3.55
DAILY AVG.       0.11              0.08    0.03     0.11
DAYS >= .01        15              10.9     4.1       13
DAYS >= .10         7               6.2     0.8        8
DAYS >= .50         3               1.6     1.4        2
DAYS >= 1.00        1               0.2     0.8        1
GREATEST
 24 HR. TOTAL    2.13   10/02 TO 10/03           10/30 TO 10/31

SNOWFALL (INCHES)
RECORDS
 TOTAL            7.5   1967
 24 HR TOTAL      7.5   MM
 SNOW DEPTH         4   MM
TOTALS              T               0.4    -0.4        T
SINCE 7/1           T               0.4    -0.4        T
SNOWDEPTH AVG.      0                MM      MM        0
DAYS >= TRACE       1               0.3     0.7        1
DAYS >= 1.0         0               0.2    -0.2        0
GREATEST
 SNOW DEPTH         0   MM                             0  MM
 24 HR TOTAL        T   10/31 TO 10/31           10/23 TO 10/23

DEGREE_DAYS
HEATING TOTAL     470               462       8      411
 SINCE 7/1        670               650      20      602
COOLING TOTAL       0                 7      -7       10
 SINCE 1/1        488               625    -137      661

FREEZE DATES
RECORD
 EARLIEST     08/03/1894
 LATEST       07/15/1863
EARLIEST      10/10             10/01
LATEST                          05/10
....................................................

WIND (MPH)
AVERAGE WIND SPEED              8.3
RESULTANT WIND SPEED/DIRECTION   4/235
HIGHEST WIND SPEED/DIRECTION    36/260    DATE  10/08
HIGHEST GUST SPEED/DIRECTION    46/260    DATE  10/08

SKY COVER
POSSIBLE SUNSHINE (PERCENT)   MM
AVERAGE SKY COVER           0.60
NUMBER OF DAYS FAIR            9
NUMBER OF DAYS PC              8
NUMBER OF DAYS CLOUDY         14

AVERAGE RH (PERCENT)     73

WEATHER CONDITIONS. NUMBER OF DAYS WITH
THUNDERSTORM              1     MIXED PRECIP               0
HEAVY RAIN                4     RAIN                      11
LIGHT RAIN               16     FREEZING RAIN              0
LT FREEZING RAIN          0     HAIL                       0
HEAVY SNOW                0     SNOW                       0
LIGHT SNOW                1     SLEET                      0
FOG                      24     FOG W/VIS <= 1/4 MILE      3
HAZE                      8

-  INDICATES NEGATIVE NUMBERS.
R  INDICATES RECORD WAS SET OR TIED.
MM INDICATES DATA IS MISSING.
T  INDICATES TRACE AMOUNT.

&&

OCTOBER 2014 TEMPERATURES AVERAGED OUT NEAR TO SLIGHTLY BELOW NORMAL
WITH PRECIPITATION NEAR TO MODERATELY ABOVE NORMAL. BUT AS IS
TYPICAL OF A MICHIGAN FALL... IT WAS NOT WITHOUT ITS TEMPERATURE
SWINGS AND PRECIPITATION SPELLS.

MANY LOCATIONS IN SOUTHWEST LOWER MICHIGAN RECEIVED OVER HALF OF THE
MONTH/S PRECIPITATION IN THE FIRST FOUR DAYS. A NUMBER OF SITES
COLLECTED OVER TWO INCHES OF RAIN IN THIS TWO DAY PERIOD AS MOISTURE
FROM THE GULF OF MEXICO WAS DRAWN NORTH. THIS WAS FOLLOWED BY COLD
AIR ON OCTOBER 4 WHICH PRODUCED SCATTERED SHOWERS AND A MIX OF RAIN
AND SMALL HAIL.

THE SECOND WEEK OF OCTOBER INCLUDED A MOSTLY SUNNY STRETCH WITH
SOMEWHAT BELOW NORMAL TEMPERATURES. THIS WAS FOLLOWED BY CLOUDS AND
OCCASIONAL RAIN FROM OCTOBER 13TH THROUGH THE 21ST. CLOUDS HELD THE
LOW TEMPERATURES WELL ABOVE NORMAL UNTIL CLEARING ALLOWED FOR THE
FIRST WIDESPREAD FREEZE IN SOUTHWEST LOWER MICHIGAN ON OCTOBER 19.

A DRY PERIOD FROM OCTOBER 22 THROUGH 27 FEATURED GRADUALLY WARMING
TEMPERATURES. THE WARMEST HIGH TEMPERATURES OF THE MONTH OCCURRED ON
THE 27TH. HIGHS WERE IN THE MID 70S... AND MUSKEGON SET A RECORD
WITH 75 DEGREES.

OCTOBER ENDED WITH A TASTE OF WINTER AS A POTENT UPPER LEVEL SYSTEM
FROM MANITOBA DOVE THROUGH THE GREAT LAKES ON THE FINAL DAYS OF THE
MONTH. AFTERNOON TEMPERATURES FELL INTO THE 30S AND RAIN CHANGED TO
SNOW ACROSS THE STATE. THE FIRST SNOWFLAKES OF THE SEASON WERE
OBSERVED NEARLY EVERYWHERE IN SOUTHWEST LOWER MICHIGAN. SNOW
ACCUMULATED IN NORTHERN AND PARTS OF CENTRAL LOWER MICHIGAN. NORTH
WINDS ACCOMPANYING THE SYSTEM ALSO BROUGHT GUSTS OVER 60 MPH AND
WAVE HEIGHTS OVER 20 FEET TO SOUTHERN LAKE MICHIGAN.

$$

CAS 63







U.S. Dept. of Commerce
NOAA National Weather Service
1325 East West Highway
Silver Spring, MD 20910
E-mail: w-nws.webmaster@noaa.gov
Page last modified: May 16, 2007
NATIONAL WEATHER SERVICE: for Safety, for Work, for Fun - FOR LIFE