748
CXUS53 KIND 011607
CLMLAF


CLIMATE REPORT
NATIONAL WEATHER SERVICE INDIANAPOLIS IN
1107 AM EST MON DEC 1 2014

...................................

...THE LAFAYETTE IN CLIMATE SUMMARY FOR THE MONTH OF NOVEMBER 2014...

CLIMATE NORMAL PERIOD 1981 TO 2010
CLIMATE RECORD PERIOD 9999 TO 9999

WEATHER         OBSERVED          NORMAL  DEPART  LAST YEAR`S
                 VALUE   DATE(S)  VALUE   FROM    VALUE  DATE(S)
                                          NORMAL
................................................................
TEMPERATURE (F)
HIGHEST            64   11/03                         63  11/16
LOWEST              7   11/18                         11  11/24
AVG. MAXIMUM     42.6              51.3    -8.7     45.7
AVG. MINIMUM     26.5              34.3    -7.8     28.5
MEAN             34.6              42.8    -8.2     37.1
DAYS MAX >= 90      0               0.0     0.0        0
DAYS MAX <= 32      9               0.9     8.1        4
DAYS MIN <= 32     20              13.1     6.9       18
DAYS MIN <= 0       0               0.0     0.0        0

PRECIPITATION (INCHES)
TOTALS           2.13              2.97   -0.84     1.90
DAILY AVG.       0.07              0.10   -0.03     0.06
DAYS >= .01         8              10.7    -2.7        9
DAYS >= .10         4               6.3    -2.3        5
DAYS >= .50         2               2.1    -0.1        2
DAYS >= 1.00        0               0.8    -0.8        0
GREATEST
 24 HR. TOTAL    1.01   11/23 TO 11/24

DEGREE_DAYS
HEATING TOTAL     905               667     238      745
 SINCE 7/1       1452              1101     351     1176
COOLING TOTAL       0                 1      -1        0
 SINCE 1/1        743               983    -240      884
.................................................................

WIND (MPH)
AVERAGE WIND SPEED              8.8
HIGHEST WIND SPEED/DIRECTION    32/230    DATE  11/24
HIGHEST GUST SPEED/DIRECTION    47/230    DATE  11/24

SKY COVER
POSSIBLE SUNSHINE (PERCENT)   MM
AVERAGE SKY COVER           0.60
NUMBER OF DAYS FAIR            9
NUMBER OF DAYS PC             10
NUMBER OF DAYS CLOUDY         11

AVERAGE RH (PERCENT)     72

WEATHER CONDITIONS. NUMBER OF DAYS WITH
THUNDERSTORM              0     MIXED PRECIP               0
HEAVY RAIN                1     RAIN                       1
LIGHT RAIN                8     FREEZING RAIN              0
LT FREEZING RAIN          0     HAIL                       0
HEAVY SNOW                0     SNOW                       1
LIGHT SNOW                6     SLEET                      0
FOG                      14     FOG W/VIS <= 1/4 MILE      1
HAZE                      6

-  INDICATES NEGATIVE NUMBERS.
R  INDICATES RECORD WAS SET OR TIED.
MM INDICATES DATA IS MISSING.
T  INDICATES TRACE AMOUNT.

$$





U.S. Dept. of Commerce
NOAA National Weather Service
1325 East West Highway
Silver Spring, MD 20910
E-mail: w-nws.webmaster@noaa.gov
Page last modified: May 16, 2007
NATIONAL WEATHER SERVICE: for Safety, for Work, for Fun - FOR LIFE