343
CXUS53 KIND 011620
CLMLAF


CLIMATE REPORT
NATIONAL WEATHER SERVICE INDIANAPOLIS IN
1115 AM EST THU JAN 1 2015

...................................

...THE LAFAYETTE IN CLIMATE SUMMARY FOR THE MONTH OF DECEMBER 2014...

CLIMATE NORMAL PERIOD 1981 TO 2010
CLIMATE RECORD PERIOD 9999 TO 9999

WEATHER         OBSERVED          NORMAL  DEPART  LAST YEAR`S
                 VALUE   DATE(S)  VALUE   FROM    VALUE  DATE(S)
                                          NORMAL
................................................................
TEMPERATURE (F)
HIGHEST            51   12/26                         61  12/04
                        12/23
LOWEST              7   12/31                          0  12/12
AVG. MAXIMUM     37.9              37.6     0.3     35.1
AVG. MINIMUM     26.5              23.1     3.4     19.5
MEAN             32.2              30.4     1.8     27.3
DAYS MAX >= 90      0               0.0     0.0        0
DAYS MAX <= 32      7               8.8    -1.8       16
DAYS MIN <= 32     23              24.2    -1.2       26
DAYS MIN <= 0       0               1.3    -1.3        1

PRECIPITATION (INCHES)
TOTALS           1.79              2.51   -0.72     2.58
DAILY AVG.       0.06              0.08   -0.02     0.08
DAYS >= .01         9              11.5    -2.5        8
DAYS >= .10         7               6.1     0.9        4
DAYS >= .50         0               1.6    -1.6        1
DAYS >= 1.00        0               0.3    -0.3        1
GREATEST
 24 HR. TOTAL    0.48   12/23 TO 12/24

DEGREE_DAYS
HEATING TOTAL    1011              1074     -63     1162
 SINCE 7/1       2463              2175     288     2338
COOLING TOTAL       0                 0       0        0
 SINCE 1/1        743               983    -240      884
.................................................................

WIND (MPH)
AVERAGE WIND SPEED              7.3
HIGHEST WIND SPEED/DIRECTION    29/270    DATE  12/16
HIGHEST GUST SPEED/DIRECTION    37/290    DATE  12/27

SKY COVER
POSSIBLE SUNSHINE (PERCENT)   MM
AVERAGE SKY COVER           0.70
NUMBER OF DAYS FAIR            6
NUMBER OF DAYS PC              8
NUMBER OF DAYS CLOUDY         17

AVERAGE RH (PERCENT)     83

WEATHER CONDITIONS. NUMBER OF DAYS WITH
THUNDERSTORM              0     MIXED PRECIP               1
HEAVY RAIN                0     RAIN                       4
LIGHT RAIN               10     FREEZING RAIN              0
LT FREEZING RAIN          0     HAIL                       0
HEAVY SNOW                0     SNOW                       0
LIGHT SNOW                3     SLEET                      0
FOG                      24     FOG W/VIS <= 1/4 MILE      0
HAZE                      5

-  INDICATES NEGATIVE NUMBERS.
R  INDICATES RECORD WAS SET OR TIED.
MM INDICATES DATA IS MISSING.
T  INDICATES TRACE AMOUNT.

$$




U.S. Dept. of Commerce
NOAA National Weather Service
1325 East West Highway
Silver Spring, MD 20910
E-mail: w-nws.webmaster@noaa.gov
Page last modified: May 16, 2007
NATIONAL WEATHER SERVICE: for Safety, for Work, for Fun - FOR LIFE