364
CXUS53 KIND 011513
CLMLAF


CLIMATE REPORT
NATIONAL WEATHER SERVICE INDIANAPOLIS IN
1113 AM EDT FRI AUG 1 2014

...................................

...THE LAFAYETTE IN CLIMATE SUMMARY FOR THE MONTH OF JULY 2014...

CLIMATE NORMAL PERIOD 1981 TO 2010
CLIMATE RECORD PERIOD 9999 TO 9999

WEATHER         OBSERVED          NORMAL  DEPART  LAST YEAR`S
                 VALUE   DATE(S)  VALUE   FROM    VALUE  DATE(S)
                                          NORMAL
................................................................
TEMPERATURE (F)
HIGHEST            86   07/22                         93  07/19
                        07/07
LOWEST             49   07/04                         48  07/28
AVG. MAXIMUM     79.1              84.9    -5.8     81.3
AVG. MINIMUM     57.6              64.2    -6.6     62.2
MEAN             68.3              74.6    -6.3     71.8
DAYS MAX >= 90      0               5.8    -5.8        4
DAYS MAX <= 32      0               0.0     0.0        0
DAYS MIN <= 32      0               0.0     0.0        0
DAYS MIN <= 0       0               0.0     0.0        0

PRECIPITATION (INCHES)
TOTALS           3.99              3.97    0.02     2.65
DAILY AVG.       0.13              0.13    0.00     0.09
DAYS >= .01        13              11.4     1.6        8
DAYS >= .10         8               7.2     0.8        6
DAYS >= .50         5               2.8     2.2        2
DAYS >= 1.00        0               1.1    -1.1        1
GREATEST
 24 HR. TOTAL    0.89   07/12 TO 07/13

DEGREE_DAYS
HEATING TOTAL      18                 1      17        9
 SINCE 7/1         18                 1      17        9
COOLING TOTAL     126               297    -171      224
 SINCE 1/1        448               591    -143      503
.................................................................

WIND (MPH)
AVERAGE WIND SPEED              5.4
HIGHEST WIND SPEED/DIRECTION    29/290    DATE  07/27
HIGHEST GUST SPEED/DIRECTION    40/260    DATE  07/14

SKY COVER
POSSIBLE SUNSHINE (PERCENT)   MM
AVERAGE SKY COVER           0.30
NUMBER OF DAYS FAIR           17
NUMBER OF DAYS PC             12
NUMBER OF DAYS CLOUDY          2

AVERAGE RH (PERCENT)     74

WEATHER CONDITIONS. NUMBER OF DAYS WITH
THUNDERSTORM             10     MIXED PRECIP               0
HEAVY RAIN                7     RAIN                       8
LIGHT RAIN               14     FREEZING RAIN              0
LT FREEZING RAIN          0     HAIL                       0
HEAVY SNOW                0     SNOW                       0
LIGHT SNOW                0     SLEET                      0
FOG                      23     FOG W/VIS <= 1/4 MILE     10
HAZE                      3

-  INDICATES NEGATIVE NUMBERS.
R  INDICATES RECORD WAS SET OR TIED.
MM INDICATES DATA IS MISSING.
T  INDICATES TRACE AMOUNT.

$$





U.S. Dept. of Commerce
NOAA National Weather Service
1325 East West Highway
Silver Spring, MD 20910
E-mail: w-nws.webmaster@noaa.gov
Page last modified: May 16, 2007
NATIONAL WEATHER SERVICE: for Safety, for Work, for Fun - FOR LIFE