384
CXUS53 KIND 011510
CLMLAF


CLIMATE REPORT
NATIONAL WEATHER SERVICE INDIANAPOLIS IN
1110 AM EDT WED OCT 1 2014

...................................

...THE LAFAYETTE IN CLIMATE SUMMARY FOR THE MONTH OF SEPTEMBER 2014...

CLIMATE NORMAL PERIOD 1981 TO 2010
CLIMATE RECORD PERIOD 9999 TO 9999

WEATHER         OBSERVED          NORMAL  DEPART  LAST YEAR`S
                 VALUE   DATE(S)  VALUE   FROM    VALUE  DATE(S)
                                          NORMAL
................................................................
TEMPERATURE (F)
HIGHEST            92   09/05                         96  09/11
                                                          09/10
LOWEST             40   09/14                         41  09/14
AVG. MAXIMUM     73.8              77.8    -4.0     79.3
AVG. MINIMUM     51.2              54.5    -3.3     54.8
MEAN             62.5              66.2    -3.7     67.1
DAYS MAX >= 90      1               1.8    -0.8        3
DAYS MAX <= 32      0               0.0     0.0        0
DAYS MIN <= 32      0               0.1    -0.1        0
DAYS MIN <= 0       0               0.0     0.0        0

PRECIPITATION (INCHES)
TOTALS           4.80              2.66    2.14     3.93
DAILY AVG.       0.16              0.09    0.07     0.13
DAYS >= .01         9               8.5     0.5        5
DAYS >= .10         7               4.6     2.4        5
DAYS >= .50         3               1.8     1.2        2
DAYS >= 1.00        2               0.6     1.4        1
GREATEST
 24 HR. TOTAL    1.72   09/20 TO 09/20

DEGREE_DAYS
HEATING TOTAL     126                79      47       59
 SINCE 7/1        150                85      65       79
COOLING TOTAL      60               113     -53      127
 SINCE 1/1        736               965    -229      853
.................................................................

WIND (MPH)
AVERAGE WIND SPEED              4.7
HIGHEST WIND SPEED/DIRECTION    38/320    DATE  09/05
HIGHEST GUST SPEED/DIRECTION    49/320    DATE  09/05

SKY COVER
POSSIBLE SUNSHINE (PERCENT)   MM
AVERAGE SKY COVER           0.30
NUMBER OF DAYS FAIR           18
NUMBER OF DAYS PC              9
NUMBER OF DAYS CLOUDY          2

AVERAGE RH (PERCENT)     76

WEATHER CONDITIONS. NUMBER OF DAYS WITH
THUNDERSTORM              6     MIXED PRECIP               0
HEAVY RAIN                3     RAIN                       7
LIGHT RAIN                9     FREEZING RAIN              0
LT FREEZING RAIN          0     HAIL                       0
HEAVY SNOW                0     SNOW                       0
LIGHT SNOW                0     SLEET                      0
FOG                      26     FOG W/VIS <= 1/4 MILE      3
HAZE                      3

-  INDICATES NEGATIVE NUMBERS.
R  INDICATES RECORD WAS SET OR TIED.
MM INDICATES DATA IS MISSING.
T  INDICATES TRACE AMOUNT.

$$





U.S. Dept. of Commerce
NOAA National Weather Service
1325 East West Highway
Silver Spring, MD 20910
E-mail: w-nws.webmaster@noaa.gov
Page last modified: May 16, 2007
NATIONAL WEATHER SERVICE: for Safety, for Work, for Fun - FOR LIFE