885
CXUS51 KCTP 011512 RRA
CLMJST

CLIMATE REPORT
NATIONAL WEATHER SERVICE STATE COLLEGE PA
850 AM EST SAT MAR 1 2014

...................................

...THE JOHNSTOWN CLIMATE SUMMARY FOR THE MONTH OF FEBRUARY 2014...

CLIMATE NORMAL PERIOD 1981 TO 2010
CLIMATE RECORD PERIOD 2000 TO 2014

WEATHER         OBSERVED          NORMAL  DEPART  LAST YEAR`S
                 VALUE   DATE(S)  VALUE   FROM    VALUE  DATE(S)
                                          NORMAL
................................................................
TEMPERATURE (F)
RECORD
 HIGH              77   02/11/1932
 LOW              -17   02/10/1899
HIGHEST            50   02/21                         MM  MM
LOWEST             -3   02/28                         MM  MM
AVG. MAXIMUM     28.5              34.1    -5.6       MM
AVG. MINIMUM     14.8              20.1    -5.3       MM
MEAN             21.7              27.1    -5.4       MM
DAYS MAX >= 90      0                MM      MM       MM
DAYS MAX <= 32     19                MM      MM       MM
DAYS MIN <= 32     28                MM      MM       MM
DAYS MIN <= 0       3                MM      MM       MM

PRECIPITATION (INCHES)
RECORD
 MAXIMUM         7.64   1893
 MINIMUM         0.66   1968
TOTALS           3.16              2.35    0.81       MM
DAILY AVG.       0.12              0.08    0.04       MM
DAYS >= .01        15                MM      MM       MM
DAYS >= .10        10                MM      MM       MM
DAYS >= .50         2                MM      MM       MM
DAYS >= 1.00        0                MM      MM       MM
GREATEST
 24 HR. TOTAL    0.62   02/02 TO 02/03                MM

DEGREE_DAYS
HEATING TOTAL    1209              1061     148       MM
 SINCE 7/1       5328              4879     449       MM
COOLING TOTAL       0                 0       0       MM
 SINCE 1/1          0                 0       0       MM
.................................................................

WIND (MPH)
AVERAGE WIND SPEED              11.0
HIGHEST WIND SPEED/DIRECTION    38/300    DATE  02/05
HIGHEST GUST SPEED/DIRECTION    47/280    DATE  02/05

SKY COVER
POSSIBLE SUNSHINE (PERCENT)   MM
AVERAGE SKY COVER           0.60
NUMBER OF DAYS FAIR            4
NUMBER OF DAYS PC             14
NUMBER OF DAYS CLOUDY         10

AVERAGE RH (PERCENT)     72

WEATHER CONDITIONS. NUMBER OF DAYS WITH
THUNDERSTORM              1     MIXED PRECIP               0
HEAVY RAIN                1     RAIN                       2
LIGHT RAIN                5     FREEZING RAIN              1
LT FREEZING RAIN          1     HAIL                       0
HEAVY SNOW                4     SNOW                      13
LIGHT SNOW               23     SLEET                      0
FOG                      23     FOG W/VIS <= 1/4 MILE      7
HAZE                     14

-  INDICATES NEGATIVE NUMBERS.
R  INDICATES RECORD WAS SET OR TIED.
MM INDICATES DATA IS MISSING.
T  INDICATES TRACE AMOUNT.

$$













U.S. Dept. of Commerce
NOAA National Weather Service
1325 East West Highway
Silver Spring, MD 20910
E-mail: w-nws.webmaster@noaa.gov
Page last modified: May 16, 2007
NATIONAL WEATHER SERVICE: for Safety, for Work, for Fun - FOR LIFE