070
CXUS53 KJKL 010734
CLMJKL

CLIMATE REPORT
NATIONAL WEATHER SERVICE JACKSON KY
334 AM EDT MON SEP 1 2014

...................................

...THE JACKSON KY CLIMATE SUMMARY FOR THE MONTH OF AUGUST 2014...

CLIMATE NORMAL PERIOD 1981 TO 2010
CLIMATE RECORD PERIOD 1981 TO 2014

WEATHER         OBSERVED          NORMAL  DEPART  LAST YEAR`S
                 VALUE   DATE(S)  VALUE   FROM    VALUE  DATE(S)
                                          NORMAL
................................................................
TEMPERATURE (F)
RECORD
 HIGH             101   08/18/1988
                        08/17/1988
 LOW               45   08/08/1989
                        08/29/1986
HIGHEST            89   08/30        92      -3       88  08/28
                        08/29
                        08/22
LOWEST             55   08/16        55       0       52  08/15
AVG. MAXIMUM     82.2              84.1    -1.9     81.0
AVG. MINIMUM     65.0              65.0     0.0     64.4
MEAN             73.6              74.5    -0.9     72.7
DAYS MAX >= 90      0               4.4    -4.4        0
DAYS MAX <= 32      0               0.0     0.0        0
DAYS MIN <= 32      0               0.0     0.0        0
DAYS MIN <= 0       0               0.0     0.0        0

PRECIPITATION (INCHES)
RECORD
 MAXIMUM        10.04   2013
 MINIMUM         1.16   2008
TOTALS           8.55              3.69    4.86    10.04
DAILY AVG.       0.28              0.12    0.16     0.32
DAYS >= .01        16               9.6     6.4       14
DAYS >= .10        10               6.0     4.0       11
DAYS >= .50         5               2.5     2.5        9
DAYS >= 1.00        3               1.2     1.8        3
GREATEST
 24 HR. TOTAL    2.16   08/30 TO 08/31              3.55

SNOWFALL (INCHES)
RECORDS
 TOTAL             MM   MM
TOTALS            0.0               0.0     0.0      0.0
SINCE 7/1         0.0               0.0     0.0      0.0
SNOWDEPTH AVG.      0                MM      MM        0
DAYS >= 1.0         0               0.0     0.0        0
GREATEST
 SNOW DEPTH         0   MM                             0
 24 HR TOTAL      0.0   MM                           0.0

DEGREE_DAYS
HEATING TOTAL       0                 2      -2        2
 SINCE 7/1          3                 2       1        2
COOLING TOTAL     274               298     -24      250
 SINCE 1/1       1001               978      23      895
.................................................................

WIND (MPH)
AVERAGE WIND SPEED              1.2
HIGHEST WIND SPEED/DIRECTION    16/310    DATE  08/22
HIGHEST GUST SPEED/DIRECTION    24/310    DATE  08/22

SKY COVER
POSSIBLE SUNSHINE (PERCENT)   MM
AVERAGE SKY COVER           0.40
NUMBER OF DAYS FAIR           10
NUMBER OF DAYS PC             18
NUMBER OF DAYS CLOUDY          3

AVERAGE RH (PERCENT)     77

WEATHER CONDITIONS. NUMBER OF DAYS WITH
THUNDERSTORM             12     MIXED PRECIP               0
HEAVY RAIN               11     RAIN                      10
LIGHT RAIN               16     FREEZING RAIN              0
LT FREEZING RAIN          0     HAIL                       0
HEAVY SNOW                0     SNOW                       0
LIGHT SNOW                0     SLEET                      0
FOG                      25     FOG W/VIS <= 1/4 MILE     15
HAZE                      6

-  INDICATES NEGATIVE NUMBERS.
R  INDICATES RECORD WAS SET OR TIED.
MM INDICATES DATA IS MISSING.
T  INDICATES TRACE AMOUNT.

&&

RECORDS...


NEW MINIMUM RECORDS...

57 ON THE 3RD
59 ON THE 4TH
55 ON THE 16TH

NEW MINIMUM HIGH RECORDS...

69 ON THE 8TH

PRECIPITATION RECORDS...

1.57 ON THE 9TH
1.30 ON THE 10TH
1.85 ON THE 31ST

$$

CARICO






U.S. Dept. of Commerce
NOAA National Weather Service
1325 East West Highway
Silver Spring, MD 20910
E-mail: w-nws.webmaster@noaa.gov
Page last modified: May 16, 2007
NATIONAL WEATHER SERVICE: for Safety, for Work, for Fun - FOR LIFE