775
CXUS53 KJKL 012006
CLMJKL

CLIMATE REPORT
NATIONAL WEATHER SERVICE JACKSON KY
406 PM EDT SAT NOV 1 2014

...................................

...THE JACKSON KY CLIMATE SUMMARY FOR THE MONTH OF OCTOBER 2014...

CLIMATE NORMAL PERIOD 1981 TO 2010
CLIMATE RECORD PERIOD 1981 TO 2014

WEATHER         OBSERVED          NORMAL  DEPART  LAST YEAR`S
                 VALUE   DATE(S)  VALUE   FROM    VALUE  DATE(S)
                                          NORMAL
................................................................
TEMPERATURE (F)
RECORD
 HIGH              89   10/08/2007
 LOW               26   10/22/1987
                        10/24/1981
HIGHEST            83   10/02        82       1       85  10/05
LOWEST             35   10/31        32       3       29  10/26
AVG. MAXIMUM     65.5              68.1    -2.6     67.3
AVG. MINIMUM     48.3              48.0     0.3     49.4
MEAN             56.9              58.1    -1.2     58.4
DAYS MAX >= 90      0               0.0     0.0        0
DAYS MAX <= 32      0               0.0     0.0        0
DAYS MIN <= 32      0               0.9    -0.9        2
DAYS MIN <= 0       0               0.0     0.0        0

PRECIPITATION (INCHES)
RECORD
 MAXIMUM         7.77   2014
 MINIMUM         0.51   1987
TOTALS           7.77              3.19    4.58     2.13
DAILY AVG.       0.25              0.10    0.15     0.07
DAYS >= .01        16               8.8     7.2       12
DAYS >= .10        11               5.7     5.3        7
DAYS >= .50         5               2.1     2.9        0
DAYS >= 1.00        2               0.8     1.2        0
GREATEST
 24 HR. TOTAL    2.10   10/06 TO 10/07              0.63

SNOWFALL (INCHES)
RECORDS
 TOTAL            2.3   1993
TOTALS              T               0.1    -0.1      0.1
SINCE 7/1           T               0.1    -0.1      0.1
SNOWDEPTH AVG.      0                MM      MM        0
DAYS >= 1.0         0               0.0     0.0        0
GREATEST
 SNOW DEPTH         0   MM                             0
 24 HR TOTAL        T   10/31 TO 10/31               0.1

DEGREE_DAYS
HEATING TOTAL     263               245      18      240
 SINCE 7/1        299               297       2      270
COOLING TOTAL      19                29     -10       43
 SINCE 1/1       1165              1150      15     1069
.................................................................

WIND (MPH)
AVERAGE WIND SPEED              2.8
HIGHEST WIND SPEED/DIRECTION    23/320    DATE  10/31
HIGHEST GUST SPEED/DIRECTION    32/320    DATE  10/31

SKY COVER
POSSIBLE SUNSHINE (PERCENT)   MM
AVERAGE SKY COVER           0.50
NUMBER OF DAYS FAIR           10
NUMBER OF DAYS PC             13
NUMBER OF DAYS CLOUDY          8

AVERAGE RH (PERCENT)     74

WEATHER CONDITIONS. NUMBER OF DAYS WITH
THUNDERSTORM              3     MIXED PRECIP               0
HEAVY RAIN                6     RAIN                      11
LIGHT RAIN               18     FREEZING RAIN              0
LT FREEZING RAIN          0     HAIL                       1
HEAVY SNOW                0     SNOW                       0
LIGHT SNOW                1     SLEET                      0
FOG                      19     FOG W/VIS <= 1/4 MILE      6
HAZE                      0

-  INDICATES NEGATIVE NUMBERS.
R  INDICATES RECORD WAS SET OR TIED.
MM INDICATES DATA IS MISSING.
T  INDICATES TRACE AMOUNT.

$$

CARICO






U.S. Dept. of Commerce
NOAA National Weather Service
1325 East West Highway
Silver Spring, MD 20910
E-mail: w-nws.webmaster@noaa.gov
Page last modified: May 16, 2007
NATIONAL WEATHER SERVICE: for Safety, for Work, for Fun - FOR LIFE