550
CXUS51 KOKX 011703
CLMJFK

NYCCLMJFK 000
TTAA00 KOKX 011636


CLIMATE REPORT
NATIONAL WEATHER SERVICE NEW YORK NY
1203 PM EST THU JAN 1 2015

...................................

...THE KENNEDY NY CLIMATE SUMMARY FOR THE MONTH OF DECEMBER 2014...

CLIMATE NORMAL PERIOD 1981 TO 2010
CLIMATE RECORD PERIOD 1949 TO 2014

WEATHER         OBSERVED          NORMAL  DEPART  LAST YEAR`S
                 VALUE   DATE(S)  VALUE   FROM    VALUE  DATE(S)
                                          NORMAL
................................................................
TEMPERATURE (F)
RECORD
 HIGH              75   12/07/1998
 LOW                2   12/25/1983
HIGHEST            62   12/01        MM      MM       64  12/22
LOWEST             26   12/08        MM      MM       20  12/25
AVG. MAXIMUM     46.7              44.0     2.7     44.5
AVG. MINIMUM     36.2              31.5     4.7     31.6
MEAN             41.4              37.7     3.7     38.1
DAYS MAX >= 90      0               0.0     0.0        0
DAYS MAX <= 32      0               3.0    -3.0        3
DAYS MIN <= 32      7              15.6    -8.6       19
DAYS MIN <= 0       0               0.0     0.0        0

PRECIPITATION (INCHES)
RECORD
 MAXIMUM         6.73   1986
 MINIMUM         0.61   1989
TOTALS           7.04R             3.39    3.65     4.50
DAILY AVG.       0.23              0.11    0.12     0.15
DAYS >= .01        15              10.6     4.4       11
DAYS >= .10         8               6.4     1.6        9
DAYS >= .50         4               2.5     1.5        4
DAYS >= 1.00        3               0.7     2.3        1
GREATEST
 24 HR. TOTAL    3.05   12/09 TO 12/10           12/14 TO 12/15

 STORM TOTAL       MM                                 MM
 (MM/DD(HH))            MM

SNOWFALL (INCHES)
RECORDS
 TOTAL           17.3   2003
 24 HR TOTAL       MM
TOTALS            0.3               4.7    -4.4      6.7
 LIQUID EQUIV    0.03              0.50   -0.47     0.67
SINCE 7/1         0.4               4.9    -4.5
 LIQUID 7/1      0.04              0.50             0.69
DAYS >= TRACE       4               2.8     1.2        8
DAYS >= 1.0         0               0.9    -0.9        2
GREATEST
 SNOW DEPTH         T   12/11                          1  12/11
 24 HR TOTAL      0.3   12/10 TO 12/10           12/15 TO 12/15

 STORM TOTAL       MM                                 MM
 (MM/DD(HH))            MM

DEGREE_DAYS
HEATING TOTAL     722               845    -123      828
 SINCE 7/1       1506              1669    -163     1642
COOLING TOTAL       0                 0       0        0
 SINCE 1/1       1050              1005      45     1111
......................................................

WIND (MPH)
AVERAGE WIND SPEED              11.9
HIGHEST WIND SPEED/DIRECTION    38/040    DATE  12/09
HIGHEST GUST SPEED/DIRECTION    47/040    DATE  12/09

SKY COVER
POSSIBLE SUNSHINE (PERCENT)   MM
AVERAGE SKY COVER           0.70
NUMBER OF DAYS FAIR            2
NUMBER OF DAYS PC             11
NUMBER OF DAYS CLOUDY         18

AVERAGE RH (PERCENT)     65

WEATHER CONDITIONS. NUMBER OF DAYS WITH
THUNDERSTORM              0     MIXED PRECIP               0
HEAVY RAIN                2     RAIN                      10
LIGHT RAIN               15     FREEZING RAIN              0
LT FREEZING RAIN          0     HAIL                       0
HEAVY SNOW                0     SNOW                       0
LIGHT SNOW                3     SLEET                      0
FOG                      12     FOG W/VIS <= 1/4 MILE      2
HAZE                      1

-  INDICATES NEGATIVE NUMBERS.
R  INDICATES RECORD WAS SET OR TIED.
MM INDICATES DATA IS MISSING.
T  INDICATES TRACE AMOUNT.

$$







U.S. Dept. of Commerce
NOAA National Weather Service
1325 East West Highway
Silver Spring, MD 20910
E-mail: w-nws.webmaster@noaa.gov
Page last modified: May 16, 2007
NATIONAL WEATHER SERVICE: for Safety, for Work, for Fun - FOR LIFE