525
CXUS51 KOKX 011558
CLMJFK

CLIMATE REPORT
NATIONAL WEATHER SERVICE NEW YORK NY
1158 AM EDT TUE APR 1 2014

...................................

...THE KENNEDY NY CLIMATE SUMMARY FOR THE MONTH OF MARCH 2014...

CLIMATE NORMAL PERIOD 1981 TO 2010
CLIMATE RECORD PERIOD 1949 TO 2014

WEATHER         OBSERVED          NORMAL  DEPART  LAST YEAR`S
                 VALUE   DATE(S)  VALUE   FROM    VALUE  DATE(S)
                                          NORMAL
................................................................
TEMPERATURE (F)
RECORD
 HIGH              85   03/13/1990
 LOW                7   03/19/1967
HIGHEST            65   03/22        MM      MM       58  03/30
                        03/11
LOWEST             13   03/04        MM      MM       26  03/18
AVG. MAXIMUM     45.8              49.0    -3.2     46.6
AVG. MINIMUM     28.9              34.2    -5.3     33.4
MEAN             37.4              41.6    -4.2     40.0
DAYS MAX >= 90      0               0.0     0.0        0
DAYS MAX <= 32      2               0.7     1.3        0
DAYS MIN <= 32     19              11.0     8.0       15
DAYS MIN <= 0       0               0.0     0.0        0

PRECIPITATION (INCHES)
RECORD
 MAXIMUM         8.62   2010
 MINIMUM         0.95   1981
TOTALS           4.26              3.78    0.48     2.32
DAILY AVG.       0.14              0.12    0.02     0.07
DAYS >= .01         7              11.0    -4.0        8
DAYS >= .10         5               7.0    -2.0        6
DAYS >= .50         3               2.6     0.4        1
DAYS >= 1.00        1               1.0     0.0        0
GREATEST
 24 HR. TOTAL    2.60   03/29 TO 03/29           03/12 TO 03/12

 STORM TOTAL       MM                                 MM
 (MM/DD(HH))            MM                    03/12(00) TO 03/12(00)


SNOWFALL (INCHES)
RECORDS
 TOTAL           15.5   1967
                        0
                        0
 24 HR TOTAL       MM
TOTALS            0.6               3.5    -2.9      4.4
 LIQUID EQUIV    0.06              0.30   -0.24     0.44
SINCE 7/1        45.5              23.0    22.5
 LIQUID 7/1      4.55              2.30             1.76
DAYS >= TRACE       7               2.3     4.7        9
DAYS >= 1.0         0               1.0    -1.0        2
GREATEST
 SNOW DEPTH         1   03/03                          1  03/09
                                                          03/08
 24 HR TOTAL      0.6   03/03 TO 03/03           03/08 TO 03/08


 STORM TOTAL       MM                                 MM
 (MM/DD(HH))            MM


DEGREE_DAYS
HEATING TOTAL     850               725     125      766
 SINCE 7/1       4557              4236     321     4096
COOLING TOTAL       0                 0       0        0
 SINCE 1/1          0                 0       0        0
.........................................................

WIND (MPH)
AVERAGE WIND SPEED              13.3
HIGHEST WIND SPEED/DIRECTION    40/310    DATE  03/13
HIGHEST GUST SPEED/DIRECTION    51/310    DATE  03/13

SKY COVER
POSSIBLE SUNSHINE (PERCENT)   MM
AVERAGE SKY COVER           0.70
NUMBER OF DAYS FAIR            2
NUMBER OF DAYS PC             17
NUMBER OF DAYS CLOUDY         12

AVERAGE RH (PERCENT)     53

WEATHER CONDITIONS. NUMBER OF DAYS WITH
THUNDERSTORM              0     MIXED PRECIP               0
HEAVY RAIN                3     RAIN                       6
LIGHT RAIN               11     FREEZING RAIN              0
LT FREEZING RAIN          0     HAIL                       0
HEAVY SNOW                0     SNOW                       1
LIGHT SNOW                7     SLEET                      0
FOG                       6     FOG W/VIS <= 1/4 MILE      1
HAZE                      1

-  INDICATES NEGATIVE NUMBERS.
R  INDICATES RECORD WAS SET OR TIED.
MM INDICATES DATA IS MISSING.
T  INDICATES TRACE AMOUNT.

$$







U.S. Dept. of Commerce
NOAA National Weather Service
1325 East West Highway
Silver Spring, MD 20910
E-mail: w-nws.webmaster@noaa.gov
Page last modified: May 16, 2007
NATIONAL WEATHER SERVICE: for Safety, for Work, for Fun - FOR LIFE