375
CXUS51 KOKX 011506
CLMJFK

CLIMATE REPORT
NATIONAL WEATHER SERVICE NEW YORK NY
1106 AM EDT FRI AUG 1 2014

...................................

...THE KENNEDY NY CLIMATE SUMMARY FOR THE MONTH OF JULY 2014...

CLIMATE NORMAL PERIOD 1981 TO 2010
CLIMATE RECORD PERIOD 1949 TO 2014

WEATHER         OBSERVED          NORMAL  DEPART  LAST YEAR`S
                 VALUE   DATE(S)  VALUE   FROM    VALUE  DATE(S)
                                          NORMAL
................................................................
TEMPERATURE (F)
RECORD
 HIGH             104   07/03/1966
 LOW               55   07/06/1979
HIGHEST            88   07/08        MM      MM      100  07/18
LOWEST             64   07/30        MM      MM       63  07/25
                        07/29
AVG. MAXIMUM     82.6              83.2    -0.6     86.5
AVG. MINIMUM     68.3              68.5    -0.2     72.4
MEAN             75.5              75.8    -0.3     79.5
DAYS MAX >= 90      0               3.9    -3.9        7
DAYS MAX <= 32      0               0.0     0.0        0
DAYS MIN <= 32      0               0.0     0.0        0
DAYS MIN <= 0       0               0.0     0.0        0

PRECIPITATION (INCHES)
RECORD
 MAXIMUM         8.81   1996
 MINIMUM         0.54   1970
TOTALS           4.83              4.08    0.75     2.26
DAILY AVG.       0.16              0.13    0.03     0.07
DAYS >= .01        13               9.4     3.6       10
DAYS >= .10         6               6.4    -0.4        4
DAYS >= .50         4               2.8     1.2        1
DAYS >= 1.00        2               1.2     0.8        0
GREATEST
 24 HR. TOTAL    2.52   07/14 TO 07/15           06/30 TO 07/01
                                                          07/31 TO 07/31
                                                          07/31 TO 07/31
 STORM TOTAL       MM                                 MM
 (MM/DD(HH))            MM                    07/01(00) TO 07/01(00)
                                                 07/31(00) TO 07/31(00)1
                                                 07/31(00) TO 07/31(00)1

SNOWFALL (INCHES)
RECORDS
 TOTAL             MM   0
 24 HR TOTAL       MM
TOTALS            0.0               0.0     0.0      0.0
 LIQUID EQUIV    0.00              0.00    0.00     0.00
SINCE 7/1         0.0               0.0     0.0
 LIQUID 7/1      0.00              0.00             0.00
DAYS >= TRACE       0               0.0     0.0        0
DAYS >= 1.0         0               0.0     0.0        0
GREATEST
 SNOW DEPTH         0   MM                             0  MM
 24 HR TOTAL      0.0   07/31 TO 07/31           07/31 TO 07/31
                                                          07/31 TO 07/31
                                                          07/31 TO 07/31
 STORM TOTAL       MM                                 MM
 (MM/DD(HH))            MM                    07/31(00) TO 07/31(00)
                                                 07/31(00) TO 07/31(00)1
                                                 07/31(00) TO 07/31(00)1

DEGREE_DAYS
HEATING TOTAL       0                 0       0        0
 SINCE 7/1          0                 0       0        0
COOLING TOTAL     333               337      -4      455
 SINCE 1/1        573               555      18      661
..................................................

WIND (MPH)
AVERAGE WIND SPEED              10.7
HIGHEST WIND SPEED/DIRECTION    32/MM     DATE   MM
HIGHEST GUST SPEED/DIRECTION    45/MM     DATE   MM

SKY COVER
POSSIBLE SUNSHINE (PERCENT)   MM
AVERAGE SKY COVER           0.60
NUMBER OF DAYS FAIR            2
NUMBER OF DAYS PC             20
NUMBER OF DAYS CLOUDY          9

AVERAGE RH (PERCENT)     66

WEATHER CONDITIONS. NUMBER OF DAYS WITH
THUNDERSTORM              0     MIXED PRECIP               0
HEAVY RAIN                4     RAIN                       5
LIGHT RAIN               15     FREEZING RAIN              0
LT FREEZING RAIN          0     HAIL                       0
HEAVY SNOW                0     SNOW                       0
LIGHT SNOW                0     SLEET                      0
FOG                       8     FOG W/VIS <= 1/4 MILE      0
HAZE                      3

-  INDICATES NEGATIVE NUMBERS.
R  INDICATES RECORD WAS SET OR TIED.
MM INDICATES DATA IS MISSING.
T  INDICATES TRACE AMOUNT.

$$







U.S. Dept. of Commerce
NOAA National Weather Service
1325 East West Highway
Silver Spring, MD 20910
E-mail: w-nws.webmaster@noaa.gov
Page last modified: May 16, 2007
NATIONAL WEATHER SERVICE: for Safety, for Work, for Fun - FOR LIFE