595
CXUS51 KOKX 011411
CLMJFK

CLIMATE REPORT
NATIONAL WEATHER SERVICE NEW YORK NY
911 AM EST MON DEC 1 2014

...................................

...THE KENNEDY NY CLIMATE SUMMARY FOR THE MONTH OF NOVEMBER 2014...

CLIMATE NORMAL PERIOD 1981 TO 2010
CLIMATE RECORD PERIOD 1949 TO 2014

WEATHER         OBSERVED          NORMAL  DEPART  LAST YEAR`S
                 VALUE   DATE(S)  VALUE   FROM    VALUE  DATE(S)
                                          NORMAL
................................................................
TEMPERATURE (F)
RECORD
 HIGH              77   11/15/1993
                        11/04/1975
 LOW               19   11/21/1987
                        11/30/1976
HIGHEST            67   11/04        MM      MM       69  11/01
LOWEST             23   11/19        MM      MM       23  11/25
AVG. MAXIMUM     51.8              54.3    -2.5     53.0
AVG. MINIMUM     38.3              40.7    -2.4     37.6
MEAN             45.0              47.5    -2.5     45.3
DAYS MAX >= 90      0               0.0     0.0        0
DAYS MAX <= 32      0               0.1    -0.1        1
DAYS MIN <= 32      9               3.1     5.9       10
DAYS MIN <= 0       0               0.0     0.0        0

PRECIPITATION (INCHES)
RECORD
 MAXIMUM         9.51   11/30/1972
 MINIMUM         0.32   11/30/1976
TOTALS           4.48              3.30    1.18     2.54
DAILY AVG.       0.15              0.11    0.04     0.08
DAYS >= .01         8               9.4    -1.4        9
DAYS >= .10         6               6.1    -0.1        4
DAYS >= .50         3               2.4     0.6        2
DAYS >= 1.00        3               0.8     2.2        1
GREATEST
 24 HR. TOTAL    1.37   11/17 TO 11/17           11/26 TO 11/27
                        11/16 TO 11/17                    11/27 TO 11/27
                        11/17 TO 11/17                    11/27 TO 11/27
 STORM TOTAL       MM                                 MM
 (MM/DD(HH))            MM                    11/27(00) TO 11/27(00)
                                                 11/27(00) TO 11/27(00)7
                                                 11/27(00) TO 11/27(00)7

SNOWFALL (INCHES)
RECORDS
 TOTAL             MM   5
 24 HR TOTAL       MM
TOTALS            0.1               0.2    -0.1      0.2
 LIQUID EQUIV    0.01              0.00    0.01     0.02
SINCE 7/1         0.1               0.2    -0.1
 LIQUID 7/1      0.01              0.00             0.02
DAYS >= TRACE       3               0.2     2.8        3
DAYS >= 1.0         0               0.1    -0.1        0
GREATEST
 SNOW DEPTH         0   MM                             0  MM
 24 HR TOTAL      0.1   MM                       11/27 TO 11/27
                                                          11/27 TO 11/27
                                                          11/27 TO 11/27
 STORM TOTAL       MM                                 MM
 (MM/DD(HH))            MM                    11/27(00) TO 11/27(00)
                                                 11/27(00) TO 11/27(00)7
                                                 11/27(00) TO 11/27(00)7

DEGREE_DAYS
HEATING TOTAL     590               525      65      583
 SINCE 7/1        784               824     -40      814
COOLING TOTAL       0                 0       0        0
 SINCE 1/1       1050              1005      45     1111
........................................................

WIND (MPH)
AVERAGE WIND SPEED              12.3
HIGHEST WIND SPEED/DIRECTION    44/350    DATE  11/02
HIGHEST GUST SPEED/DIRECTION    53/350    DATE  11/02

SKY COVER
POSSIBLE SUNSHINE (PERCENT)   MM
AVERAGE SKY COVER           0.70
NUMBER OF DAYS FAIR            5
NUMBER OF DAYS PC             13
NUMBER OF DAYS CLOUDY         12

AVERAGE RH (PERCENT)     59

WEATHER CONDITIONS. NUMBER OF DAYS WITH
THUNDERSTORM              0     MIXED PRECIP               0
HEAVY RAIN                2     RAIN                       5
LIGHT RAIN               12     FREEZING RAIN              0
LT FREEZING RAIN          0     HAIL                       0
HEAVY SNOW                0     SNOW                       2
LIGHT SNOW                0     SLEET                      1
FOG                       8     FOG W/VIS <= 1/4 MILE      2
HAZE                      1

-  INDICATES NEGATIVE NUMBERS.
R  INDICATES RECORD WAS SET OR TIED.
MM INDICATES DATA IS MISSING.
T  INDICATES TRACE AMOUNT.

$$








U.S. Dept. of Commerce
NOAA National Weather Service
1325 East West Highway
Silver Spring, MD 20910
E-mail: w-nws.webmaster@noaa.gov
Page last modified: May 16, 2007
NATIONAL WEATHER SERVICE: for Safety, for Work, for Fun - FOR LIFE