615
CXUS54 KMEG 011440
CLMJBR


CLIMATE REPORT
NATIONAL WEATHER SERVICE MEMPHIS TN
937 AM CDT TUE APR 1 2014

...................................

...THE JONESBORO CLIMATE SUMMARY FOR THE MONTH OF MARCH 2014...

CLIMATE NORMAL PERIOD 1981 TO 2010
CLIMATE RECORD PERIOD 1897 TO 2014

WEATHER         OBSERVED          NORMAL  DEPART  LAST YEAR`S
                 VALUE   DATE(S)  VALUE   FROM    VALUE  DATE(S)
                                          NORMAL
................................................................
TEMPERATURE (F)
RECORD
 HIGH              95   03/24/1929
 LOW                1   03/06/1899
HIGHEST            74   03/11        MM      MM       77  03/15
LOWEST             10   03/03        MM      MM       23  03/03
AVG. MAXIMUM     55.4              60.4    -5.0     54.3
AVG. MINIMUM     33.3              40.0    -6.7     35.5
MEAN             44.3              50.2    -5.9     44.9
DAYS MAX >= 90      0               0.0     0.0        0
DAYS MAX <= 32      2               0.0     2.0        0
DAYS MIN <= 32     13               6.3     6.7       12
DAYS MIN <= 0       0               0.0     0.0        0

PRECIPITATION (INCHES)
RECORD
 MAXIMUM        11.36   1922
 MINIMUM         0.32   1966
TOTALS           5.01              4.50    0.51     2.09
DAILY AVG.       0.16              0.15    0.01     0.07
DAYS >= .01         8                MM      MM       11
DAYS >= .10         6                MM      MM        6
DAYS >= .50         3                MM      MM        1
DAYS >= 1.00        2                MM      MM        0
GREATEST
 24 HR. TOTAL    1.57   03/02 TO 03/02

SNOWFALL (INCHES)
RECORDS
 TOTAL           21.0   1965
TOTALS            3.2               0.7     2.5      4.0
SINCE 7/1         5.2               4.8     0.4     11.0
SNOWDEPTH AVG.      0                MM      MM        0
DAYS >= 1.0         2                MM      MM        1
GREATEST
 SNOW DEPTH         3   03/04                          4  03/22
                        03/03
 24 HR TOTAL      2.2   MM

DEGREE_DAYS
HEATING TOTAL     631               464     167      615
 SINCE 7/1       3896              3420     476     3243
COOLING TOTAL       0                 6      -6        0
 SINCE 1/1          0                 6      -6        0
.................................................................

WIND (MPH)
AVERAGE WIND SPEED              8.9
HIGHEST WIND SPEED/DIRECTION    33/040    DATE  03/16
HIGHEST GUST SPEED/DIRECTION    45/040    DATE  03/16

SKY COVER
POSSIBLE SUNSHINE (PERCENT)   MM
AVERAGE SKY COVER           0.40
NUMBER OF DAYS FAIR           19
NUMBER OF DAYS PC              6
NUMBER OF DAYS CLOUDY          6

AVERAGE RH (PERCENT)     68

WEATHER CONDITIONS. NUMBER OF DAYS WITH
THUNDERSTORM              0     MIXED PRECIP               0
HEAVY RAIN                4     RAIN                       5
LIGHT RAIN               11     FREEZING RAIN              1
LT FREEZING RAIN          2     HAIL                       0
HEAVY SNOW                0     SNOW                       0
LIGHT SNOW                3     SLEET                      2
FOG                      17     FOG W/VIS <= 1/4 MILE      2
HAZE                      8

-  INDICATES NEGATIVE NUMBERS.
R  INDICATES RECORD WAS SET OR TIED.
MM INDICATES DATA IS MISSING.
T  INDICATES TRACE AMOUNT.

$$




U.S. Dept. of Commerce
NOAA National Weather Service
1325 East West Highway
Silver Spring, MD 20910
E-mail: w-nws.webmaster@noaa.gov
Page last modified: May 16, 2007
NATIONAL WEATHER SERVICE: for Safety, for Work, for Fun - FOR LIFE