502
CXUS54 KMEG 050123
CLMJBR


CLIMATE REPORT...RESENT
NATIONAL WEATHER SERVICE MEMPHIS TN
721 PM CST TUE NOV 4 2014

...................................

...THE JONESBORO CLIMATE SUMMARY FOR THE MONTH OF OCTOBER 2014...

CLIMATE NORMAL PERIOD 1981 TO 2010
CLIMATE RECORD PERIOD 1897 TO 2014

WEATHER         OBSERVED          NORMAL  DEPART  LAST YEAR`S
                 VALUE   DATE(S)  VALUE   FROM    VALUE  DATE(S)
                                          NORMAL
................................................................
TEMPERATURE (F)
RECORD
 HIGH              98   10/04/1897
 LOW               21   10/29/1910
HIGHEST            91   10/01        MM      MM       89  10/05
                                                          10/04
                                                          10/03
LOWEST             37   10/31        MM      MM       32  10/25
AVG. MAXIMUM     73.8              72.7     1.1     72.3
AVG. MINIMUM     52.2              49.8     2.4     51.0
MEAN             63.0              61.2     1.8     61.6
DAYS MAX >= 90      1               0.3     0.7        0
DAYS MAX <= 32      0               0.0     0.0        0
DAYS MIN <= 32      0               0.8    -0.8        1
DAYS MIN <= 0       0               0.0     0.0        0

PRECIPITATION (INCHES)
RECORD
 MAXIMUM        15.66   1984
 MINIMUM            T   2005
TOTALS           3.95              4.26   -0.31     4.86
DAILY AVG.       0.13              0.14   -0.01     0.16
DAYS >= .01        12                MM      MM        9
DAYS >= .10         7                MM      MM        7
DAYS >= .50         3                MM      MM        4
DAYS >= 1.00        1                MM      MM        3
GREATEST
 24 HR. TOTAL    1.11   10/07 TO 10/07

SNOWFALL (INCHES)
RECORDS
 TOTAL            0.2   1925
TOTALS            0.0               0.0     0.0      0.0
SINCE 7/1         0.0               0.0     0.0      0.0
SNOWDEPTH AVG.      0                MM      MM        0
DAYS >= 1.0         0                MM      MM        0
GREATEST
 SNOW DEPTH         0   MM                             0  MM
 24 HR TOTAL      0.0   10/31 TO 10/31

DEGREE_DAYS
HEATING TOTAL     132               169     -37      169
 SINCE 7/1        141               187     -46      169
COOLING TOTAL      78                53      25       71
 SINCE 1/1       1798              1824     -26     2039
.................................................................

WIND (MPH)
AVERAGE WIND SPEED              7.1
HIGHEST WIND SPEED/DIRECTION    31/220    DATE  10/27
HIGHEST GUST SPEED/DIRECTION    41/180    DATE  10/13

SKY COVER
POSSIBLE SUNSHINE (PERCENT)   MM
AVERAGE SKY COVER           0.30
NUMBER OF DAYS FAIR           21
NUMBER OF DAYS PC              4
NUMBER OF DAYS CLOUDY          6

AVERAGE RH (PERCENT)     72

WEATHER CONDITIONS. NUMBER OF DAYS WITH
THUNDERSTORM              0     MIXED PRECIP               0
HEAVY RAIN                5     RAIN                       4
LIGHT RAIN               10     FREEZING RAIN              0
LT FREEZING RAIN          0     HAIL                       0
HEAVY SNOW                0     SNOW                       0
LIGHT SNOW                0     SLEET                      0
FOG                       0     FOG W/VIS <= 1/4 MILE      0
HAZE                      0

-  INDICATES NEGATIVE NUMBERS.
R  INDICATES RECORD WAS SET OR TIED.
MM INDICATES DATA IS MISSING.
T  INDICATES TRACE AMOUNT.

$$





U.S. Dept. of Commerce
NOAA National Weather Service
1325 East West Highway
Silver Spring, MD 20910
E-mail: w-nws.webmaster@noaa.gov
Page last modified: May 16, 2007
NATIONAL WEATHER SERVICE: for Safety, for Work, for Fun - FOR LIFE