696
CXUS54 KMEG 040026
CLMJBR


CLIMATE REPORT
NATIONAL WEATHER SERVICE MEMPHIS TN
624 PM CST WED DEC 3 2014

...................................

...THE JONESBORO CLIMATE SUMMARY FOR THE MONTH OF NOVEMBER 2014...

CLIMATE NORMAL PERIOD 1981 TO 2010
CLIMATE RECORD PERIOD 1897 TO 2014

WEATHER         OBSERVED          NORMAL  DEPART  LAST YEAR`S
                 VALUE   DATE(S)  VALUE   FROM    VALUE  DATE(S)
                                          NORMAL
................................................................
TEMPERATURE (F)
RECORD
 HIGH              90   11/26/2003
 LOW                9   11/25/1950
HIGHEST            72   11/30        59    - 13       80  11/17
LOWEST             19   11/18        39      20       19  11/28
AVG. MAXIMUM     53.2              59.4    -6.2     56.4
AVG. MINIMUM     35.2              39.9    -4.7     35.2
MEAN             44.2              49.6    -5.4     45.8
DAYS MAX >= 90      0               0.0     0.0        0
DAYS MAX <= 32      0               0.0     0.0        1
DAYS MIN <= 32     14               6.1     7.9       11
DAYS MIN <= 0       0               0.0     0.0        0

PRECIPITATION (INCHES)
RECORD
 MAXIMUM        14.91   1957
 MINIMUM         0.37   1949
TOTALS           1.89              4.90   -3.01     2.39
DAILY AVG.       0.06              0.16   -0.10     0.08
DAYS >= .01         6                MM      MM        9
DAYS >= .10         3                MM      MM        5
DAYS >= .50         2                MM      MM        2
DAYS >= 1.00        0                MM      MM        0
GREATEST
 24 HR. TOTAL    0.78   11/23 TO 11/23

SNOWFALL (INCHES)
RECORDS
 TOTAL            4.0   1971
TOTALS            0.3               0.0     0.3        T
SINCE 7/1         0.3               0.0     0.3        T
SNOWDEPTH AVG.      0                MM      MM        0
DAYS >= 1.0         0                MM      MM        0
GREATEST
 SNOW DEPTH         T   11/17                          0  MM
 24 HR TOTAL      0.2   MM

DEGREE_DAYS
HEATING TOTAL     618               463     155      574
 SINCE 7/1        759               650     109      743
COOLING TOTAL       2                 3      -1        5
 SINCE 1/1       1800              1827     -27     2044
.................................................................

WIND (MPH)
AVERAGE WIND SPEED              8.1
HIGHEST WIND SPEED/DIRECTION    33/250    DATE  11/24
HIGHEST GUST SPEED/DIRECTION    44/240    DATE  11/24

SKY COVER
POSSIBLE SUNSHINE (PERCENT)   MM
AVERAGE SKY COVER           0.30
NUMBER OF DAYS FAIR           18
NUMBER OF DAYS PC              7
NUMBER OF DAYS CLOUDY          5

AVERAGE RH (PERCENT)     69

WEATHER CONDITIONS. NUMBER OF DAYS WITH
THUNDERSTORM              0     MIXED PRECIP               0
HEAVY RAIN                1     RAIN                       2
LIGHT RAIN                7     FREEZING RAIN              0
LT FREEZING RAIN          0     HAIL                       0
HEAVY SNOW                0     SNOW                       0
LIGHT SNOW                2     SLEET                      0
FOG                       0     FOG W/VIS <= 1/4 MILE      0
HAZE                      0

-  INDICATES NEGATIVE NUMBERS.
R  INDICATES RECORD WAS SET OR TIED.
MM INDICATES DATA IS MISSING.
T  INDICATES TRACE AMOUNT.

$$





U.S. Dept. of Commerce
NOAA National Weather Service
1325 East West Highway
Silver Spring, MD 20910
E-mail: w-nws.webmaster@noaa.gov
Page last modified: May 16, 2007
NATIONAL WEATHER SERVICE: for Safety, for Work, for Fun - FOR LIFE