724
CXUS54 KMEG 012104
CLMJBR

CLIMATE REPORT...CORRECTED
NATIONAL WEATHER SERVICE MEMPHIS TN
352 PM CDT FRI AUG 1 2014

...................................

...THE JONESBORO CLIMATE SUMMARY FOR THE MONTH OF JULY 2014...

CLIMATE NORMAL PERIOD 1981 TO 2010
CLIMATE RECORD PERIOD 1897 TO 2014

WEATHER         OBSERVED          NORMAL  DEPART  LAST YEAR`S
                 VALUE   DATE(S)  VALUE   FROM    VALUE  DATE(S)
                                          NORMAL
................................................................
TEMPERATURE (F)
RECORD
 HIGH             116   07/12/1901
 LOW               50   07/06/1915
                        07/25/1911
HIGHEST            93   07/13        91       2       98  07/10
                                                          07/09
LOWEST             57   07/17        71    - 14       58  07/03
AVG. MAXIMUM     84.4              90.8    -6.4     90.0
AVG. MINIMUM     66.3              70.9    -4.6     69.0
MEAN             75.3              80.8    -5.5     79.5
DAYS MAX >= 90      4              18.7   -14.7       19
DAYS MAX <= 32      0               0.0     0.0        0
DAYS MIN <= 32      0               0.0     0.0        0
DAYS MIN <= 0       0               0.0     0.0        0

PRECIPITATION (INCHES)
RECORD
 MAXIMUM         7.96   1922
 MINIMUM         0.08   1980
TOTALS           1.99              3.54   -1.55     3.39
DAILY AVG.       0.06              0.11   -0.05     0.11
DAYS >= .01        11                MM      MM        9
DAYS >= .10         5                MM      MM        5
DAYS >= .50         1                MM      MM        2
DAYS >= 1.00        0                MM      MM        1
GREATEST
 24 HR. TOTAL    0.83   07/23 TO 07/23
                        07/22 TO 07/23
                        07/23 TO 07/23

SNOWFALL (INCHES)
RECORDS
 TOTAL             MM   MM
TOTALS            0.0               0.0     0.0      0.0
SINCE 7/1         0.0               0.0     0.0      0.0
SNOWDEPTH AVG.      0                MM      MM        0
DAYS >= 1.0         0                MM      MM        0
GREATEST
 SNOW DEPTH         0   MM                             0  MM
 24 HR TOTAL      0.0   07/31 TO 07/31

DEGREE_DAYS
HEATING TOTAL       0                 0       0        0
 SINCE 7/1          0                 0       0        0
COOLING TOTAL     328               491    -163      455
 SINCE 1/1        968              1087    -119     1134
.................................................................

WIND (MPH)
AVERAGE WIND SPEED              5.3
HIGHEST WIND SPEED/DIRECTION    46/060    DATE  07/23
HIGHEST GUST SPEED/DIRECTION    64/210    DATE  07/06

SKY COVER
POSSIBLE SUNSHINE (PERCENT)   MM
AVERAGE SKY COVER           0.20
NUMBER OF DAYS FAIR           24
NUMBER OF DAYS PC              5
NUMBER OF DAYS CLOUDY          2

AVERAGE RH (PERCENT)     73

WEATHER CONDITIONS. NUMBER OF DAYS WITH
THUNDERSTORM              0     MIXED PRECIP               0
HEAVY RAIN                3     RAIN                       3
LIGHT RAIN               12     FREEZING RAIN              0
LT FREEZING RAIN          0     HAIL                       0
HEAVY SNOW                0     SNOW                       0
LIGHT SNOW                0     SLEET                      0
FOG                       9     FOG W/VIS <= 1/4 MILE      0
HAZE                      2

-  INDICATES NEGATIVE NUMBERS.
R  INDICATES RECORD WAS SET OR TIED.
MM INDICATES DATA IS MISSING.
T  INDICATES TRACE AMOUNT.

$$









U.S. Dept. of Commerce
NOAA National Weather Service
1325 East West Highway
Silver Spring, MD 20910
E-mail: w-nws.webmaster@noaa.gov
Page last modified: May 16, 2007
NATIONAL WEATHER SERVICE: for Safety, for Work, for Fun - FOR LIFE