494
CXUS52 KJAX 011241
CLMJAX

MIACLMJAX 000
TTAA00 KJAX 011235


CLIMATE REPORT
NATIONAL WEATHER SERVICE JACKSONVILLE FL
735 AM EST THU JAN 1 2015

...................................

...THE JACKSONVILLE CLIMATE SUMMARY FOR THE YEAR OF 2014...

CLIMATE NORMAL PERIOD 1981 TO 2010
CLIMATE RECORD PERIOD 1871 TO 2014

WEATHER         OBSERVED          NORMAL  DEPART  LAST YEAR`S
                 VALUE   DATE(S)  VALUE   FROM    VALUE  DATE(S)
                                          NORMAL
................................................................
TEMPERATURE (F)
RECORD
 HIGH             104   07/11/1879
                        07/28/1872
 LOW                7   01/21/1985
HIGHEST            99   08/22        78      21       96  06/13
                                                          06/12
LOWEST             22   01/07        58     -36       24  02/18
AVG. MAXIMUM     78.4              79.3    -0.9     79.1
AVG. MINIMUM     57.2              57.8    -0.6     58.6
MEAN             67.8              68.6    -0.8     68.9
DAYS MAX >= 90     78              73.2     4.8       55
DAYS MAX <= 32      0               0.1    -0.1        0
DAYS MIN <= 32     13              15.6    -2.6        8
DAYS MIN <= 0       0               0.0     0.0        0

PRECIPITATION (INCHES)
RECORD
 MAXIMUM        82.27   1947
 MINIMUM        30.44   1927
TOTALS          55.46             52.39    3.07    45.22
DAILY AVG.       0.15              0.14    0.01     0.12
DAYS >= .01       107             113.5    -6.5      119
DAYS >= .10        76              74.7     1.3       84
DAYS >= .50        43              32.3    10.7       27
DAYS >= 1.00       18              15.6     2.4       12
GREATEST
 24 HR. TOTAL    3.30   MM                       12/31 TO 12/31
                                                          12/31 TO 12/31
                                                          12/31 TO 12/31
 STORM TOTAL       MM                                 MM
 (MM/DD(HH))            MM                    12/31(00) TO 12/31(00)
                                                 12/31(00) TO 12/31(00)1
                                                 12/31(00) TO 12/31(00)1

SNOWFALL (INCHES)
RECORDS
 TOTAL            1.9   1899
 24 HR TOTAL      1.9   02/13/1899 TO 02/13/1899
 SNOW DEPTH         1   02/13/1899
                        12/23/1989
TOTALS            0.0                 T     0.0      0.0
 LIQUID EQUIV    0.00              0.00    0.00     0.00
SINCE 7/1         0.0                 T     0.0      0.0
 LIQUID 7/1      0.00              0.00    0.00     0.00
SNOWDEPTH AVG.      0                MM      MM        0
DAYS >= TRACE       0               0.0     0.0        0
DAYS >= 1.0         0               0.0     0.0        0
GREATEST
 SNOW DEPTH         0   MM                             0  MM
 24 HR TOTAL      0.0   MM                       12/31 TO 12/31
                                                          12/31 TO 12/31
                                                          12/31 TO 12/31
 STORM TOTAL       MM                                 MM
 (MM/DD(HH))            MM                    12/31(00) TO 12/31(00)
                                                 12/31(00) TO 12/31(00)1
                                                 12/31(00) TO 12/31(00)1

DEGREE_DAYS
HEATING TOTAL    1463              1350     113     1125
 SINCE 7/1        512               496      16      358
COOLING TOTAL    2603              2664     -61     2649
 SINCE 1/1       2603              2665     -62     2649

FREEZE DATES
RECORD
 EARLIEST     11/03/1954
 LATEST       04/08/2007
EARLIEST                        12/06
LATEST                          02/26
..................................................

WIND (MPH)
AVERAGE WIND SPEED              6.2
RESULTANT WIND SPEED/DIRECTION   1/317
HIGHEST WIND SPEED/DIRECTION    48/130    DATE  05/11
HIGHEST GUST SPEED/DIRECTION    60/130    DATE  05/11

AVERAGE RH (PERCENT)     75


-  INDICATES NEGATIVE NUMBERS.
R  INDICATES RECORD WAS SET OR TIED.
MM INDICATES DATA IS MISSING.
T  INDICATES TRACE AMOUNT.

$$







U.S. Dept. of Commerce
NOAA National Weather Service
1325 East West Highway
Silver Spring, MD 20910
E-mail: w-nws.webmaster@noaa.gov
Page last modified: May 16, 2007
NATIONAL WEATHER SERVICE: for Safety, for Work, for Fun - FOR LIFE