139
CXUS52 KJAX 011308
CLMJAX

CLIMATE REPORT
NATIONAL WEATHER SERVICE JACKSONVILLE
859 AM EDT TUE APR 1 2014

...................................

...THE JACKSONVILLE CLIMATE SUMMARY FOR THE MONTH OF MARCH 2014...

CLIMATE NORMAL PERIOD 1981 TO 2010
CLIMATE RECORD PERIOD 1871 TO 2014

WEATHER         OBSERVED          NORMAL  DEPART  LAST YEAR`S
                 VALUE   DATE(S)  VALUE   FROM    VALUE  DATE(S)
                                          NORMAL
................................................................
TEMPERATURE (F)
RECORD
 HIGH              91   03/10/1974
                        03/12/1967
                        03/23/1935
 LOW               23   03/03/1980
HIGHEST            84   03/16        73      11       85  03/24
LOWEST             35   03/14        50     -15       29  03/04
AVG. MAXIMUM     70.7              73.7    -3.0     69.0
AVG. MINIMUM     47.6              49.7    -2.1     41.8
MEAN             59.2              61.7    -2.5     55.4
DAYS MAX >= 90      0               0.0     0.0        0
DAYS MAX <= 32      0               0.0     0.0        0
DAYS MIN <= 32      0               0.8    -0.8        2
DAYS MIN <= 0       0               0.0     0.0        0

PRECIPITATION (INCHES)
RECORD
 MAXIMUM        12.52   1948
 MINIMUM         0.12   1945
TOTALS           4.65              3.95    0.70     3.07
DAILY AVG.       0.15              0.13    0.02     0.10
DAYS >= .01         9               8.2     0.8        6
DAYS >= .10         7               5.9     1.1        3
DAYS >= .50         4               2.5     1.5        1
DAYS >= 1.00        1               1.2    -0.2        1
GREATEST
 24 HR. TOTAL    1.88

SNOWFALL (INCHES)
RECORDS
 TOTAL            0.5   1986
TOTALS            0.0                 T     0.0      0.0
SINCE 7/1         0.0                 T     0.0      0.0
SNOWDEPTH AVG.      0                MM      MM        0
DAYS >= 1.0         0               0.0     0.0        0
GREATEST
 SNOW DEPTH         0   MM                             0  MM
 24 HR TOTAL      0.0

DEGREE_DAYS
HEATING TOTAL     199               156      43      304
 SINCE 7/1       1276              1289     -13     1197
COOLING TOTAL      28                54     -26       16
 SINCE 1/1         58                83     -25       92
.................................................................

WIND (MPH)
AVERAGE WIND SPEED              7.5
HIGHEST WIND SPEED/DIRECTION    30/310    DATE  03/12
HIGHEST GUST SPEED/DIRECTION    40/320    DATE  03/12

SKY COVER
POSSIBLE SUNSHINE (PERCENT)   MM
AVERAGE SKY COVER           0.60
NUMBER OF DAYS FAIR            7
NUMBER OF DAYS PC             14
NUMBER OF DAYS CLOUDY         10

AVERAGE RH (PERCENT)     73

WEATHER CONDITIONS. NUMBER OF DAYS WITH
THUNDERSTORM              0     MIXED PRECIP               0
HEAVY RAIN                5     RAIN                       6
LIGHT RAIN               12     FREEZING RAIN              0
LT FREEZING RAIN          0     HAIL                       0
HEAVY SNOW                0     SNOW                       0
LIGHT SNOW                0     SLEET                      0
FOG                      18     FOG W/VIS <= 1/4 MILE      2
HAZE                      0

-  INDICATES NEGATIVE NUMBERS.
R  INDICATES RECORD WAS SET OR TIED.
MM INDICATES DATA IS MISSING.
T  INDICATES TRACE AMOUNT.

$$










U.S. Dept. of Commerce
NOAA National Weather Service
1325 East West Highway
Silver Spring, MD 20910
E-mail: w-nws.webmaster@noaa.gov
Page last modified: May 16, 2007
NATIONAL WEATHER SERVICE: for Safety, for Work, for Fun - FOR LIFE