774
CXUS52 KJAX 021659
CLMJAX

CLIMATE REPORT
NATIONAL WEATHER SERVICE JACKSONVILLE FL
1258 PM EDT WED JUL 2 2014

...................................

...THE JACKSONVILLE CLIMATE SUMMARY FOR THE MONTH OF JUNE 2014...

CLIMATE NORMAL PERIOD 1981 TO 2010
CLIMATE RECORD PERIOD 1871 TO 2014

WEATHER         OBSERVED          NORMAL  DEPART  LAST YEAR`S
                 VALUE   DATE(S)  VALUE   FROM    VALUE  DATE(S)
                                          NORMAL
................................................................
TEMPERATURE (F)
RECORD
 HIGH             103   06/19/1998
 LOW               47   06/01/1984
HIGHEST            95   06/28        89       6       96  06/13
                        06/21                             06/12
LOWEST             62   06/04        69      -7       68  06/16
                                                          06/01
AVG. MAXIMUM     89.6              89.9    -0.3     89.0
AVG. MINIMUM     69.6              70.0    -0.4     71.8
MEAN             79.6              79.9    -0.3     80.4
DAYS MAX >= 90     17              15.2     1.8       14
DAYS MAX <= 32      0               0.0     0.0        0
DAYS MIN <= 32      0               0.0     0.0        0
DAYS MIN <= 0       0               0.0     0.0        0

PRECIPITATION (INCHES)
RECORD
 MAXIMUM        23.32   1932
 MINIMUM         1.25   1879
TOTALS           4.48              6.45   -1.97     4.52
DAILY AVG.       0.15              0.21   -0.06     0.15
DAYS >= .01        12              13.9    -1.9       15
DAYS >= .10         9               9.3    -0.3        8
DAYS >= .50         3               4.2    -1.2        3
DAYS >= 1.00        2               1.8     0.2        1
GREATEST
 24 HR. TOTAL    1.72

SNOWFALL (INCHES)
RECORDS
 TOTAL             MM   MM
TOTALS            0.0               0.0     0.0      0.0
SINCE 7/1         0.0                 T     0.0      0.0
SNOWDEPTH AVG.      0                MM      MM        0
DAYS >= 1.0         0               0.0     0.0        0
GREATEST
 SNOW DEPTH         0   MM                             0  MM
 24 HR TOTAL      0.0

DEGREE_DAYS
HEATING TOTAL       0                 0       0        0
 SINCE 7/1       1309              1349     -40     1243
COOLING TOTAL     445               449      -4      473
 SINCE 1/1        929               933      -4      909
.................................................................

WIND (MPH)
AVERAGE WIND SPEED              6.0
HIGHEST WIND SPEED/DIRECTION    26/080    DATE  06/01
HIGHEST GUST SPEED/DIRECTION    33/070    DATE  06/01

SKY COVER
POSSIBLE SUNSHINE (PERCENT)   MM
AVERAGE SKY COVER           0.60
NUMBER OF DAYS FAIR            3
NUMBER OF DAYS PC             18
NUMBER OF DAYS CLOUDY          9

AVERAGE RH (PERCENT)     75

WEATHER CONDITIONS. NUMBER OF DAYS WITH
THUNDERSTORM              0     MIXED PRECIP               0
HEAVY RAIN                6     RAIN                       6
LIGHT RAIN               11     FREEZING RAIN              0
LT FREEZING RAIN          0     HAIL                       0
HEAVY SNOW                0     SNOW                       0
LIGHT SNOW                0     SLEET                      0
FOG                      15     FOG W/VIS <= 1/4 MILE      1
HAZE                      3

-  INDICATES NEGATIVE NUMBERS.
R  INDICATES RECORD WAS SET OR TIED.
MM INDICATES DATA IS MISSING.
T  INDICATES TRACE AMOUNT.

$$







U.S. Dept. of Commerce
NOAA National Weather Service
1325 East West Highway
Silver Spring, MD 20910
E-mail: w-nws.webmaster@noaa.gov
Page last modified: May 16, 2007
NATIONAL WEATHER SERVICE: for Safety, for Work, for Fun - FOR LIFE