277
CXUS52 KJAX 011153
CLMJAX

CLIMATE REPORT
NATIONAL WEATHER SERVICE JACKSONVILLE FL
647 AM EST MON DEC 1 2014

...................................

...THE JACKSONVILLE CLIMATE SUMMARY FOR THE MONTH OF NOVEMBER 2014...

CLIMATE NORMAL PERIOD 1981 TO 2010
CLIMATE RECORD PERIOD 1871 TO 2014

WEATHER         OBSERVED          NORMAL  DEPART  LAST YEAR`S
                 VALUE   DATE(S)  VALUE   FROM    VALUE  DATE(S)
                                          NORMAL
................................................................
TEMPERATURE (F)
RECORD
 HIGH              88   11/09/1986
 LOW               21   11/25/1970
HIGHEST            86   11/24        73      13       82  11/23
                                                          11/07
                                                          11/01
LOWEST             24   11/20        51     -27       30  11/28
AVG. MAXIMUM     68.9              73.5    -4.6     71.7
AVG. MINIMUM     45.2              50.9    -5.7     52.9
MEAN             57.1              62.2    -5.1     62.3
DAYS MAX >= 90      0               0.0     0.0        0
DAYS MAX <= 32      0               0.0     0.0        0
DAYS MIN <= 32      2               0.7     1.3        1
DAYS MIN <= 0       0               0.0     0.0        0

PRECIPITATION (INCHES)
RECORD
 MAXIMUM         7.12   1947
 MINIMUM            T   1970
TOTALS           3.96              2.11    1.85     2.84
DAILY AVG.       0.13              0.07    0.06     0.09
DAYS >= .01         4               6.8    -2.8       10
DAYS >= .10         4               3.8     0.2        6
DAYS >= .50         3               1.2     1.8        1
DAYS >= 1.00        2               0.7     1.3        1
GREATEST
 24 HR. TOTAL    1.90

SNOWFALL (INCHES)
RECORDS
 TOTAL              T   1911
TOTALS            0.0               0.0     0.0      0.0
SINCE 7/1         0.0               0.0     0.0      0.0
SNOWDEPTH AVG.      0                MM      MM        0
DAYS >= 1.0         0               0.0     0.0        0
GREATEST
 SNOW DEPTH         0   MM                             0  MM
 24 HR TOTAL      0.0

DEGREE_DAYS
HEATING TOTAL     263               145     118      135
 SINCE 7/1        284               173     111      156
COOLING TOTAL      31                61     -30       61
 SINCE 1/1       2579              2644     -65     2599
.................................................................

WIND (MPH)
AVERAGE WIND SPEED              6.5
HIGHEST WIND SPEED/DIRECTION    35/270    DATE  11/17
HIGHEST GUST SPEED/DIRECTION    45/280    DATE  11/17

SKY COVER
POSSIBLE SUNSHINE (PERCENT)   MM
AVERAGE SKY COVER           0.50
NUMBER OF DAYS FAIR           11
NUMBER OF DAYS PC             10
NUMBER OF DAYS CLOUDY          9

AVERAGE RH (PERCENT)     74

WEATHER CONDITIONS. NUMBER OF DAYS WITH
THUNDERSTORM              0     MIXED PRECIP               0
HEAVY RAIN                4     RAIN                       4
LIGHT RAIN                7     FREEZING RAIN              0
LT FREEZING RAIN          0     HAIL                       0
HEAVY SNOW                0     SNOW                       0
LIGHT SNOW                0     SLEET                      0
FOG                      12     FOG W/VIS <= 1/4 MILE      1
HAZE                      0

-  INDICATES NEGATIVE NUMBERS.
R  INDICATES RECORD WAS SET OR TIED.
MM INDICATES DATA IS MISSING.
T  INDICATES TRACE AMOUNT.

$$







U.S. Dept. of Commerce
NOAA National Weather Service
1325 East West Highway
Silver Spring, MD 20910
E-mail: w-nws.webmaster@noaa.gov
Page last modified: May 16, 2007
NATIONAL WEATHER SERVICE: for Safety, for Work, for Fun - FOR LIFE