629
CXUS54 KJAN 011606
CLMJAN


CLIMATE REPORT
NATIONAL WEATHER SERVICE JACKSON MS
1104 AM CDT TUE JUL 1 2014

...................................

...THE JACKSON CLIMATE SUMMARY FOR THE MONTH OF JUNE 2014...

CLIMATE NORMAL PERIOD 1981 TO 2010
CLIMATE RECORD PERIOD 1896 TO 2014

WEATHER         OBSERVED          NORMAL  DEPART  LAST YEAR`S
                 VALUE   DATE(S)  VALUE   FROM    VALUE  DATE(S)
                                          NORMAL
................................................................
TEMPERATURE (F)
RECORD
 HIGH             105   06/29/1988
                        06/20/1936
 LOW               48   06/03/1956
HIGHEST            93   06/20        96      -3       94  06/27
                        06/07
LOWEST             64   06/12        56       8       63  06/08
AVG. MAXIMUM     88.6              89.5    -0.9     89.5
AVG. MINIMUM     70.4              68.6     1.8     69.7
MEAN             79.5              79.0     0.5     79.6
DAYS MAX >= 90     16              15.1     0.9       18
DAYS MAX <= 32      0               0.0     0.0        0
DAYS MIN <= 32      0               0.0     0.0        0
DAYS MIN <= 0       0               0.0     0.0        0

PRECIPITATION (INCHES)
RECORD
 MAXIMUM         9.69   1909
 MINIMUM            T   1930
TOTALS           6.43              4.12    2.31     4.98
DAILY AVG.       0.21              0.14    0.07     0.17
DAYS >= .01        12               9.4     2.6       12
DAYS >= .10        10               6.3     3.7        9
DAYS >= .50         4               2.7     1.3        4
DAYS >= 1.00        2               1.2     0.8        1
GREATEST
 24 HR. TOTAL    2.05   06/10 TO 06/10              1.68
                        06/09 TO 06/10
                        06/10 TO 06/10

SNOWFALL (INCHES)
RECORDS
 TOTAL            0.0   MM
TOTALS            0.0               0.0     0.0      0.0
SINCE 7/1         0.8               0.8     0.0      1.7
DAYS >= TRACE       0
DAYS >= 1.0         0               0.0     0.0        0
GREATEST
 24 HR TOTAL      0.0   06/30 TO 06/30

DEGREE_DAYS
HEATING TOTAL       0                 0       0        0
 SINCE 7/1       2744              2391     353     2309
COOLING TOTAL     443               422      21      447
 SINCE 1/1        774               780      -6      765
.................................................................

WIND (MPH)
AVERAGE WIND SPEED              5.2
HIGHEST WIND SPEED/DIRECTION    29/170    DATE  06/26
HIGHEST GUST SPEED/DIRECTION    38/170    DATE  06/26

SKY COVER
POSSIBLE SUNSHINE (PERCENT)   MM
AVERAGE SKY COVER           0.40
NUMBER OF DAYS FAIR           10
NUMBER OF DAYS PC             18
NUMBER OF DAYS CLOUDY          2

AVERAGE RH (PERCENT)     76

WEATHER CONDITIONS. NUMBER OF DAYS WITH
THUNDERSTORM             14     MIXED PRECIP               0
HEAVY RAIN                9     RAIN                       5
LIGHT RAIN               13     FREEZING RAIN              0
LT FREEZING RAIN          0     HAIL                       0
HEAVY SNOW                0     SNOW                       0
LIGHT SNOW                0     SLEET                      0
FOG                      17     FOG W/VIS <= 1/4 MILE      2
HAZE                      2

-  INDICATES NEGATIVE NUMBERS.
R  INDICATES RECORD WAS SET OR TIED.
MM INDICATES DATA IS MISSING.
T  INDICATES TRACE AMOUNT.

$$





U.S. Dept. of Commerce
NOAA National Weather Service
1325 East West Highway
Silver Spring, MD 20910
E-mail: w-nws.webmaster@noaa.gov
Page last modified: May 16, 2007
NATIONAL WEATHER SERVICE: for Safety, for Work, for Fun - FOR LIFE