710
CXUS54 KJAN 012249
CLMJAN


CLIMATE REPORT
NATIONAL WEATHER SERVICE JACKSON MS
448 PM CST MON DEC 1 2014

...................................

...THE JACKSON CLIMATE SUMMARY FOR THE MONTH OF NOVEMBER 2014...

CLIMATE NORMAL PERIOD 1981 TO 2010
CLIMATE RECORD PERIOD 1896 TO 2014

WEATHER         OBSERVED          NORMAL  DEPART  LAST YEAR`S
                 VALUE   DATE(S)  VALUE   FROM    VALUE  DATE(S)
                                          NORMAL
................................................................
TEMPERATURE (F)
RECORD
 HIGH              89   11/04/1922
 LOW               15   11/27/1903
HIGHEST            81   11/11        83      -2       79  11/17
LOWEST             24   11/19        27      -3       23  11/28
                        11/15
AVG. MAXIMUM     63.1              67.4    -4.3     63.7
AVG. MINIMUM     37.6              44.0    -6.4     41.4
MEAN             50.3              55.7    -5.4     52.6
DAYS MAX >= 90      0               0.0     0.0        0
DAYS MAX <= 32      0               0.0     0.0        0
DAYS MIN <= 32     11               4.1     6.9        7
DAYS MIN <= 0       0               0.0     0.0        0

PRECIPITATION (INCHES)
RECORD
 MAXIMUM        15.76   1948
 MINIMUM            T   1924
TOTALS           3.88              4.76   -0.88     6.63
DAILY AVG.       0.13              0.16   -0.03     0.22
DAYS >= .01         5               8.6    -3.6        7
DAYS >= .10         4               5.9    -1.9        5
DAYS >= .50         1               3.3    -2.3        3
DAYS >= 1.00        1               1.6    -0.6        2
GREATEST
 24 HR. TOTAL    3.41   11/16 TO 11/17              4.77

SNOWFALL (INCHES)
RECORDS
 TOTAL            0.2   1976
                        1938
TOTALS            0.0               0.0     0.0      0.0
SINCE 7/1         0.0               0.0     0.0      0.0
DAYS >= TRACE       0
DAYS >= 1.0         0               0.0     0.0        0
GREATEST
 24 HR TOTAL      0.0   11/30 TO 11/30

DEGREE_DAYS
HEATING TOTAL     437               301     136      380
 SINCE 7/1        500               408      92      462
COOLING TOTAL       5                22     -17       15
 SINCE 1/1       2283              2253      30     2347
.................................................................

WIND (MPH)
AVERAGE WIND SPEED              7.6
HIGHEST WIND SPEED/DIRECTION    25/230    DATE  11/26
HIGHEST GUST SPEED/DIRECTION    37/200    DATE  11/23

SKY COVER
POSSIBLE SUNSHINE (PERCENT)   MM
AVERAGE SKY COVER           0.30
NUMBER OF DAYS FAIR           17
NUMBER OF DAYS PC             10
NUMBER OF DAYS CLOUDY          3

AVERAGE RH (PERCENT)     64

WEATHER CONDITIONS. NUMBER OF DAYS WITH
THUNDERSTORM              0     MIXED PRECIP               0
HEAVY RAIN                3     RAIN                       5
LIGHT RAIN                6     FREEZING RAIN              0
LT FREEZING RAIN          0     HAIL                       0
HEAVY SNOW                0     SNOW                       0
LIGHT SNOW                0     SLEET                      0
FOG                      10     FOG W/VIS <= 1/4 MILE      0
HAZE                      1

-  INDICATES NEGATIVE NUMBERS.
R  INDICATES RECORD WAS SET OR TIED.
MM INDICATES DATA IS MISSING.
T  INDICATES TRACE AMOUNT.

$$




U.S. Dept. of Commerce
NOAA National Weather Service
1325 East West Highway
Silver Spring, MD 20910
E-mail: w-nws.webmaster@noaa.gov
Page last modified: May 16, 2007
NATIONAL WEATHER SERVICE: for Safety, for Work, for Fun - FOR LIFE