962
CXUS54 KJAN 012125
CLMJAN


CLIMATE REPORT
NATIONAL WEATHER SERVICE JACKSON MS
421 PM CDT TUE APR 1 2014

...................................

...THE JACKSON CLIMATE SUMMARY FOR THE MONTH OF MARCH 2014...

CLIMATE NORMAL PERIOD 1981 TO 2010
CLIMATE RECORD PERIOD 1896 TO 2014

WEATHER         OBSERVED          NORMAL  DEPART  LAST YEAR`S
                 VALUE   DATE(S)  VALUE   FROM    VALUE  DATE(S)
                                          NORMAL
................................................................
TEMPERATURE (F)
RECORD
 HIGH              95   03/24/1929
 LOW               15   03/03/1980
HIGHEST            81   03/31        84      -3       84  03/18
LOWEST             26   03/03        27      -1       22  03/03
AVG. MAXIMUM     66.6              68.5    -1.9     65.0
AVG. MINIMUM     40.9              45.3    -4.4     39.5
MEAN             53.8              56.9    -3.1     52.2
DAYS MAX >= 90      0               0.0     0.0        0
DAYS MAX <= 32      0               0.0     0.0        0
DAYS MIN <= 32      5               2.8     2.2        6
DAYS MIN <= 0       0               0.0     0.0        0

PRECIPITATION (INCHES)
RECORD
 MAXIMUM        15.13   1976
 MINIMUM         0.90   2007
TOTALS           5.65              5.04    0.61     5.59
DAILY AVG.       0.18              0.16    0.02     0.18
DAYS >= .01        10               9.4     0.6        8
DAYS >= .10         8               6.7     1.3        6
DAYS >= .50         4               3.5     0.5        4
DAYS >= 1.00        2               1.7     0.3        2
GREATEST
 24 HR. TOTAL    2.08   03/28 TO 03/28              2.06

SNOWFALL (INCHES)
RECORDS
 TOTAL            5.3   1968
TOTALS              T               0.1    -0.1        T
SINCE 7/1         0.8               0.8     0.0      1.7
DAYS >= TRACE       1
DAYS >= 1.0         0               0.0     0.0        0
GREATEST
 24 HR TOTAL        T   03/03 TO 03/03

DEGREE_DAYS
HEATING TOTAL     343               278      65      392
 SINCE 7/1       2609              2270     339     2143
COOLING TOTAL       4                27     -23        3
 SINCE 1/1         10                37     -27       17
.................................................................

WIND (MPH)
AVERAGE WIND SPEED              6.9
HIGHEST WIND SPEED/DIRECTION    58/220    DATE  03/17
HIGHEST GUST SPEED/DIRECTION    78/210    DATE  03/17

SKY COVER
POSSIBLE SUNSHINE (PERCENT)   MM
AVERAGE SKY COVER           0.50
NUMBER OF DAYS FAIR            7
NUMBER OF DAYS PC             16
NUMBER OF DAYS CLOUDY          8

AVERAGE RH (PERCENT)     68

WEATHER CONDITIONS. NUMBER OF DAYS WITH
THUNDERSTORM              7     MIXED PRECIP               0
HEAVY RAIN                6     RAIN                       7
LIGHT RAIN               12     FREEZING RAIN              0
LT FREEZING RAIN          0     HAIL                       0
HEAVY SNOW                0     SNOW                       0
LIGHT SNOW                1     SLEET                      0
FOG                      15     FOG W/VIS <= 1/4 MILE      2
HAZE                      5

-  INDICATES NEGATIVE NUMBERS.
R  INDICATES RECORD WAS SET OR TIED.
MM INDICATES DATA IS MISSING.
T  INDICATES TRACE AMOUNT.

$$





U.S. Dept. of Commerce
NOAA National Weather Service
1325 East West Highway
Silver Spring, MD 20910
E-mail: w-nws.webmaster@noaa.gov
Page last modified: May 16, 2007
NATIONAL WEATHER SERVICE: for Safety, for Work, for Fun - FOR LIFE