587
CXUS53 KGLD 011910
CLMITR

CLIMATE REPORT
NATIONAL WEATHER SERVICE GOODLAND
110 PM MDT WED OCT 1 2014

...................................

...THE BURLINGTON CLIMATE SUMMARY FOR THE MONTH OF SEPTEMBER 2014...

CLIMATE NORMAL PERIOD 1981 TO 2010
CLIMATE RECORD PERIOD 1896 TO 2014

WEATHER         OBSERVED          NORMAL  DEPART  LAST YEAR`S
                 VALUE   DATE(S)  VALUE   FROM    VALUE  DATE(S)
                                          NORMAL
................................................................
TEMPERATURE (F)
RECORD
 HIGH             102   09/02/1960
 LOW               20   09/30/1985
HIGHEST           100   09/03        95       5       99  09/06
                                                          09/05
LOWEST             34   09/12        35      -1       36  09/28
AVG. MAXIMUM     79.9              78.3     1.6     81.3
AVG. MINIMUM     50.5              48.2     2.3     54.1
MEAN             65.2              63.3     1.9     67.7
DAYS MAX >= 90      5               3.8     1.2        7
DAYS MAX <= 32      0               0.0     0.0        0
DAYS MIN <= 32      0               0.4    -0.4        0
DAYS MIN <= 0       0               0.0     0.0        0

PRECIPITATION (INCHES)
RECORD
 MAXIMUM         5.45   2013
 MINIMUM         0.00   1974
TOTALS           1.07              1.14   -0.07     5.45
DAILY AVG.       0.04              0.04    0.00     0.18
DAYS >= .01         7                MM      MM        6
DAYS >= .10         3                MM      MM        4
DAYS >= .50         0                MM      MM        2
DAYS >= 1.00        0                MM      MM        1
GREATEST
 24 HR. TOTAL    0.36   09/29 TO 09/29              4.32
                        09/28 TO 09/29
                        09/29 TO 09/29
 STORM TOTAL       MM
 (MM/DD(HH))            MM

.................................................................

-  INDICATES NEGATIVE NUMBERS.
R  INDICATES RECORD WAS SET OR TIED.
MM INDICATES DATA IS MISSING.
T  INDICATES TRACE AMOUNT.

$$




U.S. Dept. of Commerce
NOAA National Weather Service
1325 East West Highway
Silver Spring, MD 20910
E-mail: w-nws.webmaster@noaa.gov
Page last modified: May 16, 2007
NATIONAL WEATHER SERVICE: for Safety, for Work, for Fun - FOR LIFE