885
CXUS53 KGLD 032030
CLMITR

CLIMATE REPORT
NATIONAL WEATHER SERVICE GOODLAND
104 PM MST SAT JAN 3 2015

...................................

...THE BURLINGTON CLIMATE SUMMARY FOR THE MONTH OF DECEMBER 2014...

CLIMATE NORMAL PERIOD 1981 TO 2010
CLIMATE RECORD PERIOD 1896 TO 2014

WEATHER         OBSERVED          NORMAL  DEPART  LAST YEAR`S
                 VALUE   DATE(S)  VALUE   FROM    VALUE  DATE(S)
                                          NORMAL
................................................................
TEMPERATURE (F)
RECORD
 HIGH              81   12/06/1939
 LOW              -22   12/09/1919
HIGHEST            66   12/02        66       0       71  12/18
LOWEST            -13   12/31        -1     -12       -7  12/05
AVG. MAXIMUM     42.7              41.9     0.8     44.2
AVG. MINIMUM     16.7              15.9     0.8     13.4
MEAN             29.7              28.9     0.8     28.9
DAYS MAX >= 90      0               0.0     0.0        0
DAYS MAX <= 32      8               6.6     1.4        7
DAYS MIN <= 32     31              30.5     0.5       30
DAYS MIN <= 0       2               1.4     0.6        3

PRECIPITATION (INCHES)
RECORD
 MAXIMUM         3.83   1913
 MINIMUM         0.00   2002
TOTALS           2.47              0.43    2.04     0.09
DAILY AVG.       0.08              0.01    0.07     0.00
DAYS >= .01         9                MM      MM        2
DAYS >= .10         5                MM      MM        0
DAYS >= .50         1                MM      MM        0
DAYS >= 1.00        1                MM      MM        0
GREATEST
 24 HR. TOTAL    1.20   12/14 TO 12/14              0.06  12/08

.................................................................



-  INDICATES NEGATIVE NUMBERS.
R  INDICATES RECORD WAS SET OR TIED.
MM INDICATES DATA IS MISSING.
T  INDICATES TRACE AMOUNT.

$$




U.S. Dept. of Commerce
NOAA National Weather Service
1325 East West Highway
Silver Spring, MD 20910
E-mail: w-nws.webmaster@noaa.gov
Page last modified: May 16, 2007
NATIONAL WEATHER SERVICE: for Safety, for Work, for Fun - FOR LIFE