380
CXUS53 KGLD 032258
CLMITR

CLIMATE REPORT
NATIONAL WEATHER SERVICE GOODLAND
446 PM MDT SUN AUG 3 2014

...................................

...THE BURLINGTON CLIMATE SUMMARY FOR THE MONTH OF JULY 2014...

CLIMATE NORMAL PERIOD 1981 TO 2010
CLIMATE RECORD PERIOD 1896 TO 2014

WEATHER         OBSERVED          NORMAL  DEPART  LAST YEAR`S
                 VALUE   DATE(S)  VALUE   FROM    VALUE  DATE(S)
                                          NORMAL
................................................................
TEMPERATURE (F)
RECORD
 HIGH             108   07/07/2001
 LOW               36   07/03/1905
HIGHEST           102   07/07       101       1      102  07/12
LOWEST             53   07/31        52       1       52  07/02
AVG. MAXIMUM     87.3              88.5    -1.2     89.4
AVG. MINIMUM     60.5              60.4     0.1     59.9
MEAN             73.9              74.5    -0.6     74.6
DAYS MAX >= 90     13              15.0    -2.0       15
DAYS MAX <= 32      0               0.0     0.0        0
DAYS MIN <= 32      0               0.0     0.0        0
DAYS MIN <= 0       0               0.0     0.0        0

PRECIPITATION (INCHES)
RECORD
 MAXIMUM         7.13   1958
 MINIMUM         0.29   1955
TOTALS           2.68              3.13   -0.45     0.94
DAILY AVG.       0.09              0.10   -0.01     0.03
DAYS >= .01        11                MM      MM       12
DAYS >= .10         6                MM      MM        3
DAYS >= .50         2                MM      MM        0
DAYS >= 1.00        0                MM      MM        0
GREATEST
 24 HR. TOTAL    0.99   07/07 TO 07/07              0.36


.................................................................



-  INDICATES NEGATIVE NUMBERS.
R  INDICATES RECORD WAS SET OR TIED.
MM INDICATES DATA IS MISSING.
T  INDICATES TRACE AMOUNT.

$$







U.S. Dept. of Commerce
NOAA National Weather Service
1325 East West Highway
Silver Spring, MD 20910
E-mail: w-nws.webmaster@noaa.gov
Page last modified: May 16, 2007
NATIONAL WEATHER SERVICE: for Safety, for Work, for Fun - FOR LIFE