073
CXUS53 KGLD 040106
CLMITR

CLIMATE REPORT
NATIONAL WEATHER SERVICE GOODLAND
659 PM MDT THU JUL 3 2014

...................................

...THE BURLINGTON CLIMATE SUMMARY FOR THE MONTH OF JUNE 2014...

CLIMATE NORMAL PERIOD 1981 TO 2010
CLIMATE RECORD PERIOD 1896 TO 2014

WEATHER         OBSERVED          NORMAL  DEPART  LAST YEAR`S
                 VALUE   DATE(S)  VALUE   FROM    VALUE  DATE(S)
                                          NORMAL
................................................................
TEMPERATURE (F)
RECORD
 HIGH             112   06/15/1952
 LOW               31   06/04/1919
HIGHEST            96   06/20        99      -3      107  06/11
LOWEST             41   06/10        45      -4       41  06/02
AVG. MAXIMUM     83.7              82.8     0.9     89.3
AVG. MINIMUM     54.3              54.2     0.1     55.6
MEAN             69.0              68.5     0.5     72.4
DAYS MAX >= 90      8               6.9     1.1       17
DAYS MAX <= 32      0               0.0     0.0        0
DAYS MIN <= 32      0               0.0     0.0        0
DAYS MIN <= 0       0               0.0     0.0        0

PRECIPITATION (INCHES)
RECORD
 MAXIMUM         7.87   1965
 MINIMUM         0.00   1952
TOTALS           2.36              2.88   -0.52     1.99
DAILY AVG.       0.08              0.10   -0.02     0.07
DAYS >= .01        14                MM      MM        9
DAYS >= .10         8                MM      MM        6
DAYS >= .50         1                MM      MM        2
DAYS >= 1.00        0                MM      MM        0
GREATEST
 24 HR. TOTAL    1.00   06/08 TO 06/09              0.72


.................................................................



-  INDICATES NEGATIVE NUMBERS.
R  INDICATES RECORD WAS SET OR TIED.
MM INDICATES DATA IS MISSING.
T  INDICATES TRACE AMOUNT.

$$







U.S. Dept. of Commerce
NOAA National Weather Service
1325 East West Highway
Silver Spring, MD 20910
E-mail: w-nws.webmaster@noaa.gov
Page last modified: May 16, 2007
NATIONAL WEATHER SERVICE: for Safety, for Work, for Fun - FOR LIFE