123
CXUS53 KGLD 021552
CLMITR

CLIMATE REPORT
NATIONAL WEATHER SERVICE GOODLAND
844 AM MST TUE DEC 2 2014

...................................

...THE BURLINGTON CLIMATE SUMMARY FOR THE MONTH OF NOVEMBER 2014...

CLIMATE NORMAL PERIOD 1981 TO 2010
CLIMATE RECORD PERIOD 1896 TO 2014

WEATHER         OBSERVED          NORMAL  DEPART  LAST YEAR`S
                 VALUE   DATE(S)  VALUE   FROM    VALUE  DATE(S)
                                          NORMAL
................................................................
TEMPERATURE (F)
RECORD
 HIGH              84   11/10/1927
 LOW              -10   11/13/2014
HIGHEST            77   11/28        75       2       78  11/08
LOWEST            -10R  11/13         9     -19       13  11/22
AVG. MAXIMUM     52.8              52.4     0.4     54.6
AVG. MINIMUM     20.0              24.0    -4.0     24.2
MEAN             36.4              38.2    -1.8     39.4
DAYS MAX >= 90      0               0.0     0.0        0
DAYS MAX <= 32      4               2.4     1.6        1
DAYS MIN <= 32     25              25.3    -0.3       25
DAYS MIN <= 0       2               0.2     1.8        0

PRECIPITATION (INCHES)
RECORD
 MAXIMUM         3.02   1946
 MINIMUM            T   2012
                        2006
TOTALS           0.02              0.59   -0.57     0.19
DAILY AVG.       0.00              0.02   -0.02     0.01
DAYS >= .01         2                MM      MM        1
DAYS >= .10         0                MM      MM        1
DAYS >= .50         0                MM      MM        0
DAYS >= 1.00        0                MM      MM        0
GREATEST
 24 HR. TOTAL    0.02   11/25 TO 11/26              0.19


.................................................................



-  INDICATES NEGATIVE NUMBERS.
R  INDICATES RECORD WAS SET OR TIED.
MM INDICATES DATA IS MISSING.
T  INDICATES TRACE AMOUNT.

$$




U.S. Dept. of Commerce
NOAA National Weather Service
1325 East West Highway
Silver Spring, MD 20910
E-mail: w-nws.webmaster@noaa.gov
Page last modified: May 16, 2007
NATIONAL WEATHER SERVICE: for Safety, for Work, for Fun - FOR LIFE