636
CXHW53 PHFO 011608
CLMITO


CLIMATE REPORT
NATIONAL WEATHER SERVICE HONOLULU HI
608 AM HST MON SEP 1 2014

...................................

...THE HILO HI CLIMATE SUMMARY FOR THE MONTH OF AUGUST 2014...

CLIMATE NORMAL PERIOD 1981 TO 2010
CLIMATE RECORD PERIOD 1946 TO 2014

WEATHER         OBSERVED          NORMAL  DEPART  LAST YEAR`S
                 VALUE   DATE(S)  VALUE   FROM    VALUE  DATE(S)
                                          NORMAL
................................................................
TEMPERATURE (F)
RECORD
 HIGH              93   08/15/1950
 LOW               64   08/12/1999
                        08/24/1988
                        08/20/1983
HIGHEST            87   08/31        83       4       86  08/01
                        08/30
LOWEST             67   08/30        69      -2       66  08/30
                        08/28
AVG. MAXIMUM     85.1              83.2     1.9     82.9
AVG. MINIMUM     70.9              69.7     1.2     69.8
MEAN             78.0              76.4     1.6     76.4
DAYS MAX >= 90      0               0.0     0.0        0
DAYS MAX <= 32      0               0.0     0.0        0
DAYS MIN <= 32      0               0.0     0.0        0
DAYS MIN <= 0       0               0.0     0.0        0

PRECIPITATION (INCHES)
RECORD
 MAXIMUM        26.92   1991
 MINIMUM         2.66   1971
TOTALS          10.81              9.85    0.96     8.85
DAILY AVG.       0.35              0.32    0.03     0.29
DAYS >= .01        28              26.8     1.2       27
DAYS >= .10        18              17.9     0.1       17
DAYS >= .50         5               5.2    -0.2        6
DAYS >= 1.00        4               1.8     2.2        3
GREATEST
 24 HR. TOTAL    3.44   08/07 TO 08/08              1.64

SNOWFALL (INCHES)
RECORDS
 TOTAL             MM   5
TOTALS            0.0               0.0     0.0      0.0
SINCE 7/1         0.0               0.0     0.0      0.0
SNOWDEPTH AVG.      0                MM      MM        0
DAYS >= 1.0         0               0.0     0.0        0
GREATEST
 SNOW DEPTH         0   MM                             0  MM
 24 HR TOTAL      0.0   08/31 TO 08/31               0.0

DEGREE_DAYS
HEATING TOTAL       0                 0       0        0
 SINCE 7/1          0                 0       0        0
COOLING TOTAL     409               355      54      358
 SINCE 1/1       2277              2072     205     2213
.................................................................

WIND (MPH)
AVERAGE WIND SPEED              6.8
HIGHEST WIND SPEED/DIRECTION    39/080    DATE  08/07
HIGHEST GUST SPEED/DIRECTION    54/100    DATE  08/07

SKY COVER
POSSIBLE SUNSHINE (PERCENT)   MM
AVERAGE SKY COVER           0.70
NUMBER OF DAYS FAIR            4
NUMBER OF DAYS PC             12
NUMBER OF DAYS CLOUDY         15

AVERAGE RH (PERCENT)     78

WEATHER CONDITIONS. NUMBER OF DAYS WITH
THUNDERSTORM              0     MIXED PRECIP               1
HEAVY RAIN                8     RAIN                      11
LIGHT RAIN               27     FREEZING RAIN              0
LT FREEZING RAIN          0     HAIL                       0
HEAVY SNOW                0     SNOW                       0
LIGHT SNOW                0     SLEET                      0
FOG                      26     FOG W/VIS <= 1/4 MILE      0
HAZE                      2

-  INDICATES NEGATIVE NUMBERS.
R  INDICATES RECORD WAS SET OR TIED.
MM INDICATES DATA IS MISSING.
T  INDICATES TRACE AMOUNT.

$$




U.S. Dept. of Commerce
NOAA National Weather Service
1325 East West Highway
Silver Spring, MD 20910
E-mail: w-nws.webmaster@noaa.gov
Page last modified: May 16, 2007
NATIONAL WEATHER SERVICE: for Safety, for Work, for Fun - FOR LIFE