340
CXCA52 TJSJ 190607
CLMISX


CLIMATE REPORT
NATIONAL WEATHER SERVICE SAN JUAN, PR
206 AM AST WED NOV 19 2014

...................................

...THE HENRY E. ROHLSEN AIRPORT/USVI CLIMATE SUMMARY FOR THE MONTH OF OCTOBER 2014...

CLIMATE NORMAL PERIOD 1981 TO 2010
CLIMATE RECORD PERIOD 1951 TO 2014

WEATHER         OBSERVED          NORMAL  DEPART
                 VALUE   DATE(S)  VALUE   FROM
                                          NORMAL
................................................
TEMPERATURE (F)
RECORD
 HIGH              98   10/01/1972
 LOW               65   10/23/1983
                        10/22/1983
                        10/31/1975
HIGHEST            92   10/12        92       0
LOWEST             73   10/09        80      -7
AVG. MAXIMUM     88.9              87.8     1.1
AVG. MINIMUM     76.3              76.4    -0.1
MEAN             82.6              82.1     0.5
DAYS MAX >= 90     11               4.2     6.8
DAYS MAX <= 32      0               0.0     0.0
DAYS MIN <= 32      0               0.0     0.0
DAYS MIN <= 0       0               0.0     0.0

PRECIPITATION (INCHES)
RECORD
 MAXIMUM        16.20   1977
 MINIMUM         1.05   1964
TOTALS           2.30              5.25   -2.95
DAILY AVG.       0.08              0.17   -0.09
DAYS >= .01        11              17.7    -6.7
DAYS >= .10         6               9.9    -3.9
DAYS >= .50         1               2.7    -1.7
DAYS >= 1.00        0               1.0    -1.0
GREATEST
 24 HR. TOTAL    0.79   10/30 TO 10/30

DEGREE_DAYS
HEATING TOTAL       0                 0       0
 SINCE 7/1          0                 0       0
COOLING TOTAL     551               530      21
 SINCE 1/1       5105              4927     178
.................................................

WIND (MPH)
AVERAGE WIND SPEED              7.5
RESULTANT WIND SPEED/DIRECTION   5/082
HIGHEST WIND SPEED/DIRECTION    22/060    DATE  10/07
HIGHEST GUST SPEED/DIRECTION    45/100    DATE  10/01

SKY COVER
AVERAGE SKY COVER           0.30

AVERAGE RH (PERCENT)     77

WEATHER CONDITIONS. NUMBER OF DAYS WITH
THUNDERSTORM              0     MIXED PRECIP               0
HEAVY RAIN                1     RAIN                       0
LIGHT RAIN                8     FREEZING RAIN              0
LT FREEZING RAIN          0     HAIL                       0
HEAVY SNOW                0     SNOW                       0
LIGHT SNOW                0     SLEET                      0
FOG                       7     FOG W/VIS <= 1/4 MILE      0
HAZE                      1

-  INDICATES NEGATIVE NUMBERS.
R  INDICATES RECORD WAS SET OR TIED.
MM INDICATES DATA IS MISSING.
T  INDICATES TRACE AMOUNT.

$$





U.S. Dept. of Commerce
NOAA National Weather Service
1325 East West Highway
Silver Spring, MD 20910
E-mail: w-nws.webmaster@noaa.gov
Page last modified: May 16, 2007
NATIONAL WEATHER SERVICE: for Safety, for Work, for Fun - FOR LIFE