698
CXCA52 TJSJ 020332
CLMISX

CLIMATE REPORT
NATIONAL WEATHER SERVICE SAN JUAN, PR
220 AM AST TUE APR 1 2014

...................................

...THE HENRY E. ROHLSEN AIRPORT/USVI CLIMATE SUMMARY FOR THE MONTH OF MARCH 2014...

CLIMATE NORMAL PERIOD 1981 TO 2010
CLIMATE RECORD PERIOD 1951 TO 2014

WEATHER         OBSERVED          NORMAL  DEPART
                 VALUE   DATE(S)  VALUE   FROM
                                          NORMAL
................................................
TEMPERATURE (F)
RECORD
 HIGH              92   03/05/1996
 LOW               60   03/29/1977
HIGHEST            88   03/27        88       0
LOWEST             68   03/11        75      -7
                        03/04
AVG. MAXIMUM     85.7              84.6     1.1
AVG. MINIMUM     71.7              72.5    -0.8
MEAN             78.7              78.6     0.1
DAYS MAX >= 90      0               0.0     0.0
DAYS MAX <= 32      0               0.0     0.0
DAYS MIN <= 32      0               0.0     0.0
DAYS MIN <= 0       0               0.0     0.0

PRECIPITATION (INCHES)
RECORD
 MAXIMUM         4.15   1985
 MINIMUM         0.17   1951
TOTALS           1.77              1.56    0.21
DAILY AVG.       0.06              0.05    0.01
DAYS >= .01        15              11.7     3.3
DAYS >= .10         3               4.3    -1.3
DAYS >= .50         1               0.7     0.3
DAYS >= 1.00        0               0.2    -0.2


DEGREE_DAYS
HEATING TOTAL       0                 0       0
 SINCE 7/1          0                 0       0
COOLING TOTAL     433               420      13
 SINCE 1/1       1282              1197      85
.................................................

WIND (MPH)
AVERAGE WIND SPEED              8.4
RESULTANT WIND SPEED/DIRECTION   7/091
HIGHEST WIND SPEED/DIRECTION    26/100    DATE  03/29
HIGHEST GUST SPEED/DIRECTION    33/110    DATE  03/28

SKY COVER
AVERAGE SKY COVER           0.30
NUMBER OF DAYS FAIR           25
NUMBER OF DAYS PC              6
NUMBER OF DAYS CLOUDY          0

AVERAGE RH (PERCENT)     71

WEATHER CONDITIONS. NUMBER OF DAYS WITH
THUNDERSTORM              0     MIXED PRECIP               0
HEAVY RAIN                2     RAIN                       2
LIGHT RAIN               15     FREEZING RAIN              0
LT FREEZING RAIN          0     HAIL                       0
HEAVY SNOW                0     SNOW                       0
LIGHT SNOW                0     SLEET                      0
FOG                       4     FOG W/VIS <= 1/4 MILE      0
HAZE                      0

-  INDICATES NEGATIVE NUMBERS.
R  INDICATES RECORD WAS SET OR TIED.
MM INDICATES DATA IS MISSING.
T  INDICATES TRACE AMOUNT.

$$







U.S. Dept. of Commerce
NOAA National Weather Service
1325 East West Highway
Silver Spring, MD 20910
E-mail: w-nws.webmaster@noaa.gov
Page last modified: May 16, 2007
NATIONAL WEATHER SERVICE: for Safety, for Work, for Fun - FOR LIFE