237
CXCA52 TJSJ 010918
CLMISX


CLIMATE REPORT
NATIONAL WEATHER SERVICE SAN JUAN, PR
314 AM AST TUE JUL 1 2014

...................................

...THE HENRY E. ROHLSEN AIRPORT/USVI CLIMATE SUMMARY FOR THE MONTH OF JUNE 2014...

CLIMATE NORMAL PERIOD 1981 TO 2010
CLIMATE RECORD PERIOD 1951 TO 2014

WEATHER         OBSERVED          NORMAL  DEPART
                 VALUE   DATE(S)  VALUE   FROM
                                          NORMAL
................................................
TEMPERATURE (F)
RECORD
 HIGH              97   06/18/1993
 LOW               62   06/11/2007
HIGHEST            93   06/25        92       1
LOWEST             75   06/04        81      -6
                        06/03
AVG. MAXIMUM     89.8              87.9     1.9
AVG. MINIMUM     78.0              78.1    -0.1
MEAN             83.9              83.0     0.9
DAYS MAX >= 90     16               4.2    11.8
DAYS MAX <= 32      0               0.0     0.0
DAYS MIN <= 32      0               0.0     0.0
DAYS MIN <= 0       0               0.0     0.0

PRECIPITATION (INCHES)
RECORD
 MAXIMUM         7.83   1987
 MINIMUM         0.10   2001
TOTALS           0.47              2.31   -1.84
DAILY AVG.       0.02              0.08   -0.06
DAYS >= .01         5              11.2    -6.2
DAYS >= .10         2               5.2    -3.2
DAYS >= .50         0               1.1    -1.1
DAYS >= 1.00        0               0.3    -0.3
GREATEST
 24 HR. TOTAL    0.25   06/30 TO 06/30
                        06/29 TO 06/30
                        06/30 TO 06/30
 STORM TOTAL       MM
 (MM/DD(HH))            MM

DEGREE_DAYS
HEATING TOTAL       0                 0       0
 SINCE 7/1          0                 0       0
COOLING TOTAL     571               540      31
 SINCE 1/1       2823              2693     130
.................................................

WIND (MPH)
AVERAGE WIND SPEED              10.5
RESULTANT WIND SPEED/DIRECTION  10/093
HIGHEST WIND SPEED/DIRECTION    23/090    DATE  06/27
HIGHEST GUST SPEED/DIRECTION    30/110    DATE  06/27

SKY COVER
POSSIBLE SUNSHINE (PERCENT)   MM
AVERAGE SKY COVER           0.50
NUMBER OF DAYS FAIR            7
NUMBER OF DAYS PC             20
NUMBER OF DAYS CLOUDY          3

AVERAGE RH (PERCENT)     71

WEATHER CONDITIONS. NUMBER OF DAYS WITH
THUNDERSTORM              0     MIXED PRECIP               0
HEAVY RAIN                2     RAIN                       1
LIGHT RAIN                8     FREEZING RAIN              0
LT FREEZING RAIN          0     HAIL                       0
HEAVY SNOW                0     SNOW                       0
LIGHT SNOW                0     SLEET                      0
FOG                       1     FOG W/VIS <= 1/4 MILE      0
HAZE                      3

-  INDICATES NEGATIVE NUMBERS.
R  INDICATES RECORD WAS SET OR TIED.
MM INDICATES DATA IS MISSING.
T  INDICATES TRACE AMOUNT.

$$




U.S. Dept. of Commerce
NOAA National Weather Service
1325 East West Highway
Silver Spring, MD 20910
E-mail: w-nws.webmaster@noaa.gov
Page last modified: May 16, 2007
NATIONAL WEATHER SERVICE: for Safety, for Work, for Fun - FOR LIFE