546
CXCA52 TJSJ 010523
CLMISX


CLIMATE REPORT
NATIONAL WEATHER SERVICE SAN JUAN, PR
120 AM AST FRI AUG 1 2014

...................................

...THE HENRY E. ROHLSEN AIRPORT/USVI CLIMATE SUMMARY FOR THE MONTH OF JULY 2014...

CLIMATE NORMAL PERIOD 1981 TO 2010
CLIMATE RECORD PERIOD 1951 TO 2014

WEATHER         OBSERVED          NORMAL  DEPART
                 VALUE   DATE(S)  VALUE   FROM
                                          NORMAL
................................................
TEMPERATURE (F)
RECORD
 HIGH              94   07/20/1972
                        07/08/1972
 LOW               64   07/05/1998
HIGHEST            93   07/12        92       1
                        07/10
LOWEST             75   07/30        81      -6
AVG. MAXIMUM     91.7              88.7     3.0
AVG. MINIMUM     78.3              78.5    -0.2
MEAN             85.0              83.6     1.4
DAYS MAX >= 90     30               7.9    22.1
DAYS MAX <= 32      0               0.0     0.0
DAYS MIN <= 32      0               0.0     0.0
DAYS MIN <= 0       0               0.0     0.0

PRECIPITATION (INCHES)
RECORD
 MAXIMUM         7.62   1958
 MINIMUM         0.49   1976
TOTALS           0.90              3.04   -2.14
DAILY AVG.       0.03              0.10   -0.07
DAYS >= .01        10              17.0    -7.0
DAYS >= .10         3               7.8    -4.8
DAYS >= .50         0               1.6    -1.6
DAYS >= 1.00        0               0.5    -0.5
GREATEST
 24 HR. TOTAL    0.25   06/30 TO 07/01


DEGREE_DAYS
HEATING TOTAL       0                 0       0
 SINCE 7/1          0                 0       0
COOLING TOTAL     607               577      30
 SINCE 1/1       3430              3270     160
.................................................

WIND (MPH)
AVERAGE WIND SPEED              11.5
RESULTANT WIND SPEED/DIRECTION  11/091
HIGHEST WIND SPEED/DIRECTION    29/090    DATE  07/24
HIGHEST GUST SPEED/DIRECTION    36/090    DATE  07/24

SKY COVER

AVERAGE SKY COVER           0.40
NUMBER OF DAYS FAIR           16
NUMBER OF DAYS PC             15
NUMBER OF DAYS CLOUDY          0

AVERAGE RH (PERCENT)     68

WEATHER CONDITIONS. NUMBER OF DAYS WITH
THUNDERSTORM              0     MIXED PRECIP               0
HEAVY RAIN                2     RAIN                       2
LIGHT RAIN               10     FREEZING RAIN              0
LT FREEZING RAIN          0     HAIL                       0
HEAVY SNOW                0     SNOW                       0
LIGHT SNOW                0     SLEET                      0
FOG                       1     FOG W/VIS <= 1/4 MILE      0
HAZE                      3

-  INDICATES NEGATIVE NUMBERS.
R  INDICATES RECORD WAS SET OR TIED.
MM INDICATES DATA IS MISSING.
T  INDICATES TRACE AMOUNT.

$$





U.S. Dept. of Commerce
NOAA National Weather Service
1325 East West Highway
Silver Spring, MD 20910
E-mail: w-nws.webmaster@noaa.gov
Page last modified: May 16, 2007
NATIONAL WEATHER SERVICE: for Safety, for Work, for Fun - FOR LIFE