417
CXCA52 TJSJ 020405
CLMIST

CLIMATE REPORT
NATIONAL WEATHER SERVICE SAN JUAN, PR
220 AM AST TUE APR 1 2014

...................................

...THE CYRIL E. KING AIRPORT/USVI CLIMATE SUMMARY FOR THE MONTH OF MARCH 2014...

CLIMATE NORMAL PERIOD 1981 TO 2010
CLIMATE RECORD PERIOD 1956 TO 2014

WEATHER         OBSERVED          NORMAL  DEPART
                 VALUE   DATE(S)  VALUE   FROM
                                          NORMAL
................................................
TEMPERATURE (F)
RECORD
 HIGH              94   03/27/1994
                        03/26/1994
                        03/21/1994
 LOW               60   03/30/1972
HIGHEST            89   03/27        86    3.0
LOWEST             71   03/12        73   -2.0

AVG. MAXIMUM     84.0              85.9    -1.9
AVG. MINIMUM     73.6              72.8     0.8
MEAN             78.8              79.4    -0.6
DAYS MAX >= 90      0               3.0    -3.0
DAYS MAX <= 32      0               0.0     0.0
DAYS MIN <= 32      0               0.0     0.0
DAYS MIN <= 0       0               0.0     0.0

PRECIPITATION (INCHES)
RECORD
 MAXIMUM         6.23   2004
 MINIMUM         0.01   2008
TOTALS           1.81              1.42    0.39
DAILY AVG.       0.06              0.05    0.01
DAYS >= .01         9               9.1    -0.1
DAYS >= .10         4               3.5     0.5
DAYS >= .50         1               0.7     0.3
DAYS >= 1.00        0               0.2    -0.2


DEGREE_DAYS
HEATING TOTAL       0                 0       0
 SINCE 7/1          0                 0       0
COOLING TOTAL     435               445     -10
 SINCE 1/1       1257              1259      -2
.................................................

WIND (MPH)
AVERAGE WIND SPEED              8.4
RESULTANT WIND SPEED/DIRECTION   7/113
HIGHEST WIND SPEED/DIRECTION    28/110    DATE  03/28
HIGHEST GUST SPEED/DIRECTION    33/110    DATE  03/28

SKY COVER
 AVERAGE SKY COVER           0.30
NUMBER OF DAYS FAIR           21
NUMBER OF DAYS PC              9
NUMBER OF DAYS CLOUDY          1

AVERAGE RH (PERCENT)     75

WEATHER CONDITIONS. NUMBER OF DAYS WITH
THUNDERSTORM              0     MIXED PRECIP               0
HEAVY RAIN                2     RAIN                       3
LIGHT RAIN               10     FREEZING RAIN              0
LT FREEZING RAIN          0     HAIL                       0
HEAVY SNOW                0     SNOW                       0
LIGHT SNOW                0     SLEET                      0
FOG                       7     FOG W/VIS <= 1/4 MILE      0
HAZE                      3

-  INDICATES NEGATIVE NUMBERS.
R  INDICATES RECORD WAS SET OR TIED.
MM INDICATES DATA IS MISSING.
T  INDICATES TRACE AMOUNT.

$$







U.S. Dept. of Commerce
NOAA National Weather Service
1325 East West Highway
Silver Spring, MD 20910
E-mail: w-nws.webmaster@noaa.gov
Page last modified: May 16, 2007
NATIONAL WEATHER SERVICE: for Safety, for Work, for Fun - FOR LIFE