821
CXCA52 TJSJ 010440
CLMIST


CLIMATE REPORT
NATIONAL WEATHER SERVICE SAN JUAN, PR
1239 AM AST MON SEP 1 2014

...................................

...THE CYRIL E. KING AIRPORT/USVI CLIMATE SUMMARY FOR THE MONTH OF AUGUST 2014...

CLIMATE NORMAL PERIOD 1981 TO 2010
CLIMATE RECORD PERIOD 1956 TO 2014

WEATHER         OBSERVED          NORMAL  DEPART
                 VALUE   DATE(S)  VALUE   FROM
                                          NORMAL
................................................
TEMPERATURE (F)
RECORD
 HIGH              99   08/04/1994
                        08/08/1979
 LOW               65   08/07/2001
HIGHEST            91   08/18        MM      MM
                        08/17
                        08/15
LOWEST             75   08/23        MM      MM
AVG. MAXIMUM     88.4              90.2    -1.8
AVG. MINIMUM     79.0              78.2     0.8
MEAN             83.7              84.2    -0.5
DAYS MAX >= 90     12              15.4    -3.4
DAYS MAX <= 32      0               0.0     0.0
DAYS MIN <= 32      0               0.0     0.0
DAYS MIN <= 0       0               0.0     0.0

PRECIPITATION (INCHES)
RECORD
 MAXIMUM         9.14   2011
 MINIMUM         0.70   1993
TOTALS           7.35              3.74    3.61
DAILY AVG.       0.24              0.12    0.12
DAYS >= .01        16              14.5     1.5
DAYS >= .10         9               6.9     2.1
DAYS >= .50         4               2.2     1.8
DAYS >= 1.00        1               0.8     0.2
GREATEST
 24 HR. TOTAL    3.65   08/22 TO 08/22
 STORM TOTAL       MM
 (MM/DD(HH))            MM

DEGREE_DAYS
HEATING TOTAL       0                 0       0
 SINCE 7/1          0                 0       0
COOLING TOTAL     585               595     -10
 SINCE 1/1       3990              3991      -1
.................................................

WIND (MPH)
AVERAGE WIND SPEED              12.4
RESULTANT WIND SPEED/DIRECTION  11/110
HIGHEST WIND SPEED/DIRECTION    36/150    DATE  08/02
HIGHEST GUST SPEED/DIRECTION    46/160    DATE  08/02

SKY COVER
POSSIBLE SUNSHINE (PERCENT)   MM
AVERAGE SKY COVER           0.40
NUMBER OF DAYS FAIR           12
NUMBER OF DAYS PC             17
NUMBER OF DAYS CLOUDY          2

AVERAGE RH (PERCENT)     73

WEATHER CONDITIONS. NUMBER OF DAYS WITH
THUNDERSTORM              0     MIXED PRECIP               0
HEAVY RAIN                6     RAIN                       5
LIGHT RAIN               10     FREEZING RAIN              0
LT FREEZING RAIN          0     HAIL                       0
HEAVY SNOW                0     SNOW                       0
LIGHT SNOW                0     SLEET                      0
FOG                       8     FOG W/VIS <= 1/4 MILE      0
HAZE                      1

-  INDICATES NEGATIVE NUMBERS.
R  INDICATES RECORD WAS SET OR TIED.
MM INDICATES DATA IS MISSING.
T  INDICATES TRACE AMOUNT.

$$




U.S. Dept. of Commerce
NOAA National Weather Service
1325 East West Highway
Silver Spring, MD 20910
E-mail: w-nws.webmaster@noaa.gov
Page last modified: May 16, 2007
NATIONAL WEATHER SERVICE: for Safety, for Work, for Fun - FOR LIFE