578
CXUS53 KBIS 011246
CLMISN


CLIMATE REPORT
NATIONAL WEATHER SERVICE BISMARCK ND
745 AM CDT TUE JUL 1 2014

...................................

...THE WILLISTON ND CLIMATE SUMMARY FOR THE MONTH OF JUNE 2014...

CLIMATE NORMAL PERIOD 1981 TO 2010
CLIMATE RECORD PERIOD 1894 TO 2014

WEATHER         OBSERVED          NORMAL  DEPART  LAST YEAR`S
                 VALUE   DATE(S)  VALUE   FROM    VALUE  DATE(S)
                                          NORMAL
................................................................
TEMPERATURE (F)
RECORD
 HIGH             108   06/16/1931
 LOW               26   06/04/1998
HIGHEST            85   06/21                         85  06/19
LOWEST             33   06/12                         36  06/05
                                                          06/02
AVG. MAXIMUM     74.4              76.8    -2.4     73.4
AVG. MINIMUM     49.8              49.7     0.1     49.5
MEAN             62.1              63.2    -1.1     61.5
DAYS MAX >= 90      0               2.9    -2.9        0
DAYS MAX <= 32      0               0.0     0.0        0
DAYS MIN <= 32      0               0.4    -0.4        0
DAYS MIN <= 0       0               0.0     0.0        0

PRECIPITATION (INCHES)
RECORD
 MAXIMUM         8.84   1901
 MINIMUM           MM   MM
TOTALS           1.44              2.52   -1.08     4.16
DAILY AVG.       0.05              0.08   -0.03     0.14
DAYS >= .01        12              11.5     0.5       13
DAYS >= .10         4               6.0    -2.0        7
DAYS >= .50         0               1.6    -1.6        4
DAYS >= 1.00        0               0.3    -0.3        1
GREATEST
 24 HR. TOTAL    0.49   05/31 TO 06/01              1.43

DEGREE_DAYS
COOLING TOTAL      28                68     -40
 SINCE 1/1         49                81     -32
.................................................................

WIND (MPH)
HIGHEST WIND SPEED/DIRECTION    39/280    DATE  06/29
HIGHEST GUST SPEED/DIRECTION    52/290    DATE  06/29

SKY COVER
POSSIBLE SUNSHINE (PERCENT)   MM
NUMBER OF DAYS FAIR           14
NUMBER OF DAYS PC             11
NUMBER OF DAYS CLOUDY          5


WEATHER CONDITIONS. NUMBER OF DAYS WITH
THUNDERSTORM              0     MIXED PRECIP               0
HEAVY RAIN                4     RAIN                       3
LIGHT RAIN               22     FREEZING RAIN              0
LT FREEZING RAIN          0     HAIL                       0
HEAVY SNOW                0     SNOW                       0
LIGHT SNOW                0     SLEET                      0
FOG                      10     FOG W/VIS <= 1/4 MILE      2
HAZE                      0

-  INDICATES NEGATIVE NUMBERS.
R  INDICATES RECORD WAS SET OR TIED.
MM INDICATES DATA IS MISSING.
T  INDICATES TRACE AMOUNT.

$$




U.S. Dept. of Commerce
NOAA National Weather Service
1325 East West Highway
Silver Spring, MD 20910
E-mail: w-nws.webmaster@noaa.gov
Page last modified: May 16, 2007
NATIONAL WEATHER SERVICE: for Safety, for Work, for Fun - FOR LIFE