712
CXUS53 KEAX 010744
CLMIRK

STLCLMWK2 000
TTAA00 KEAX 010740


CLIMATE REPORT
NATIONAL WEATHER SERVICE KANSAS CITY/PLEASANT HILL MO
139 AM CST SUN FEB 1 2015

...................................

...THE KIRKSVILLE CLIMATE SUMMARY FOR THE MONTH OF JANUARY 2015...

CLIMATE NORMAL PERIOD 1981 TO 2010
CLIMATE RECORD PERIOD 9999 TO 9999

WEATHER         OBSERVED          NORMAL  DEPART  LAST YEAR`S
                 VALUE   DATE(S)  VALUE   FROM    VALUE  DATE(S)
                                          NORMAL
................................................................
TEMPERATURE (F)
HIGHEST            55   01/18        57      -2       60  01/12
LOWEST             -5   01/07        -5       0      -12  01/06
AVG. MAXIMUM     38.6              35.3     3.3     33.9
AVG. MINIMUM     17.4              17.0     0.4      9.4
MEAN             28.0              26.1     1.9     22.0
DAYS MAX >= 90      0               0.0     0.0        0
DAYS MAX <= 32      8              13.3    -5.3       13
DAYS MIN <= 32     30              28.1     1.9       29
DAYS MIN <= 0       3               3.6    -0.6        8

PRECIPITATION (INCHES)
TOTALS           1.60              1.27    0.33     0.86
DAILY AVG.       0.05              0.04    0.01     0.03
DAYS >= .01         8               6.6     1.4       13
DAYS >= .10         4               3.0     1.0        6
DAYS >= .50         1               0.6     0.4        0
DAYS >= 1.00        1               0.3     0.7        0
GREATEST
 24 HR. TOTAL    1.00   01/31 TO 01/31

DEGREE_DAYS
HEATING TOTAL    1137              1204     -67     1195
 SINCE 7/1       3428              3547    -119     3686
COOLING TOTAL       0                 0       0        0
 SINCE 1/1          0                 0       0        0
.................................................................

WIND (MPH)
AVERAGE WIND SPEED              8.8
HIGHEST WIND SPEED/DIRECTION    26/310    DATE  01/29
HIGHEST GUST SPEED/DIRECTION    39/330    DATE  01/29

SKY COVER
POSSIBLE SUNSHINE (PERCENT)   MM
AVERAGE SKY COVER           0.40
NUMBER OF DAYS FAIR           17
NUMBER OF DAYS PC              9
NUMBER OF DAYS CLOUDY          5

AVERAGE RH (PERCENT)     72

WEATHER CONDITIONS. NUMBER OF DAYS WITH
THUNDERSTORM              0     MIXED PRECIP               0
HEAVY RAIN                0     RAIN                       0
LIGHT RAIN                6     FREEZING RAIN              0
LT FREEZING RAIN          0     HAIL                       0
HEAVY SNOW                0     SNOW                       1
LIGHT SNOW               12     SLEET                      0
FOG                      12     FOG W/VIS <= 1/4 MILE      1
HAZE                      3

-  INDICATES NEGATIVE NUMBERS.
R  INDICATES RECORD WAS SET OR TIED.
MM INDICATES DATA IS MISSING.
T  INDICATES TRACE AMOUNT.

$$







U.S. Dept. of Commerce
NOAA National Weather Service
1325 East West Highway
Silver Spring, MD 20910
E-mail: w-nws.webmaster@noaa.gov
Page last modified: May 16, 2007
NATIONAL WEATHER SERVICE: for Safety, for Work, for Fun - FOR LIFE