131
CXUS53 KEAX 010724
CLMIRK

CLIMATE REPORT
NATIONAL WEATHER SERVICE KANSAS CITY/PLEASANT HILL MO
218 AM CDT SAT NOV 1 2014

...................................

...THE KIRKSVILLE CLIMATE SUMMARY FOR THE MONTH OF OCTOBER 2014...

CLIMATE NORMAL PERIOD 1981 TO 2010
CLIMATE RECORD PERIOD 9999 TO 9999

WEATHER         OBSERVED          NORMAL  DEPART  LAST YEAR`S
                 VALUE   DATE(S)  VALUE   FROM    VALUE  DATE(S)
                                          NORMAL
................................................................
TEMPERATURE (F)
HIGHEST            78   10/25        82      -4       87  10/04
LOWEST             27   10/31        26       1       21  10/25
AVG. MAXIMUM     64.9              63.9     1.0     65.4
AVG. MINIMUM     43.7              42.2     1.5     40.8
MEAN             54.3              53.1     1.2     53.1
DAYS MAX >= 90      0               0.1    -0.1        0
DAYS MAX <= 32      0               0.0     0.0        0
DAYS MIN <= 32      1               4.5    -3.5        8
DAYS MIN <= 0       0               0.0     0.0        0

PRECIPITATION (INCHES)
TOTALS           4.04              3.32    0.72     3.71
DAILY AVG.       0.13              0.11    0.02     0.12
DAYS >= .01         9              10.5    -1.5       10
DAYS >= .10         4               5.6    -1.6        5
DAYS >= .50         3               2.1     0.9        2
DAYS >= 1.00        2               0.8     1.2        2
GREATEST
 24 HR. TOTAL    1.67   10/13 TO 10/14

DEGREE_DAYS
HEATING TOTAL     326               382     -56      393
 SINCE 7/1        432               489     -57      463
COOLING TOTAL       3                12      -9       32
 SINCE 1/1        958               939      19     1028
.................................................................

WIND (MPH)
AVERAGE WIND SPEED              8.7
HIGHEST WIND SPEED/DIRECTION    29/330    DATE  10/14
HIGHEST GUST SPEED/DIRECTION    43/330    DATE  10/14

SKY COVER
POSSIBLE SUNSHINE (PERCENT)   MM
AVERAGE SKY COVER           0.30
NUMBER OF DAYS FAIR           18
NUMBER OF DAYS PC              7
NUMBER OF DAYS CLOUDY          6

AVERAGE RH (PERCENT)     73

WEATHER CONDITIONS. NUMBER OF DAYS WITH
THUNDERSTORM              0     MIXED PRECIP               0
HEAVY RAIN                3     RAIN                       5
LIGHT RAIN               13     FREEZING RAIN              0
LT FREEZING RAIN          0     HAIL                       0
HEAVY SNOW                0     SNOW                       0
LIGHT SNOW                0     SLEET                      0
FOG                      14     FOG W/VIS <= 1/4 MILE      6
HAZE                      7

-  INDICATES NEGATIVE NUMBERS.
R  INDICATES RECORD WAS SET OR TIED.
MM INDICATES DATA IS MISSING.
T  INDICATES TRACE AMOUNT.

$$








U.S. Dept. of Commerce
NOAA National Weather Service
1325 East West Highway
Silver Spring, MD 20910
E-mail: w-nws.webmaster@noaa.gov
Page last modified: May 16, 2007
NATIONAL WEATHER SERVICE: for Safety, for Work, for Fun - FOR LIFE