877
CXUS53 KEAX 010639
CLMIRK

STLCLMWK2 000
TTAA00 KEAX 010636


CLIMATE REPORT
NATIONAL WEATHER SERVICE KANSAS CITY/PLEASANT HILL MO
1236 AM CST MON DEC 1 2014

...................................

...THE KIRKSVILLE CLIMATE SUMMARY FOR THE MONTH OF NOVEMBER 2014...

CLIMATE NORMAL PERIOD 1981 TO 2010
CLIMATE RECORD PERIOD 9999 TO 9999

WEATHER         OBSERVED          NORMAL  DEPART  LAST YEAR`S
                 VALUE   DATE(S)  VALUE   FROM    VALUE  DATE(S)
                                          NORMAL
................................................................
TEMPERATURE (F)
HIGHEST            74   11/10        71       3       68  11/17
LOWEST              8   11/18        14      -6        6  11/24
AVG. MAXIMUM     45.2              50.3    -5.1     48.8
AVG. MINIMUM     25.2              30.9    -5.7     27.1
MEAN             35.2              40.6    -5.4     38.0
DAYS MAX >= 90      0               0.0     0.0        0
DAYS MAX <= 32      8               1.9     6.1        4
DAYS MIN <= 32     22              16.4     5.6       21
DAYS MIN <= 0       0               0.0     0.0        0

PRECIPITATION (INCHES)
TOTALS           1.43              2.72   -1.29     1.62
DAILY AVG.       0.05              0.09   -0.04     0.05
DAYS >= .01        10               8.0     2.0        7
DAYS >= .10         4               3.9     0.1        3
DAYS >= .50         1               1.4    -0.4        1
DAYS >= 1.00        0               0.3    -0.3        0
GREATEST
 24 HR. TOTAL    0.98   11/23 TO 11/24

DEGREE_DAYS
HEATING TOTAL     889               732     157      804
 SINCE 7/1       1321              1221     100     1267
COOLING TOTAL       0                 0       0        0
 SINCE 1/1        958               939      19     1028
.................................................................

WIND (MPH)
AVERAGE WIND SPEED              10.5
HIGHEST WIND SPEED/DIRECTION    28/280    DATE  11/24
HIGHEST GUST SPEED/DIRECTION    42/290    DATE  11/05

SKY COVER
POSSIBLE SUNSHINE (PERCENT)   MM
AVERAGE SKY COVER           0.40
NUMBER OF DAYS FAIR           14
NUMBER OF DAYS PC             10
NUMBER OF DAYS CLOUDY          6

AVERAGE RH (PERCENT)     70

WEATHER CONDITIONS. NUMBER OF DAYS WITH
THUNDERSTORM              0     MIXED PRECIP               0
HEAVY RAIN                0     RAIN                       2
LIGHT RAIN                4     FREEZING RAIN              1
LT FREEZING RAIN          1     HAIL                       0
HEAVY SNOW                0     SNOW                       2
LIGHT SNOW                8     SLEET                      0
FOG                      13     FOG W/VIS <= 1/4 MILE      0
HAZE                      4

-  INDICATES NEGATIVE NUMBERS.
R  INDICATES RECORD WAS SET OR TIED.
MM INDICATES DATA IS MISSING.
T  INDICATES TRACE AMOUNT.

$$







U.S. Dept. of Commerce
NOAA National Weather Service
1325 East West Highway
Silver Spring, MD 20910
E-mail: w-nws.webmaster@noaa.gov
Page last modified: May 16, 2007
NATIONAL WEATHER SERVICE: for Safety, for Work, for Fun - FOR LIFE