073
CXUS53 KEAX 011011
CLMIRK

CLIMATE REPORT
NATIONAL WEATHER SERVICE KANSAS CITY/PLEASANT HILL MO
505 AM CDT WED OCT 1 2014

...................................

...THE KIRKSVILLE CLIMATE SUMMARY FOR THE MONTH OF SEPTEMBER 2014...

CLIMATE NORMAL PERIOD 1981 TO 2010
CLIMATE RECORD PERIOD 9999 TO 9999

WEATHER         OBSERVED          NORMAL  DEPART  LAST YEAR`S
                 VALUE   DATE(S)  VALUE   FROM    VALUE  DATE(S)
                                          NORMAL
................................................................
TEMPERATURE (F)
HIGHEST            91   09/04        89       2      100  09/09
LOWEST             37   09/13        37       0       40  09/14
AVG. MAXIMUM     75.7              75.8    -0.1     83.1
AVG. MINIMUM     53.1              53.1     0.0     54.9
MEAN             64.4              64.5    -0.1     69.0
DAYS MAX >= 90      1               1.6    -0.6       10
DAYS MAX <= 32      0               0.0     0.0        0
DAYS MIN <= 32      0               0.2    -0.2        0
DAYS MIN <= 0       0               0.0     0.0        0

PRECIPITATION (INCHES)
TOTALS          10.07              4.11    5.96     1.69
DAILY AVG.       0.34              0.14    0.20     0.06
DAYS >= .01         6               9.1    -3.1       10
DAYS >= .10         4               4.9    -0.9        6
DAYS >= .50         2               2.5    -0.5        0
DAYS >= 1.00        2               1.5     0.5        0
GREATEST
 24 HR. TOTAL    9.60   09/09 TO 09/10

DEGREE_DAYS
HEATING TOTAL     100               100       0       57
 SINCE 7/1        106               107      -1       70
COOLING TOTAL      89                83       6      186
 SINCE 1/1        955               927      28      996
.................................................................

WIND (MPH)
AVERAGE WIND SPEED              6.4
HIGHEST WIND SPEED/DIRECTION    29/140    DATE  09/01
HIGHEST GUST SPEED/DIRECTION    37/130    DATE  09/01

SKY COVER
POSSIBLE SUNSHINE (PERCENT)   MM
AVERAGE SKY COVER           0.30
NUMBER OF DAYS FAIR           18
NUMBER OF DAYS PC              9
NUMBER OF DAYS CLOUDY          3

AVERAGE RH (PERCENT)     76

WEATHER CONDITIONS. NUMBER OF DAYS WITH
THUNDERSTORM              0     MIXED PRECIP               0
HEAVY RAIN                3     RAIN                       4
LIGHT RAIN                7     FREEZING RAIN              0
LT FREEZING RAIN          0     HAIL                       0
HEAVY SNOW                0     SNOW                       0
LIGHT SNOW                0     SLEET                      0
FOG                      22     FOG W/VIS <= 1/4 MILE      6
HAZE                     10

-  INDICATES NEGATIVE NUMBERS.
R  INDICATES RECORD WAS SET OR TIED.
MM INDICATES DATA IS MISSING.
T  INDICATES TRACE AMOUNT.

$$







U.S. Dept. of Commerce
NOAA National Weather Service
1325 East West Highway
Silver Spring, MD 20910
E-mail: w-nws.webmaster@noaa.gov
Page last modified: May 16, 2007
NATIONAL WEATHER SERVICE: for Safety, for Work, for Fun - FOR LIFE