704
CXUS53 KEAX 020746
CLMIRK

STLCLMWK2 000
TTAA00 KEAX 020744


CLIMATE REPORT
NATIONAL WEATHER SERVICE KANSAS CITY/PLEASANT HILL MO
242 AM CDT WED JUL 2 2014

...................................

...THE KIRKSVILLE CLIMATE SUMMARY FOR THE MONTH OF JUNE 2014...

CLIMATE NORMAL PERIOD 1981 TO 2010
CLIMATE RECORD PERIOD 9999 TO 9999

WEATHER         OBSERVED          NORMAL  DEPART  LAST YEAR`S
                 VALUE   DATE(S)  VALUE   FROM    VALUE  DATE(S)
                                          NORMAL
................................................................
TEMPERATURE (F)
HIGHEST            91   06/18        91       0       92  06/26
LOWEST             51   06/13        48       3       40  06/03
AVG. MAXIMUM     82.6              81.0     1.6     80.7
AVG. MINIMUM     62.9              60.7     2.2     60.1
MEAN             72.8              70.8     2.0     70.4
DAYS MAX >= 90      4               2.1     1.9        4
DAYS MAX <= 32      0               0.0     0.0        0
DAYS MIN <= 32      0               0.0     0.0        0
DAYS MIN <= 0       0               0.0     0.0        0

PRECIPITATION (INCHES)
TOTALS           7.42              4.78    2.64     3.44
DAILY AVG.       0.25              0.16    0.09     0.11
DAYS >= .01        12              12.4    -0.4        7
DAYS >= .10         8               8.5    -0.5        6
DAYS >= .50         4               4.5    -0.5        3
DAYS >= 1.00        4               1.5     2.5        1
GREATEST
 24 HR. TOTAL    3.28   06/03 TO 06/04

DEGREE_DAYS
HEATING TOTAL       6                16     -10       36
 SINCE 7/1       6434              5856     578     6071
COOLING TOTAL     247               192      55      207
 SINCE 1/1        369               254     115      275
.................................................................

WIND (MPH)
AVERAGE WIND SPEED              8.2
HIGHEST WIND SPEED/DIRECTION    43/330    DATE  06/03
HIGHEST GUST SPEED/DIRECTION    69/220    DATE  06/04

SKY COVER
POSSIBLE SUNSHINE (PERCENT)   MM
AVERAGE SKY COVER           0.40
NUMBER OF DAYS FAIR           16
NUMBER OF DAYS PC             12
NUMBER OF DAYS CLOUDY          2

AVERAGE RH (PERCENT)     76

WEATHER CONDITIONS. NUMBER OF DAYS WITH
THUNDERSTORM              0     MIXED PRECIP               0
HEAVY RAIN                4     RAIN                       8
LIGHT RAIN               14     FREEZING RAIN              0
LT FREEZING RAIN          0     HAIL                       0
HEAVY SNOW                0     SNOW                       0
LIGHT SNOW                0     SLEET                      0
FOG                      22     FOG W/VIS <= 1/4 MILE      4
HAZE                      4

-  INDICATES NEGATIVE NUMBERS.
R  INDICATES RECORD WAS SET OR TIED.
MM INDICATES DATA IS MISSING.
T  INDICATES TRACE AMOUNT.

$$







U.S. Dept. of Commerce
NOAA National Weather Service
1325 East West Highway
Silver Spring, MD 20910
E-mail: w-nws.webmaster@noaa.gov
Page last modified: May 16, 2007
NATIONAL WEATHER SERVICE: for Safety, for Work, for Fun - FOR LIFE