894
CXUS51 KCTP 010737
CLMIPT

CLIMATE REPORT
NATIONAL WEATHER SERVICE STATE COLLEGE PA
337 AM EDT SAT NOV 1 2014

...................................

...THE WILLIAMSPORT PA CLIMATE SUMMARY FOR THE MONTH OF OCTOBER 2014...

CLIMATE NORMAL PERIOD 1981 TO 2010
CLIMATE RECORD PERIOD 1895 TO 2014

WEATHER         OBSERVED          NORMAL  DEPART  LAST YEAR`S
                 VALUE   DATE(S)  VALUE   FROM    VALUE  DATE(S)
                                          NORMAL
................................................................
TEMPERATURE (F)
RECORD
 HIGH              93   10/02/1927
 LOW               19   10/28/1936
HIGHEST            76   10/28                         83  10/02
LOWEST             33   10/31                         27  10/26
AVG. MAXIMUM     64.9              62.0     2.9     65.9
AVG. MINIMUM     45.2              41.5     3.7     44.8
MEAN             55.0              51.7     3.3     55.3
DAYS MAX >= 90      0               0.0     0.0        0
DAYS MAX <= 32      0               0.0     0.0        0
DAYS MIN <= 32      0               3.6    -3.6        3
DAYS MIN <= 0       0               0.0     0.0        0

PRECIPITATION (INCHES)
RECORD
 MAXIMUM         9.60   1990
 MINIMUM         0.19   1963
TOTALS           2.50              3.42   -0.92     2.99
DAILY AVG.       0.08              0.11   -0.03     0.10
DAYS >= .01        12              10.3     1.7        8
DAYS >= .10         3               5.7    -2.7        7
DAYS >= .50         1               2.1    -1.1        2
DAYS >= 1.00        1               0.8     0.2        1
GREATEST
 24 HR. TOTAL    1.55   10/15 TO 10/15

SNOWFALL (INCHES)
RECORDS
 TOTAL            2.0   1925
TOTALS            0.0               0.1    -0.1      0.0
SINCE 7/1         0.0               0.1    -0.1      0.0
SNOWDEPTH AVG.      0                MM      MM        0
DAYS >= 1.0         0               0.0     0.0        0

DEGREE_DAYS
HEATING TOTAL     307               415    -108      320
 SINCE 7/1        388               543    -155      446
COOLING TOTAL       6                 5       1       30
 SINCE 1/1        713               702      11      863
........................................................

WIND (MPH)
AVERAGE WIND SPEED              6.2
HIGHEST WIND SPEED/DIRECTION    26/250    DATE  10/04
HIGHEST GUST SPEED/DIRECTION    35/270    DATE  10/08

SKY COVER
POSSIBLE SUNSHINE (PERCENT)   MM
AVERAGE SKY COVER           0.60
NUMBER OF DAYS FAIR            7
NUMBER OF DAYS PC             14
NUMBER OF DAYS CLOUDY         10

AVERAGE RH (PERCENT)     67

WEATHER CONDITIONS. NUMBER OF DAYS WITH
THUNDERSTORM              0     MIXED PRECIP               0
HEAVY RAIN                2     RAIN                       4
LIGHT RAIN               18     FREEZING RAIN              0
LT FREEZING RAIN          0     HAIL                       0
HEAVY SNOW                0     SNOW                       0
LIGHT SNOW                0     SLEET                      0
FOG                       9     FOG W/VIS <= 1/4 MILE      2
HAZE                      3

-  INDICATES NEGATIVE NUMBERS.
R  INDICATES RECORD WAS SET OR TIED.
MM INDICATES DATA IS MISSING.
T  INDICATES TRACE AMOUNT.

&&

A RECORD DAILY RAINFALL OF 1.55 INCHES WAS SET ON THE 15TH.
THIS BROKE THE OLD RECORD OF ONE INCH SET IN 1954.

$$
MS




U.S. Dept. of Commerce
NOAA National Weather Service
1325 East West Highway
Silver Spring, MD 20910
E-mail: w-nws.webmaster@noaa.gov
Page last modified: May 16, 2007
NATIONAL WEATHER SERVICE: for Safety, for Work, for Fun - FOR LIFE