272
CXUS53 KDVN 011249
CLMIOW


CLIMATE REPORT
NATIONAL WEATHER SERVICE QUAD CITIES IA IL
641 AM CST MON DEC 1 2014

...................................

...THE IOWA CITY IA CLIMATE SUMMARY FOR THE MONTH OF NOVEMBER 2014...

CLIMATE NORMAL PERIOD 1981 TO 2010
CLIMATE RECORD PERIOD 9999 TO 9999

WEATHER         OBSERVED          NORMAL  DEPART
                 VALUE   DATE(S)  VALUE   FROM
                                          NORMAL
................................................
TEMPERATURE (F)
HIGHEST            67   11/10        56      11
                        11/03
LOWEST              6   11/27        23     -17
                        11/18
                        11/16
AVG. MAXIMUM     40.5              47.7    -7.2
AVG. MINIMUM     21.8              30.2    -8.4
MEAN             31.1              39.0    -7.9
DAYS MAX >= 90      0
DAYS MAX <= 32     12
DAYS MIN <= 32     24
DAYS MIN <= 0       0

PRECIPITATION (INCHES)
TOTALS           1.03              2.35   -1.32
DAILY AVG.       0.03              0.08   -0.05
DAYS >= .01         9
DAYS >= .10         1
DAYS >= .50         1
DAYS >= 1.00        0
GREATEST
 24 HR. TOTAL    0.76   11/23 TO 11/24

DEGREE_DAYS
HEATING TOTAL    1008               782     226
 SINCE 7/1       1560              1307     253
COOLING TOTAL       0                 0       0
 SINCE 1/1        779               912    -133
.................................................

WIND (MPH)
AVERAGE WIND SPEED              10.2
HIGHEST WIND SPEED/DIRECTION    32/320    DATE  11/08
HIGHEST GUST SPEED/DIRECTION    47/310    DATE  11/08

SKY COVER
POSSIBLE SUNSHINE (PERCENT)   MM
AVERAGE SKY COVER           0.50
NUMBER OF DAYS FAIR           10
NUMBER OF DAYS PC             12
NUMBER OF DAYS CLOUDY          8

AVERAGE RH (PERCENT)     74

WEATHER CONDITIONS. NUMBER OF DAYS WITH
THUNDERSTORM              0     HAIL                       0
SLEET                     0     FOG                       14
FOG W/VIS <= 1/4 MILE     4     HAZE                       6

-  INDICATES NEGATIVE NUMBERS.
R  INDICATES RECORD WAS SET OR TIED.
MM INDICATES DATA IS MISSING.
T  INDICATES TRACE AMOUNT.

$$








U.S. Dept. of Commerce
NOAA National Weather Service
1325 East West Highway
Silver Spring, MD 20910
E-mail: w-nws.webmaster@noaa.gov
Page last modified: May 16, 2007
NATIONAL WEATHER SERVICE: for Safety, for Work, for Fun - FOR LIFE