731
CXUS53 KDVN 011500
CLMIOW


CLIMATE REPORT
NATIONAL WEATHER SERVICE QUAD CITIES IA IL
1000 AM CDT WED OCT 1 2014

...................................

...THE IOWA CITY IA CLIMATE SUMMARY FOR THE MONTH OF SEPTEMBER 2014...

CLIMATE NORMAL PERIOD 1981 TO 2010
CLIMATE RECORD PERIOD 9999 TO 9999

WEATHER         OBSERVED          NORMAL  DEPART
                 VALUE   DATE(S)  VALUE   FROM
                                          NORMAL
................................................
TEMPERATURE (F)
HIGHEST            90   09/04        80      10
LOWEST             37   09/13        46      -9
AVG. MAXIMUM     74.1              75.9    -1.8
AVG. MINIMUM     51.3              52.5    -1.2
MEAN             62.7              64.2    -1.5
DAYS MAX >= 90      1
DAYS MAX <= 32      0
DAYS MIN <= 32      0
DAYS MIN <= 0       0

PRECIPITATION (INCHES)
TOTALS           5.87              3.39    2.48
DAILY AVG.       0.20              0.11    0.09
DAYS >= .01         9
DAYS >= .10         6
DAYS >= .50         3
DAYS >= 1.00        3
GREATEST
 24 HR. TOTAL    3.12   09/09 TO 09/10

DEGREE_DAYS
HEATING TOTAL     121               104      17
 SINCE 7/1        133               112      21
COOLING TOTAL      62                80     -18
 SINCE 1/1        778               902    -124
.................................................

WIND (MPH)
AVERAGE WIND SPEED              6.0
HIGHEST WIND SPEED/DIRECTION    37/190    DATE  09/08
HIGHEST GUST SPEED/DIRECTION    47/190    DATE  09/08

SKY COVER
POSSIBLE SUNSHINE (PERCENT)   MM
AVERAGE SKY COVER           0.30
NUMBER OF DAYS FAIR           22
NUMBER OF DAYS PC              4
NUMBER OF DAYS CLOUDY          4

AVERAGE RH (PERCENT)     76

WEATHER CONDITIONS. NUMBER OF DAYS WITH
THUNDERSTORM              6     HAIL                       0
SLEET                     0     FOG                       16
FOG W/VIS <= 1/4 MILE     4     HAZE                       1

-  INDICATES NEGATIVE NUMBERS.
R  INDICATES RECORD WAS SET OR TIED.
MM INDICATES DATA IS MISSING.
T  INDICATES TRACE AMOUNT.

$$






U.S. Dept. of Commerce
NOAA National Weather Service
1325 East West Highway
Silver Spring, MD 20910
E-mail: w-nws.webmaster@noaa.gov
Page last modified: May 16, 2007
NATIONAL WEATHER SERVICE: for Safety, for Work, for Fun - FOR LIFE