393
CXUS53 KDVN 011040
CLMIOW


CLIMATE REPORT
NATIONAL WEATHER SERVICE QUAD CITIES IA IL
540 AM CDT FRI AUG 1 2014

...................................

...THE IOWA CITY IA CLIMATE SUMMARY FOR THE MONTH OF JULY 2014...

CLIMATE NORMAL PERIOD 1981 TO 2010
CLIMATE RECORD PERIOD 9999 TO 9999

WEATHER         OBSERVED          NORMAL  DEPART
                 VALUE   DATE(S)  VALUE   FROM
                                          NORMAL
................................................
TEMPERATURE (F)
HIGHEST            90   07/22        88       2
LOWEST             50   07/16        65     -15
AVG. MAXIMUM     79.5              84.6    -5.1
AVG. MINIMUM     60.0              65.0    -5.0
MEAN             69.7              74.8    -5.1
DAYS MAX >= 90      1
DAYS MAX <= 32      0
DAYS MIN <= 32      0
DAYS MIN <= 0       0

PRECIPITATION (INCHES)
TOTALS           2.96              4.95   -1.99
DAILY AVG.       0.10              0.16   -0.06
DAYS >= .01         8
DAYS >= .10         3
DAYS >= .50         2
DAYS >= 1.00        1
GREATEST
 24 HR. TOTAL    1.82   07/12 TO 07/12

DEGREE_DAYS
HEATING TOTAL      12                 2      10
 SINCE 7/1         12                 2      10
COOLING TOTAL     164               306    -142
 SINCE 1/1        467               578    -111
.................................................

WIND (MPH)
AVERAGE WIND SPEED              7.2
HIGHEST WIND SPEED/DIRECTION    28/310    DATE  07/27
HIGHEST GUST SPEED/DIRECTION    37/290    DATE  07/27

SKY COVER
POSSIBLE SUNSHINE (PERCENT)   MM
AVERAGE SKY COVER           0.20
NUMBER OF DAYS FAIR           23
NUMBER OF DAYS PC              7
NUMBER OF DAYS CLOUDY          1

AVERAGE RH (PERCENT)     75

WEATHER CONDITIONS. NUMBER OF DAYS WITH
THUNDERSTORM              4     HAIL                       0
SLEET                     0     FOG                       10
FOG W/VIS <= 1/4 MILE     0     HAZE                       0

-  INDICATES NEGATIVE NUMBERS.
R  INDICATES RECORD WAS SET OR TIED.
MM INDICATES DATA IS MISSING.
T  INDICATES TRACE AMOUNT.

$$





U.S. Dept. of Commerce
NOAA National Weather Service
1325 East West Highway
Silver Spring, MD 20910
E-mail: w-nws.webmaster@noaa.gov
Page last modified: May 16, 2007
NATIONAL WEATHER SERVICE: for Safety, for Work, for Fun - FOR LIFE