272
CXUS53 KDVN 011210
CLMIOW


CLIMATE REPORT
NATIONAL WEATHER SERVICE QUAD CITIES IA IL
710 AM CDT TUE APR 1 2014

...................................

...THE IOWA CITY IA CLIMATE SUMMARY FOR THE MONTH OF MARCH 2014...

CLIMATE NORMAL PERIOD 1981 TO 2010
CLIMATE RECORD PERIOD 9999 TO 9999

WEATHER         OBSERVED          NORMAL  DEPART
                 VALUE   DATE(S)  VALUE   FROM
                                          NORMAL
................................................
TEMPERATURE (F)
HIGHEST            69   03/31        56      13
LOWEST            -10   03/03        24     -34
AVG. MAXIMUM     41.7              48.2    -6.5
AVG. MINIMUM     20.6              29.1    -8.5
MEAN             31.1              38.6    -7.5
DAYS MAX >= 90      0
DAYS MAX <= 32      8
DAYS MIN <= 32     25
DAYS MIN <= 0       2

PRECIPITATION (INCHES)
TOTALS           0.63              2.22   -1.59
DAILY AVG.       0.02              0.07   -0.05
DAYS >= .01         8
DAYS >= .10         2
DAYS >= .50         0
DAYS >= 1.00        0
GREATEST
 24 HR. TOTAL    0.32   03/26 TO 03/27

DEGREE_DAYS
HEATING TOTAL    1043               817     226
 SINCE 7/1       6836              5767    1069
COOLING TOTAL       0                 0       0
 SINCE 1/1          0                 0       0
.................................................

WIND (MPH)
AVERAGE WIND SPEED              10.1
HIGHEST WIND SPEED/DIRECTION    33/170    DATE  03/31
HIGHEST GUST SPEED/DIRECTION    43/150    DATE  03/31

SKY COVER
POSSIBLE SUNSHINE (PERCENT)   MM
AVERAGE SKY COVER           0.40
NUMBER OF DAYS FAIR           17
NUMBER OF DAYS PC              8
NUMBER OF DAYS CLOUDY          6

AVERAGE RH (PERCENT)     69

WEATHER CONDITIONS. NUMBER OF DAYS WITH
THUNDERSTORM              2     HAIL                       0
SLEET                     0     FOG                       16
FOG W/VIS <= 1/4 MILE     1     HAZE                       9

-  INDICATES NEGATIVE NUMBERS.
R  INDICATES RECORD WAS SET OR TIED.
MM INDICATES DATA IS MISSING.
T  INDICATES TRACE AMOUNT.

$$






U.S. Dept. of Commerce
NOAA National Weather Service
1325 East West Highway
Silver Spring, MD 20910
E-mail: w-nws.webmaster@noaa.gov
Page last modified: May 16, 2007
NATIONAL WEATHER SERVICE: for Safety, for Work, for Fun - FOR LIFE