304
CXUS53 KDVN 012100
CLMIOW


CLIMATE REPORT
NATIONAL WEATHER SERVICE QUAD CITIES IA IL
400 PM CDT TUE JUL 1 2014

...................................

...THE IOWA CITY IA CLIMATE SUMMARY FOR THE MONTH OF JUNE 2014...

CLIMATE NORMAL PERIOD 1981 TO 2010
CLIMATE RECORD PERIOD 9999 TO 9999

WEATHER         OBSERVED          NORMAL  DEPART
                 VALUE   DATE(S)  VALUE   FROM
                                          NORMAL
................................................
TEMPERATURE (F)
HIGHEST            89   06/01        87       2
LOWEST             49   06/13        58      -9
AVG. MAXIMUM     81.1              81.6    -0.5
AVG. MINIMUM     62.5              61.3     1.2
MEAN             71.8              71.5     0.3
DAYS MAX >= 90      0
DAYS MAX <= 32      0
DAYS MIN <= 32      0
DAYS MIN <= 0       0

PRECIPITATION (INCHES)
TOTALS           9.80              4.61    5.19
DAILY AVG.       0.33              0.15    0.18
DAYS >= .01        17
DAYS >= .10        13
DAYS >= .50         5
DAYS >= 1.00        3
GREATEST
 24 HR. TOTAL    4.04   06/29 TO 06/30

DEGREE_DAYS
HEATING TOTAL       4                17     -13
 SINCE 7/1       7486              6378    1108
COOLING TOTAL     214               211       3
 SINCE 1/1        303               272      31
.................................................

WIND (MPH)
AVERAGE WIND SPEED              7.6
HIGHEST WIND SPEED/DIRECTION    44/320    DATE  06/30
HIGHEST GUST SPEED/DIRECTION    64/300    DATE  06/30

SKY COVER
POSSIBLE SUNSHINE (PERCENT)   MM
AVERAGE SKY COVER           0.40
NUMBER OF DAYS FAIR           16
NUMBER OF DAYS PC             12
NUMBER OF DAYS CLOUDY          2

AVERAGE RH (PERCENT)     76

WEATHER CONDITIONS. NUMBER OF DAYS WITH
THUNDERSTORM             11     HAIL                       0
SLEET                     0     FOG                       18
FOG W/VIS <= 1/4 MILE     1     HAZE                       0

-  INDICATES NEGATIVE NUMBERS.
R  INDICATES RECORD WAS SET OR TIED.
MM INDICATES DATA IS MISSING.
T  INDICATES TRACE AMOUNT.

$$





U.S. Dept. of Commerce
NOAA National Weather Service
1325 East West Highway
Silver Spring, MD 20910
E-mail: w-nws.webmaster@noaa.gov
Page last modified: May 16, 2007
NATIONAL WEATHER SERVICE: for Safety, for Work, for Fun - FOR LIFE