168
CXUS55 KFGZ 011718
CLMINW


CLIMATE REPORT
NATIONAL WEATHER SERVICE FLAGSTAFF, AZ
1018 AM MST WED OCT 1 2014

...................................

...THE WINSLOW AZ AIRPORT CLIMATE SUMMARY FOR THE MONTH OF SEPTEMBER 2014...

CLIMATE NORMAL PERIOD 1981 TO 2010
CLIMATE RECORD PERIOD 1898 TO 2014

WEATHER         OBSERVED          NORMAL  DEPART  LAST YEAR`S
                 VALUE   DATE(S)  VALUE   FROM    VALUE  DATE(S)
                                          NORMAL
................................................................
TEMPERATURE (F)
RECORD
 HIGH              99   09/01/1950
                        09/03/1948
                        09/02/1948
 LOW               29   09/27/1924
HIGHEST            95                                 94  09/04
LOWEST             43                                 34  09/28
AVG. MAXIMUM     87.2              85.2     2.0     83.7
AVG. MINIMUM     55.6              52.3     3.3     54.0
MEAN             71.4              68.7     2.7     68.8
DAYS MAX >= 90     13               7.5     5.5        6
DAYS MAX <= 32      0               0.0     0.0        0
DAYS MIN <= 32      0               0.0     0.0        0
DAYS MIN <= 0       0               0.0     0.0        0

PRECIPITATION (INCHES)
RECORD
 MAXIMUM         3.45   1996
 MINIMUM         0.00   1957
TOTALS           1.34              0.88    0.46     0.93
DAILY AVG.       0.04              0.03    0.01     0.03
DAYS >= .01         6               5.1     0.9        5
DAYS >= .10         3               2.2     0.8        2
DAYS >= .50         1               0.4     0.6        1
DAYS >= 1.00        0               0.1    -0.1        0
GREATEST
 24 HR. TOTAL    0.74   09/27 TO 09/28              0.65

DEGREE_DAYS
HEATING TOTAL      13                31     -18       33
 SINCE 7/1         13                31     -18       33
COOLING TOTAL     210               143      67      155
 SINCE 1/1       1326              1201     125     1380
.................................................................

WIND (MPH)
AVERAGE WIND SPEED              6.6
HIGHEST WIND SPEED/DIRECTION    36/240    DATE  09/27
HIGHEST GUST SPEED/DIRECTION    45/230    DATE  09/27

SKY COVER
POSSIBLE SUNSHINE (PERCENT)   MM
AVERAGE SKY COVER           0.20
NUMBER OF DAYS FAIR           25
NUMBER OF DAYS PC              5
NUMBER OF DAYS CLOUDY          0

AVERAGE RH (PERCENT)     51

WEATHER CONDITIONS. NUMBER OF DAYS WITH
THUNDERSTORM              0     MIXED PRECIP               0
HEAVY RAIN                2     RAIN                       4
LIGHT RAIN                6     FREEZING RAIN              0
LT FREEZING RAIN          0     HAIL                       0
HEAVY SNOW                0     SNOW                       0
LIGHT SNOW                0     SLEET                      0
FOG                       3     FOG W/VIS <= 1/4 MILE      0
HAZE                      0

-  INDICATES NEGATIVE NUMBERS.
R  INDICATES RECORD WAS SET OR TIED.
MM INDICATES DATA IS MISSING.
T  INDICATES TRACE AMOUNT.

$$




U.S. Dept. of Commerce
NOAA National Weather Service
1325 East West Highway
Silver Spring, MD 20910
E-mail: w-nws.webmaster@noaa.gov
Page last modified: May 16, 2007
NATIONAL WEATHER SERVICE: for Safety, for Work, for Fun - FOR LIFE