898
CXUS55 KFGZ 011559
CLMINW


CLIMATE REPORT
NATIONAL WEATHER SERVICE FLAGSTAFF, AZ
859 AM MST MON DEC 1 2014

...................................

...THE WINSLOW AZ AIRPORT CLIMATE SUMMARY FOR THE MONTH OF NOVEMBER 2014...

CLIMATE NORMAL PERIOD 1981 TO 2010
CLIMATE RECORD PERIOD 1915 TO 2014

WEATHER         OBSERVED          NORMAL  DEPART  LAST YEAR`S
                 VALUE   DATE(S)  VALUE   FROM    VALUE  DATE(S)
                                          NORMAL
................................................................
TEMPERATURE (F)
RECORD
 HIGH              82   11/05/2009
 LOW               -9   11/29/1919
HIGHEST            76                                 73  11/02
LOWEST             10                                 15  11/06
AVG. MAXIMUM     63.4              60.1     3.3     59.1
AVG. MINIMUM     26.5              27.9    -1.4     30.1
MEAN             45.0              44.0     1.0     44.8
DAYS MAX >= 90      0               0.0     0.0        0
DAYS MAX <= 32      0               0.0     0.0        0
DAYS MIN <= 32     22              21.4     0.6       18
DAYS MIN <= 0       0               0.0     0.0        0

PRECIPITATION (INCHES)
RECORD
 MAXIMUM         2.54   2013
 MINIMUM         0.00   1999
TOTALS              T              0.51   -0.51     2.54
DAILY AVG.          T              0.02   -0.02     0.08
DAYS >= .01         0               3.4    -3.4        5
DAYS >= .10         0               1.5    -1.5        4
DAYS >= .50         0               0.2    -0.2        1
DAYS >= 1.00        0               0.0     0.0        1
GREATEST
 24 HR. TOTAL       T   11/16 TO 11/16              1.96
                        11/15 TO 11/16
                        11/16 TO 11/16

DEGREE_DAYS
HEATING TOTAL     594               630     -36      559
 SINCE 7/1        752               936    -184      972
COOLING TOTAL       0                 0       0        0
 SINCE 1/1       1327              1208     119     1380
.................................................................

WIND (MPH)
AVERAGE WIND SPEED              7.6
HIGHEST WIND SPEED/DIRECTION    38/230    DATE  11/10
HIGHEST GUST SPEED/DIRECTION    47/220    DATE  11/10

SKY COVER
POSSIBLE SUNSHINE (PERCENT)   MM
AVERAGE SKY COVER           0.00
NUMBER OF DAYS FAIR           30
NUMBER OF DAYS PC              0
NUMBER OF DAYS CLOUDY          0

AVERAGE RH (PERCENT)     39

WEATHER CONDITIONS. NUMBER OF DAYS WITH
THUNDERSTORM              0     MIXED PRECIP               0
HEAVY RAIN                0     RAIN                       0
LIGHT RAIN                1     FREEZING RAIN              0
LT FREEZING RAIN          0     HAIL                       0
HEAVY SNOW                0     SNOW                       0
LIGHT SNOW                0     SLEET                      0
FOG                       0     FOG W/VIS <= 1/4 MILE      0
HAZE                      5

-  INDICATES NEGATIVE NUMBERS.
R  INDICATES RECORD WAS SET OR TIED.
MM INDICATES DATA IS MISSING.
T  INDICATES TRACE AMOUNT.

$$





U.S. Dept. of Commerce
NOAA National Weather Service
1325 East West Highway
Silver Spring, MD 20910
E-mail: w-nws.webmaster@noaa.gov
Page last modified: May 16, 2007
NATIONAL WEATHER SERVICE: for Safety, for Work, for Fun - FOR LIFE