242
CXUS55 KFGZ 020123
CLMINW


CLIMATE REPORT
NATIONAL WEATHER SERVICE FLAGSTAFF, AZ
623 PM MST FRI AUG 1 2014

...................................

...THE WINSLOW AZ AIRPORT CLIMATE SUMMARY FOR THE MONTH OF JULY 2014...

CLIMATE NORMAL PERIOD 1981 TO 2010
CLIMATE RECORD PERIOD 1898 TO 2014

WEATHER         OBSERVED          NORMAL  DEPART  LAST YEAR`S
                 VALUE   DATE(S)  VALUE   FROM    VALUE  DATE(S)
                                          NORMAL
................................................................
TEMPERATURE (F)
RECORD
 HIGH             109   07/13/1971
 LOW               42   07/01/1928
HIGHEST           103                                102  07/09
                                                          07/04
LOWEST             60                                 57  07/13
                                                          07/07
AVG. MAXIMUM     95.9              94.5     1.4     94.5
AVG. MINIMUM     64.7              61.9     2.8     65.3
MEAN             80.3              78.2     2.1     79.9
DAYS MAX >= 90     29              24.9     4.1       27
DAYS MAX <= 32      0               0.0     0.0        0
DAYS MIN <= 32      0               0.0     0.0        0
DAYS MIN <= 0       0               0.0     0.0        0

PRECIPITATION (INCHES)
RECORD
 MAXIMUM         4.81   1923
 MINIMUM            T   2005
TOTALS           0.32              1.04   -0.72     1.33
DAILY AVG.       0.01              0.03   -0.02     0.04
DAYS >= .01         5               6.2    -1.2        9
DAYS >= .10         1               2.8    -1.8        5
DAYS >= .50         0               0.5    -0.5        0
DAYS >= 1.00        0               0.1    -0.1        0
GREATEST
 24 HR. TOTAL    0.21   07/06 TO 07/06              0.42
                        07/05 TO 07/06
                        07/06 TO 07/06

DEGREE_DAYS
HEATING TOTAL       0                 0       0        0
 SINCE 7/1          0                 0       0        0
COOLING TOTAL     482               409      73      471
 SINCE 1/1        819               717     102      898
.................................................................

WIND (MPH)
AVERAGE WIND SPEED              8.6
HIGHEST WIND SPEED/DIRECTION    45/160    DATE  07/27
HIGHEST GUST SPEED/DIRECTION    58/160    DATE  07/27

SKY COVER
POSSIBLE SUNSHINE (PERCENT)   MM
AVERAGE SKY COVER           0.20
NUMBER OF DAYS FAIR           29
NUMBER OF DAYS PC              2
NUMBER OF DAYS CLOUDY          0

AVERAGE RH (PERCENT)     40

WEATHER CONDITIONS. NUMBER OF DAYS WITH
THUNDERSTORM              0     MIXED PRECIP               0
HEAVY RAIN                0     RAIN                       1
LIGHT RAIN               13     FREEZING RAIN              0
LT FREEZING RAIN          0     HAIL                       0
HEAVY SNOW                0     SNOW                       0
LIGHT SNOW                0     SLEET                      0
FOG                       1     FOG W/VIS <= 1/4 MILE      0
HAZE                      6

-  INDICATES NEGATIVE NUMBERS.
R  INDICATES RECORD WAS SET OR TIED.
MM INDICATES DATA IS MISSING.
T  INDICATES TRACE AMOUNT.

$$





U.S. Dept. of Commerce
NOAA National Weather Service
1325 East West Highway
Silver Spring, MD 20910
E-mail: w-nws.webmaster@noaa.gov
Page last modified: May 16, 2007
NATIONAL WEATHER SERVICE: for Safety, for Work, for Fun - FOR LIFE