819
CXUS53 KIND 011515
CLMIND


CLIMATE REPORT
NATIONAL WEATHER SERVICE INDIANAPOLIS IN
1111 AM EDT SAT NOV 1 2014

...................................

...THE INDIANAPOLIS IN CLIMATE SUMMARY FOR THE MONTH OF OCTOBER 2014...

CLIMATE NORMAL PERIOD 1981 TO 2010
CLIMATE RECORD PERIOD 1871 TO 2014

WEATHER         OBSERVED          NORMAL  DEPART  LAST YEAR`S
                 VALUE   DATE(S)  VALUE   FROM    VALUE  DATE(S)
                                          NORMAL
................................................................
TEMPERATURE (F)
RECORD
 HIGH              91   10/08/2007
 LOW               20   10/24/1981
                        10/28/1976
                        10/26/1962
HIGHEST            81   10/02                         82  10/04
                                                          10/03
LOWEST             33   10/31                         26  10/25
AVG. MAXIMUM     63.2              65.3    -2.1     64.3
AVG. MINIMUM     45.2              44.7     0.5     44.9
MEAN             54.2              55.0    -0.8     54.6
DAYS MAX >= 90      0               0.1    -0.1        0
DAYS MAX <= 32      0               0.0     0.0        0
DAYS MIN <= 32      0               2.3    -2.3        6
DAYS MIN <= 0       0               0.0     0.0        0

PRECIPITATION (INCHES)
RECORD
 MAXIMUM         8.98   1919
 MINIMUM         0.17   1963
TOTALS           3.17              3.12    0.05     5.46
DAILY AVG.       0.10              0.10    0.00     0.18
DAYS >= .01        16               8.6     7.4       14
DAYS >= .10        10               5.3     4.7        6
DAYS >= .50         2               2.1    -0.1        3
DAYS >= 1.00        0               0.8    -0.8        3
GREATEST
 24 HR. TOTAL    0.98   10/13 TO 10/14

SNOWFALL (INCHES)
RECORDS
 TOTAL            9.3   1989
 SNOW DEPTH         2   10/19/1989
TOTALS            0.1               0.4    -0.3        T
SINCE 7/1         0.1               0.4    -0.3        T
SNOWDEPTH AVG.      0
DAYS >= 1.0         0               0.1    -0.1        0
DAYS >= 0.1         0                                  0
GREATEST
 SNOW DEPTH         0   MM                             0  MM
 24 HR TOTAL      0.1   10/31 TO 10/31                 T  10/24 TO 10/24

DEGREE_DAYS
HEATING TOTAL     335               326       9      346
 SINCE 7/1        414               401      13      380
COOLING TOTAL       9                16      -7       31
 SINCE 1/1        900              1065    -165     1160
.....................................................

WIND (MPH)
AVERAGE WIND SPEED              9.8
HIGHEST WIND SPEED/DIRECTION    33/300    DATE  10/31
HIGHEST GUST SPEED/DIRECTION    44/310    DATE  10/31

SKY COVER
POSSIBLE SUNSHINE (PERCENT)   MM
AVERAGE SKY COVER           0.70
NUMBER OF DAYS FAIR            4
NUMBER OF DAYS PC             11
NUMBER OF DAYS CLOUDY         16

AVERAGE RH (PERCENT)     72

WEATHER CONDITIONS. NUMBER OF DAYS WITH
THUNDERSTORM              4     MIXED PRECIP               1
HEAVY RAIN                2     RAIN                       7
LIGHT RAIN               17     FREEZING RAIN              0
LT FREEZING RAIN          0     HAIL                       0
HEAVY SNOW                0     SNOW                       1
LIGHT SNOW                1     SLEET                      0
FOG                      18     FOG W/VIS <= 1/4 MILE      0
HAZE                      3

-  INDICATES NEGATIVE NUMBERS.
R  INDICATES RECORD WAS SET OR TIED.
MM INDICATES DATA IS MISSING.
T  INDICATES TRACE AMOUNT.

$$





U.S. Dept. of Commerce
NOAA National Weather Service
1325 East West Highway
Silver Spring, MD 20910
E-mail: w-nws.webmaster@noaa.gov
Page last modified: May 16, 2007
NATIONAL WEATHER SERVICE: for Safety, for Work, for Fun - FOR LIFE