420
CXUS53 KLBF 011332
CLMIML

CLIMATE REPORT
NATIONAL WEATHER SERVICE NORTH PLATTE
726 AM CST MON DEC 1 2014

...................................

...THE IMPERIAL NE CLIMATE SUMMARY FOR THE MONTH OF NOVEMBER 2014...

CLIMATE NORMAL PERIOD 1981 TO 2010
CLIMATE RECORD PERIOD 1893 TO 2014

WEATHER         OBSERVED          NORMAL  DEPART  LAST YEAR`S
                 VALUE   DATE(S)  VALUE   FROM    VALUE  DATE(S)
                                          NORMAL
................................................................
TEMPERATURE (F)
RECORD
 HIGH              84   11/08/2006
 LOW              -18   11/27/1896
HIGHEST            76   11/09        73       3       71  11/13
LOWEST             -3   11/13         6      -9       10  11/22
AVG. MAXIMUM     50.3              51.2    -0.9     52.0
AVG. MINIMUM     19.5              24.2    -4.7     24.1
MEAN             34.9              37.7    -2.8     38.1
DAYS MAX >= 90      0               0.0     0.0        0
DAYS MAX <= 32      6               2.3     3.7        3
DAYS MIN <= 32     26              24.8     1.2       28
DAYS MIN <= 0       2               0.0     2.0        0

PRECIPITATION (INCHES)
RECORD
 MAXIMUM         3.34   1930
 MINIMUM         0.00   1901
TOTALS           0.04              0.63   -0.59     0.54
DAILY AVG.       0.00              0.02   -0.02     0.02
DAYS >= .01         2                MM      MM        2
DAYS >= .10         0                MM      MM        1
DAYS >= .50         0                MM      MM        1
DAYS >= 1.00        0                MM      MM        0
GREATEST
 24 HR. TOTAL    0.03   11/03 TO 11/03           11/05 TO 11/05
                        11/02 TO 11/03                    11/04 TO 11/05
                        11/03 TO 11/03                    11/05 TO 11/05

SNOWFALL (INCHES)
TOTALS             MM

DEGREE_DAYS
HEATING TOTAL     895               819      76      802
 SINCE 7/1       1314              1381     -67     1341
COOLING TOTAL       0                 0       0        0
 SINCE 1/1        955               963      -8     1166
......................................................

WIND (MPH)
HIGHEST WIND SPEED/DIRECTION    39/330    DATE  11/16
HIGHEST GUST SPEED/DIRECTION    50/360    DATE  11/10

AVERAGE RH (PERCENT)     54

WEATHER CONDITIONS. NUMBER OF DAYS WITH
THUNDERSTORM              0     MIXED PRECIP               0
HEAVY RAIN                0     RAIN                       0
LIGHT RAIN                2     FREEZING RAIN              0
LT FREEZING RAIN          0     HAIL                       0
HEAVY SNOW                0     SNOW                       1
LIGHT SNOW                5     SLEET                      0
FOG                       4     FOG W/VIS <= 1/4 MILE      0
HAZE                      9

-  INDICATES NEGATIVE NUMBERS.
R  INDICATES RECORD WAS SET OR TIED.
MM INDICATES DATA IS MISSING.
T  INDICATES TRACE AMOUNT.

$$







U.S. Dept. of Commerce
NOAA National Weather Service
1325 East West Highway
Silver Spring, MD 20910
E-mail: w-nws.webmaster@noaa.gov
Page last modified: May 16, 2007
NATIONAL WEATHER SERVICE: for Safety, for Work, for Fun - FOR LIFE