933
CXUS53 KLBF 011320
CLMIML


CLIMATE REPORT
NATIONAL WEATHER SERVICE NORTH PLATTE
820 AM CDT MON SEP 1 2014

...................................

...THE IMPERIAL NE CLIMATE SUMMARY FOR THE MONTH OF AUGUST 2014...

CLIMATE NORMAL PERIOD 1981 TO 2010
CLIMATE RECORD PERIOD 1893 TO 2014

WEATHER         OBSERVED          NORMAL  DEPART  LAST YEAR`S
                 VALUE   DATE(S)  VALUE   FROM    VALUE  DATE(S)
                                          NORMAL
................................................................
TEMPERATURE (F)
RECORD
 HIGH             111   08/02/2008
 LOW               34   08/25/1910
HIGHEST            98   08/17        99      -1      102  08/29
                                                          08/27
                                                          08/26
LOWEST             55   08/30        50       5       52  08/09
AVG. MAXIMUM     88.7              87.8     0.9     90.7
AVG. MINIMUM     60.8              59.9     0.9     61.5
MEAN             74.8              73.8     1.0     76.1
DAYS MAX >= 90     16              13.2     2.8       15
DAYS MAX <= 32      0               0.0     0.0        0
DAYS MIN <= 32      0               0.0     0.0        0
DAYS MIN <= 0       0               0.0     0.0        0

PRECIPITATION (INCHES)
RECORD
 MAXIMUM         9.59   1933
 MINIMUM         0.12   1995
TOTALS           3.22              2.59    0.63     0.76
DAILY AVG.       0.10              0.08    0.02     0.02
DAYS >= .01        16                MM      MM        8
DAYS >= .10         7                MM      MM        3
DAYS >= .50         2                MM      MM        0
DAYS >= 1.00        0                MM      MM        0
GREATEST
 24 HR. TOTAL    0.90   08/27 TO 08/28           08/06 TO 08/07
                                                          08/07 TO 08/07
                                                          08/07 TO 08/07

SNOWFALL (INCHES)
TOTALS             MM

DEGREE_DAYS
HEATING TOTAL       0                 7      -7        0
 SINCE 7/1         11                 9       2        8
COOLING TOTAL     309               282      27      352
 SINCE 1/1        846               866     -20      973
........................................................

WIND (MPH)
HIGHEST WIND SPEED/DIRECTION    44/040    DATE  08/18
HIGHEST GUST SPEED/DIRECTION    61/300    DATE  08/08

AVERAGE RH (PERCENT)     61

WEATHER CONDITIONS. NUMBER OF DAYS WITH
THUNDERSTORM              0     MIXED PRECIP               0
HEAVY RAIN                6     RAIN                       8
LIGHT RAIN               17     FREEZING RAIN              0
LT FREEZING RAIN          0     HAIL                       0
HEAVY SNOW                0     SNOW                       0
LIGHT SNOW                0     SLEET                      0
FOG                       9     FOG W/VIS <= 1/4 MILE      1
HAZE                      8

-  INDICATES NEGATIVE NUMBERS.
R  INDICATES RECORD WAS SET OR TIED.
MM INDICATES DATA IS MISSING.
T  INDICATES TRACE AMOUNT.

$$




U.S. Dept. of Commerce
NOAA National Weather Service
1325 East West Highway
Silver Spring, MD 20910
E-mail: w-nws.webmaster@noaa.gov
Page last modified: May 16, 2007
NATIONAL WEATHER SERVICE: for Safety, for Work, for Fun - FOR LIFE