867
CXUS53 KLBF 011418
CLMIML


CLIMATE REPORT
NATIONAL WEATHER SERVICE NORTH PLATTE
905 AM CDT TUE APR 1 2014

...................................

...THE IMPERIAL NE CLIMATE SUMMARY FOR THE MONTH OF MARCH 2014...

CLIMATE NORMAL PERIOD 1981 TO 2010
CLIMATE RECORD PERIOD 1893 TO 2014

WEATHER         OBSERVED          NORMAL  DEPART  LAST YEAR`S
                 VALUE   DATE(S)  VALUE   FROM    VALUE  DATE(S)
                                          NORMAL
................................................................
TEMPERATURE (F)
RECORD
 HIGH              89   03/29/1967
 LOW              -24   03/03/1960
HIGHEST            76   03/26        78      -2       81  03/15
                        03/10
                        03/09
LOWEST             -4   03/02         7     -11        6  03/26
AVG. MAXIMUM     55.0              54.1     0.9     52.9
AVG. MINIMUM     24.7              25.6    -0.9     24.0
MEAN             39.8              39.8     0.0     38.5
DAYS MAX >= 90      0               0.0     0.0        0
DAYS MAX <= 32      3               1.5     1.5        3
DAYS MIN <= 32     27              25.5     1.5       27
DAYS MIN <= 0       2               0.2     1.8        0

PRECIPITATION (INCHES)
RECORD
 MAXIMUM         6.15   1981
 MINIMUM         0.10   1968
TOTALS           0.20              1.07   -0.87     0.81
DAILY AVG.       0.01              0.03   -0.02     0.03
DAYS >= .01         6                MM      MM        7
DAYS >= .10         1                MM      MM        3
DAYS >= .50         0                MM      MM        0
DAYS >= 1.00        0                MM      MM        0
GREATEST
 24 HR. TOTAL    0.10   03/18 TO 03/18           03/22 TO 03/22
                                                          03/22 TO 03/22
                                                          03/22 TO 03/22

SNOWFALL (INCHES)
TOTALS             MM

DEGREE_DAYS
HEATING TOTAL     774               780      -6      816
 SINCE 7/1       5571              5369     202     5310
COOLING TOTAL       0                 0       0        0
 SINCE 1/1          0                 0       0        0
...................................................

WIND (MPH)
HIGHEST WIND SPEED/DIRECTION    52/310    DATE  03/31
HIGHEST GUST SPEED/DIRECTION    67/310    DATE  03/31

AVERAGE RH (PERCENT)     57

WEATHER CONDITIONS. NUMBER OF DAYS WITH
THUNDERSTORM              0     MIXED PRECIP               1
HEAVY RAIN                0     RAIN                       0
LIGHT RAIN                4     FREEZING RAIN              0
LT FREEZING RAIN          1     HAIL                       0
HEAVY SNOW                0     SNOW                       3
LIGHT SNOW                7     SLEET                      0
FOG                       6     FOG W/VIS <= 1/4 MILE      1
HAZE                      5

-  INDICATES NEGATIVE NUMBERS.
R  INDICATES RECORD WAS SET OR TIED.
MM INDICATES DATA IS MISSING.
T  INDICATES TRACE AMOUNT.

$$





U.S. Dept. of Commerce
NOAA National Weather Service
1325 East West Highway
Silver Spring, MD 20910
E-mail: w-nws.webmaster@noaa.gov
Page last modified: May 16, 2007
NATIONAL WEATHER SERVICE: for Safety, for Work, for Fun - FOR LIFE