738
CXUS53 KLBF 011249
CLMIML


CLIMATE REPORT
NATIONAL WEATHER SERVICE NORTH PLATTE
749 AM CDT WED OCT 1 2014

...................................

...THE IMPERIAL NE CLIMATE SUMMARY FOR THE MONTH OF SEPTEMBER 2014...

CLIMATE NORMAL PERIOD 1981 TO 2010
CLIMATE RECORD PERIOD 1893 TO 2014

WEATHER         OBSERVED          NORMAL  DEPART  LAST YEAR`S
                 VALUE   DATE(S)  VALUE   FROM    VALUE  DATE(S)
                                          NORMAL
................................................................
TEMPERATURE (F)
RECORD
 HIGH             110   09/05/1931
 LOW               19   09/25/1942
                        09/25/1926
HIGHEST            97   09/03        96       1      106  09/06
LOWEST             34   09/13        34       0       37  09/29
AVG. MAXIMUM     79.4              79.2     0.2     84.2
AVG. MINIMUM     51.2              49.7     1.5     54.3
MEAN             65.3              64.4     0.9     69.2
DAYS MAX >= 90      3               4.5    -1.5        9
DAYS MAX <= 32      0               0.0     0.0        0
DAYS MIN <= 32      0               0.2    -0.2        0
DAYS MIN <= 0       0               0.0     0.0        0

PRECIPITATION (INCHES)
RECORD
 MAXIMUM         6.84   1932
 MINIMUM         0.00   1893
TOTALS           0.87              1.43   -0.56     1.58
DAILY AVG.       0.03              0.05   -0.02     0.05
DAYS >= .01         6                MM      MM       11
DAYS >= .10         3                MM      MM        5
DAYS >= .50         0                MM      MM        0
DAYS >= 1.00        0                MM      MM        0
GREATEST
 24 HR. TOTAL    0.33   09/29 TO 09/29           09/12 TO 09/13
                                                          09/13 TO 09/13
                                                          09/13 TO 09/13

SNOWFALL (INCHES)
TOTALS             MM

DEGREE_DAYS
HEATING TOTAL      91               107     -16       60
 SINCE 7/1        102               116     -14       68
COOLING TOTAL     109                91      18      193
 SINCE 1/1        955               957      -2     1166
....................................................

WIND (MPH)
HIGHEST WIND SPEED/DIRECTION    32/140    DATE  09/29
HIGHEST GUST SPEED/DIRECTION    44/140    DATE  09/29

AVERAGE RH (PERCENT)     63

WEATHER CONDITIONS. NUMBER OF DAYS WITH
THUNDERSTORM              0     MIXED PRECIP               0
HEAVY RAIN                1     RAIN                       2
LIGHT RAIN                8     FREEZING RAIN              0
LT FREEZING RAIN          0     HAIL                       0
HEAVY SNOW                0     SNOW                       0
LIGHT SNOW                0     SLEET                      0
FOG                      10     FOG W/VIS <= 1/4 MILE      2
HAZE                      8

-  INDICATES NEGATIVE NUMBERS.
R  INDICATES RECORD WAS SET OR TIED.
MM INDICATES DATA IS MISSING.
T  INDICATES TRACE AMOUNT.

$$




U.S. Dept. of Commerce
NOAA National Weather Service
1325 East West Highway
Silver Spring, MD 20910
E-mail: w-nws.webmaster@noaa.gov
Page last modified: May 16, 2007
NATIONAL WEATHER SERVICE: for Safety, for Work, for Fun - FOR LIFE