613
CXUS53 KILX 011441
CLMILX


CLIMATE REPORT
NATIONAL WEATHER SERVICE LINCOLN IL
929 AM CDT TUE APR 1 2014

...................................

...THE LINCOLN IL CLIMATE SUMMARY FOR THE MONTH OF MARCH 2014...

CLIMATE NORMAL PERIOD 1981 TO 2010
CLIMATE RECORD PERIOD 1905 TO 2014

WEATHER         OBSERVED          NORMAL  DEPART  LAST YEAR`S
                 VALUE   DATE(S)  VALUE   FROM    VALUE
                                          NORMAL
.............................................................
TEMPERATURE (F)
RECORD
 HIGH              86   03/30/1986
                        03/29/1985
 LOW              -14   03/10/1934
HIGHEST            68   03/31        MM      MM       61
LOWEST             -4   03/03        MM      MM       12
AVG. MAXIMUM     45.5              51.1    -5.6     42.2
AVG. MINIMUM     23.8              31.2    -7.4     26.5
MEAN             34.7              41.1    -6.4     34.4
DAYS MAX >= 90      0               0.0     0.0        0
DAYS MAX <= 32      4               1.8     2.2        4
DAYS MIN <= 32     26              16.8     9.2       27
DAYS MIN <= 0       1               0.0     1.0        0

PRECIPITATION (INCHES)
RECORD
 MAXIMUM         7.14   1973
 MINIMUM         0.13   1961
TOTALS           1.89              2.60   -0.71     2.73
DAILY AVG.       0.06              0.08   -0.02     0.09
DAYS >= .01         8              10.3    -2.3        8
DAYS >= .10         5               6.4    -1.4        3
DAYS >= .50         2               1.9     0.1        2
DAYS >= 1.00        0               0.3    -0.3        2
GREATEST
 24 HR. TOTAL    0.72   03/27 TO 03/27              1.15

SNOWFALL (INCHES)
RECORDS
 TOTAL           21.0   1934
TOTALS            4.7               1.7     3.0     12.7
SINCE 7/1        46.3              20.2    26.1     23.0
DAYS >= 1.0         2               0.7     1.3        2
GREATEST
 SNOW DEPTH         2   03/04                         11
                        03/03
                        03/02
 24 HR TOTAL      2.2   MM                          10.8

DEGREE_DAYS
HEATING TOTAL     932               741     191      942
 SINCE 7/1       6176              5164    1012     5204
COOLING TOTAL       0                 2      -2        0
 SINCE 1/1          0                 2      -2        0
..............................................................

WIND (MPH)
AVERAGE WIND SPEED              MM
HIGHEST WIND SPEED/DIRECTION    MM        DATE   MM
HIGHEST GUST SPEED/DIRECTION    MM        DATE   MM

SKY COVER
POSSIBLE SUNSHINE (PERCENT)   MM
AVERAGE SKY COVER             MM
NUMBER OF DAYS FAIR            0
NUMBER OF DAYS PC              0
NUMBER OF DAYS CLOUDY          0

AVERAGE RH (PERCENT)     MM

WEATHER CONDITIONS. NUMBER OF DAYS WITH
THUNDERSTORM              0     MIXED PRECIP               0
HEAVY RAIN                0     RAIN                       3
LIGHT RAIN                6     FREEZING RAIN              0
LT FREEZING RAIN          1     HAIL                       0
HEAVY SNOW                0     SNOW                       2
LIGHT SNOW                4     SLEET                      0
FOG                       4     FOG W/VIS <= 1/4 MILE      0
HAZE                      3

-  INDICATES NEGATIVE NUMBERS.
R  INDICATES RECORD WAS SET OR TIED.
MM INDICATES DATA IS MISSING.
T  INDICATES TRACE AMOUNT.

&&

RECORD LOW TEMPERATURE OF -4 DEGREES WAS SET ON MARCH 3RD
COLDEST HIGH TEMPERATURE ON RECORD FOR MARCH OF 15 DEGREES WAS SET ON MARCH 2ND

$$

JRP




U.S. Dept. of Commerce
NOAA National Weather Service
1325 East West Highway
Silver Spring, MD 20910
E-mail: w-nws.webmaster@noaa.gov
Page last modified: May 16, 2007
NATIONAL WEATHER SERVICE: for Safety, for Work, for Fun - FOR LIFE