214
CXUS53 KILX 011639
CLMILX


CLIMATE REPORT
NATIONAL WEATHER SERVICE LINCOLN IL
1100 AM CDT TUE JUL 1 2014

...................................

...THE LINCOLN IL CLIMATE SUMMARY FOR THE MONTH OF JUNE 2014...

CLIMATE NORMAL PERIOD 1981 TO 2010
CLIMATE RECORD PERIOD 1905 TO 2014

WEATHER         OBSERVED          NORMAL  DEPART  LAST YEAR`S
                 VALUE   DATE(S)  VALUE   FROM    VALUE
                                          NORMAL
.............................................................
TEMPERATURE (F)
RECORD
 HIGH             105   06/01/1934
 LOW               35   06/16/1917
                        06/11/1913
HIGHEST            90   06/19        MM      MM       94
                        06/18
LOWEST             47   06/14        MM      MM       49
AVG. MAXIMUM     82.5              83.1    -0.6     82.0
AVG. MINIMUM     62.3              61.2     1.1     61.5
MEAN             72.4              72.1     0.3     71.7
DAYS MAX >= 90      2               4.9    -2.9        4
DAYS MAX <= 32      0               0.0     0.0        0
DAYS MIN <= 32      0               0.0     0.0        0
DAYS MIN <= 0       0               0.0     0.0        0

PRECIPITATION (INCHES)
RECORD
 MAXIMUM        10.79   2010
 MINIMUM         0.42   1936
TOTALS           6.42              4.32    2.10     3.25
DAILY AVG.       0.21              0.14    0.07     0.11
DAYS >= .01        13               9.3     3.7       11
DAYS >= .10        10               6.2     3.8        6
DAYS >= .50         6               2.9     3.1        3
DAYS >= 1.00        2               1.1     0.9        0
GREATEST
 24 HR. TOTAL    1.51   06/07 TO 06/07              0.82

SNOWFALL (INCHES)
RECORDS
 TOTAL            0.0   MM
TOTALS            0.0               0.0     0.0      0.0
SINCE 7/1        46.3              20.5    25.8     23.0
DAYS >= 1.0         0               0.0     0.0        0
GREATEST
 SNOW DEPTH         0   MM                             0
 24 HR TOTAL      0.0   MM                           0.0

DEGREE_DAYS
HEATING TOTAL       7                17     -10       17
 SINCE 7/1       6676              5708     968     5797
COOLING TOTAL     237               232       5      224
 SINCE 1/1        366               323      43      326
..............................................................

WIND (MPH)
AVERAGE WIND SPEED              MM
HIGHEST WIND SPEED/DIRECTION    MM        DATE   MM
HIGHEST GUST SPEED/DIRECTION    MM        DATE   MM

SKY COVER
POSSIBLE SUNSHINE (PERCENT)   MM
AVERAGE SKY COVER             MM
NUMBER OF DAYS FAIR            0
NUMBER OF DAYS PC              0
NUMBER OF DAYS CLOUDY          0

AVERAGE RH (PERCENT)     MM

WEATHER CONDITIONS. NUMBER OF DAYS WITH
THUNDERSTORM              9     MIXED PRECIP               0
HEAVY RAIN                6     RAIN                       8
LIGHT RAIN               21     FREEZING RAIN              0
LT FREEZING RAIN          0     HAIL                       0
HEAVY SNOW                0     SNOW                       0
LIGHT SNOW                0     SLEET                      0
FOG                      12     FOG W/VIS <= 1/4 MILE      1
HAZE                      0

-  INDICATES NEGATIVE NUMBERS.
R  INDICATES RECORD WAS SET OR TIED.
MM INDICATES DATA IS MISSING.
T  INDICATES TRACE AMOUNT.

&&

RECORDS ESTABLISHED DURING THE MONTH:

* NONE

$$

EJL




U.S. Dept. of Commerce
NOAA National Weather Service
1325 East West Highway
Silver Spring, MD 20910
E-mail: w-nws.webmaster@noaa.gov
Page last modified: May 16, 2007
NATIONAL WEATHER SERVICE: for Safety, for Work, for Fun - FOR LIFE