485
CXUS53 KILX 011613
CLMILX


CLIMATE REPORT
NATIONAL WEATHER SERVICE LINCOLN IL
1005 AM CST THU JAN 1 2015

...................................

...THE LINCOLN IL CLIMATE SUMMARY FOR THE MONTH OF DECEMBER 2014...

CLIMATE NORMAL PERIOD 1981 TO 2010
CLIMATE RECORD PERIOD 1905 TO 2014

WEATHER         OBSERVED          NORMAL  DEPART  LAST YEAR`S
                 VALUE   DATE(S)  VALUE   FROM    VALUE
                                          NORMAL
.............................................................
TEMPERATURE (F)
RECORD
 HIGH              72   12/05/1998
                        12/29/1984
                        12/03/1970
 LOW              -29   12/26/1914
HIGHEST            55   12/26        MM      MM       59
LOWEST              6   12/31        MM      MM       -3
AVG. MAXIMUM     38.2              37.3     0.9     35.1
AVG. MINIMUM     26.3              21.8     4.5     16.4
MEAN             32.2              29.5     2.7     25.8
DAYS MAX >= 90      0               0.0     0.0        0
DAYS MAX <= 32      7               9.6    -2.6       14
DAYS MIN <= 32     23              25.4    -2.4       28
DAYS MIN <= 0       0               1.6    -1.6        1

PRECIPITATION (INCHES)
RECORD
 MAXIMUM         9.52   1982
 MINIMUM         0.20   1958
TOTALS           1.45              2.64   -1.19     1.51
DAILY AVG.       0.05              0.09   -0.04     0.05
DAYS >= .01         8               9.9    -1.9        8
DAYS >= .10         3               5.8    -2.8        4
DAYS >= .50         1               1.5    -0.5        1
DAYS >= 1.00        0               0.5    -0.5        0
GREATEST
 24 HR. TOTAL    0.68   12/22 TO 12/22              0.72

SNOWFALL (INCHES)
RECORDS
 TOTAL           21.5   1909
TOTALS            0.4               6.2    -5.8      6.4
SINCE 7/1         1.4               6.8    -5.4      6.9
DAYS >= 1.0         0               2.1    -2.1        2
GREATEST
 SNOW DEPTH         T   12/19                          5
 24 HR TOTAL      0.4   MM                           2.9

DEGREE_DAYS
HEATING TOTAL    1006              1099     -93     1209
 SINCE 7/1       2404              2242     162     2487
COOLING TOTAL       0                 0       0        0
 SINCE 1/1        838              1017    -179      947
..............................................................

WIND (MPH)
AVERAGE WIND SPEED              MM
HIGHEST WIND SPEED/DIRECTION    MM        DATE   MM
HIGHEST GUST SPEED/DIRECTION    MM        DATE   MM

SKY COVER
POSSIBLE SUNSHINE (PERCENT)   MM
AVERAGE SKY COVER             MM
NUMBER OF DAYS FAIR            0
NUMBER OF DAYS PC              0
NUMBER OF DAYS CLOUDY          0

AVERAGE RH (PERCENT)     MM

WEATHER CONDITIONS. NUMBER OF DAYS WITH
THUNDERSTORM              0     MIXED PRECIP               0
HEAVY RAIN                0     RAIN                       5
LIGHT RAIN               11     FREEZING RAIN              0
LT FREEZING RAIN          0     HAIL                       0
HEAVY SNOW                0     SNOW                       0
LIGHT SNOW                7     SLEET                      0
FOG                      18     FOG W/VIS <= 1/4 MILE      1
HAZE                      4

-  INDICATES NEGATIVE NUMBERS.
R  INDICATES RECORD WAS SET OR TIED.
MM INDICATES DATA IS MISSING.
T  INDICATES TRACE AMOUNT.

$$

JRP




U.S. Dept. of Commerce
NOAA National Weather Service
1325 East West Highway
Silver Spring, MD 20910
E-mail: w-nws.webmaster@noaa.gov
Page last modified: May 16, 2007
NATIONAL WEATHER SERVICE: for Safety, for Work, for Fun - FOR LIFE