218
CXUS53 KILX 011553
CLMILX

CLIMATE REPORT
NATIONAL WEATHER SERVICE LINCOLN IL
953 AM CST MON DEC 1 2014

...................................

...THE LINCOLN IL CLIMATE SUMMARY FOR THE MONTH OF NOVEMBER 2014...

CLIMATE NORMAL PERIOD 1981 TO 2010
CLIMATE RECORD PERIOD 1905 TO 2014

WEATHER         OBSERVED          NORMAL  DEPART  LAST YEAR`S
                 VALUE   DATE(S)  VALUE   FROM    VALUE
                                          NORMAL
.............................................................
TEMPERATURE (F)
RECORD
 HIGH              83   11/01/1950
 LOW               -3   11/30/1964
                        11/28/1930
HIGHEST            68   11/10        MM      MM       74
LOWEST              6   11/27        MM      MM       10
AVG. MAXIMUM     44.5              51.2    -6.7     47.8
AVG. MINIMUM     24.2              33.0    -8.8     27.5
MEAN             34.3              42.1    -7.8     37.6
DAYS MAX >= 90      0               0.0     0.0        0
DAYS MAX <= 32      8               1.4     6.6        4
DAYS MIN <= 32     22              14.5     7.5       22
DAYS MIN <= 0       0               0.0     0.0        0

PRECIPITATION (INCHES)
RECORD
 MAXIMUM         7.55   1992
 MINIMUM         0.02   1933
TOTALS           2.23              3.25   -1.02     1.21
DAILY AVG.       0.07              0.11   -0.04     0.04
DAYS >= .01         9              10.1    -1.1        9
DAYS >= .10         4               6.3    -2.3        4
DAYS >= .50         2               2.6    -0.6        1
DAYS >= 1.00        0               0.9    -0.9        0
GREATEST
 24 HR. TOTAL    0.91   11/23 TO 11/23              0.54

SNOWFALL (INCHES)
RECORDS
 TOTAL           10.0   1926
TOTALS            1.0               0.6     0.4      0.5
SINCE 7/1         1.0               0.6     0.4      0.5
DAYS >= 1.0         0               0.2    -0.2        0
GREATEST
 SNOW DEPTH         1   11/28                         -1
                        11/27
 24 HR TOTAL      0.8   MM                           0.5

DEGREE_DAYS
HEATING TOTAL     912               687     225      815
 SINCE 7/1       1398              1143     255     1278
COOLING TOTAL       0                 0       0        0
 SINCE 1/1        838              1017    -179      947
..............................................................

WIND (MPH)
AVERAGE WIND SPEED              MM
HIGHEST WIND SPEED/DIRECTION    MM        DATE   MM
HIGHEST GUST SPEED/DIRECTION    MM        DATE   MM

SKY COVER
POSSIBLE SUNSHINE (PERCENT)   MM
AVERAGE SKY COVER             MM
NUMBER OF DAYS FAIR            0
NUMBER OF DAYS PC              0
NUMBER OF DAYS CLOUDY          0

AVERAGE RH (PERCENT)     MM

WEATHER CONDITIONS. NUMBER OF DAYS WITH
THUNDERSTORM              0     MIXED PRECIP               0
HEAVY RAIN                3     RAIN                       5
LIGHT RAIN                8     FREEZING RAIN              0
LT FREEZING RAIN          0     HAIL                       1
HEAVY SNOW                0     SNOW                       1
LIGHT SNOW               12     SLEET                      0
FOG                       9     FOG W/VIS <= 1/4 MILE      0
HAZE                      1

-  INDICATES NEGATIVE NUMBERS.
R  INDICATES RECORD WAS SET OR TIED.
MM INDICATES DATA IS MISSING.
T  INDICATES TRACE AMOUNT.

&&

RECORDS ESTABLISHED THIS MONTH:

* COLDEST NOVEMBER ON RECORD WITH 34.3 DEGREE AVERAGE TEMPERATURE
* RECORD COOL HIGH TEMPERATURE OF 21 DEGREES ON THE 18TH

$$








U.S. Dept. of Commerce
NOAA National Weather Service
1325 East West Highway
Silver Spring, MD 20910
E-mail: w-nws.webmaster@noaa.gov
Page last modified: May 16, 2007
NATIONAL WEATHER SERVICE: for Safety, for Work, for Fun - FOR LIFE