489
CXUS53 KILX 011553
CLMILX


CLIMATE REPORT
NATIONAL WEATHER SERVICE LINCOLN IL
1041 AM CDT WED OCT 1 2014

...................................

...THE LINCOLN IL CLIMATE SUMMARY FOR THE MONTH OF SEPTEMBER 2014...

CLIMATE NORMAL PERIOD 1981 TO 2010
CLIMATE RECORD PERIOD 1905 TO 2014

WEATHER         OBSERVED          NORMAL  DEPART  LAST YEAR`S
                 VALUE   DATE(S)  VALUE   FROM    VALUE
                                          NORMAL
.............................................................
TEMPERATURE (F)
RECORD
 HIGH             104   09/06/1954
 LOW               22   09/26/1928
HIGHEST            92   09/05        MM      MM       96
LOWEST             37   09/14        MM      MM       39
AVG. MAXIMUM     75.9              78.3    -2.4     81.1
AVG. MINIMUM     51.4              53.6    -2.2     53.5
MEAN             63.7              65.9    -2.2     67.3
DAYS MAX >= 90      2               2.1    -0.1        4
DAYS MAX <= 32      0               0.0     0.0        0
DAYS MIN <= 32      0               0.1    -0.1        0
DAYS MIN <= 0       0               0.0     0.0        0

PRECIPITATION (INCHES)
RECORD
 MAXIMUM        14.31   1911
 MINIMUM         0.17   1940
TOTALS           7.62              3.21    4.41     0.93
DAILY AVG.       0.25              0.11    0.14     0.03
DAYS >= .01        10               7.8     2.2        7
DAYS >= .10         5               5.1    -0.1        4
DAYS >= .50         5               2.3     2.7        0
DAYS >= 1.00        4               0.6     3.4        0
GREATEST
 24 HR. TOTAL    2.48   09/10 TO 09/10              0.27

SNOWFALL (INCHES)
RECORDS
 TOTAL              T   2008
                        1913
TOTALS            0.0               0.0     0.0      0.0
SINCE 7/1         0.0               0.0     0.0        T
DAYS >= 1.0         0               0.0     0.0        0
GREATEST
 SNOW DEPTH         0   MM                             0
 24 HR TOTAL      0.0   09/30 TO 09/30               0.0

DEGREE_DAYS
HEATING TOTAL     113                86      27       60
 SINCE 7/1        123                95      28       82
COOLING TOTAL      79               114     -35      137
 SINCE 1/1        833              1003    -170      908
..............................................................

WIND (MPH)
AVERAGE WIND SPEED              MM
HIGHEST WIND SPEED/DIRECTION    MM        DATE   MM
HIGHEST GUST SPEED/DIRECTION    MM        DATE   MM

SKY COVER
POSSIBLE SUNSHINE (PERCENT)   MM
AVERAGE SKY COVER             MM
NUMBER OF DAYS FAIR            0
NUMBER OF DAYS PC              0
NUMBER OF DAYS CLOUDY          0

AVERAGE RH (PERCENT)     MM

WEATHER CONDITIONS. NUMBER OF DAYS WITH
THUNDERSTORM              6     MIXED PRECIP               0
HEAVY RAIN                4     RAIN                       5
LIGHT RAIN               10     FREEZING RAIN              0
LT FREEZING RAIN          0     HAIL                       0
HEAVY SNOW                0     SNOW                       0
LIGHT SNOW                0     SLEET                      0
FOG                       7     FOG W/VIS <= 1/4 MILE      0
HAZE                      0

-  INDICATES NEGATIVE NUMBERS.
R  INDICATES RECORD WAS SET OR TIED.
MM INDICATES DATA IS MISSING.
T  INDICATES TRACE AMOUNT.
&&

RECORD DAILY RAINFALL OF 2.29 INCHES ON SEP 9TH.
RECORD DAILY RAINFALL OF 2.48 INCHES ON SEP 10TH.
RECORD COOL HIGH TEMPERATURE OF 57 DEGREES ON SEP 12.
7TH WETTEST SEPTEMBER ON RECORD WITH 7.62 INCHES OF RAINFALL.

$$

JRP





U.S. Dept. of Commerce
NOAA National Weather Service
1325 East West Highway
Silver Spring, MD 20910
E-mail: w-nws.webmaster@noaa.gov
Page last modified: May 16, 2007
NATIONAL WEATHER SERVICE: for Safety, for Work, for Fun - FOR LIFE