275
CXUS53 KILX 011401
CLMILX


CLIMATE REPORT
NATIONAL WEATHER SERVICE LINCOLN IL
843 AM CDT FRI AUG 1 2014

...................................

...THE LINCOLN IL CLIMATE SUMMARY FOR THE MONTH OF JULY 2014...

CLIMATE NORMAL PERIOD 1981 TO 2010
CLIMATE RECORD PERIOD 1905 TO 2014

WEATHER         OBSERVED          NORMAL  DEPART  LAST YEAR`S
                 VALUE   DATE(S)  VALUE   FROM    VALUE
                                          NORMAL
.............................................................
TEMPERATURE (F)
RECORD
 HIGH             113   07/15/1936
 LOW               41   07/15/1930
HIGHEST            88   07/12        MM      MM       93
LOWEST             50   07/17        MM      MM       48
AVG. MAXIMUM     79.5              85.5    -6.0     82.0
AVG. MINIMUM     57.8              64.5    -6.7     62.2
MEAN             68.6              75.0    -6.4     72.1
DAYS MAX >= 90      0               7.1    -7.1        4
DAYS MAX <= 32      0               0.0     0.0        0
DAYS MIN <= 32      0               0.0     0.0        0
DAYS MIN <= 0       0               0.0     0.0        0

PRECIPITATION (INCHES)
RECORD
 MAXIMUM        15.93   1992
 MINIMUM         0.54   1940
TOTALS           4.78              5.06   -0.28     2.86
DAILY AVG.       0.15              0.16   -0.01     0.09
DAYS >= .01         7               9.2    -2.2        9
DAYS >= .10         6               6.2    -0.2        4
DAYS >= .50         4               2.9     1.1        2
DAYS >= 1.00        2               1.4     0.6        1
GREATEST
 24 HR. TOTAL    1.23   07/08 TO 07/08              1.66

SNOWFALL (INCHES)
RECORDS
 TOTAL              T   2013
TOTALS            0.0               0.0     0.0        T
SINCE 7/1         0.0               0.0     0.0        T
DAYS >= 1.0         0               0.0     0.0        0
GREATEST
 SNOW DEPTH         0   MM                             0
 24 HR TOTAL      0.0   07/31 TO 07/31                 T

DEGREE_DAYS
HEATING TOTAL       9                 2       7       11
 SINCE 7/1          9                 2       7       11
COOLING TOTAL     129               311    -182      238
 SINCE 1/1        495               634    -139      564
..............................................................

WIND (MPH)
AVERAGE WIND SPEED              MM
HIGHEST WIND SPEED/DIRECTION    MM        DATE   MM
HIGHEST GUST SPEED/DIRECTION   9999MM     DATE  07/24

SKY COVER
POSSIBLE SUNSHINE (PERCENT)    0
AVERAGE SKY COVER           0.00
NUMBER OF DAYS FAIR            1
NUMBER OF DAYS PC              0
NUMBER OF DAYS CLOUDY          0

AVERAGE RH (PERCENT)      0

WEATHER CONDITIONS. NUMBER OF DAYS WITH
THUNDERSTORM              0     MIXED PRECIP               0
HEAVY RAIN                6     RAIN                       6
LIGHT RAIN               14     FREEZING RAIN              0
LT FREEZING RAIN          0     HAIL                       0
HEAVY SNOW                0     SNOW                       0
LIGHT SNOW                0     SLEET                      0
FOG                       9     FOG W/VIS <= 1/4 MILE      0
HAZE                      0

-  INDICATES NEGATIVE NUMBERS.
R  INDICATES RECORD WAS SET OR TIED.
MM INDICATES DATA IS MISSING.
T  INDICATES TRACE AMOUNT.

&&

RECORDS ESTABLISHED DURING THE MONTH:

* RECORD COOLEST JULY WITH 68.6 AVG TEMP
* DAILY RECORD COOL HIGH OF 69 JULY 15
* DAILY RECORD COOL HIGH OF 71 JULY 2

$$





U.S. Dept. of Commerce
NOAA National Weather Service
1325 East West Highway
Silver Spring, MD 20910
E-mail: w-nws.webmaster@noaa.gov
Page last modified: May 16, 2007
NATIONAL WEATHER SERVICE: for Safety, for Work, for Fun - FOR LIFE