162
CXUS52 KILM 032207
CLMILM


CLIMATE REPORT
NATIONAL WEATHER SERVICE WILMINGTON NC
601 PM EDT THU APR 3 2014

...................................

...THE WILMINGTON NC CLIMATE SUMMARY FOR THE MONTH OF MARCH 2014...

CLIMATE NORMAL PERIOD 1981 TO 2010
CLIMATE RECORD PERIOD 1871 TO 2014

WEATHER         OBSERVED          NORMAL  DEPART  LAST YEAR`S
                 VALUE   DATE(S)  VALUE   FROM    VALUE  DATE(S)
                                          NORMAL
................................................................
TEMPERATURE (F)
RECORD
 HIGH              94   03/23/1907
 LOW                9   03/04/1980
HIGHEST            79   03/22                         79  03/16
                        03/11
LOWEST             25   03/04                         29  03/04
AVG. MAXIMUM     62.6              66.4    -3.8     60.8
AVG. MINIMUM     40.3              43.8    -3.5     38.6
MEAN             51.5              55.1    -3.6     49.7
DAYS MAX >= 90      0               0.0     0.0        0
DAYS MAX <= 32      0               0.0     0.0        0
DAYS MIN <= 32      6               3.1     2.9        7
DAYS MIN <= 0       0               0.0     0.0        0

PRECIPITATION (INCHES)
RECORD
 MAXIMUM        10.43   1936
 MINIMUM         0.26   1945
TOTALS           6.39              4.21    2.18     2.44
DAILY AVG.       0.21              0.14    0.07     0.08
DAYS >= .01        11              10.0     1.0        7
DAYS >= .10         8               6.2     1.8        3
DAYS >= .50         4               2.8     1.2        2
DAYS >= 1.00        4               1.3     2.7        1
GREATEST
 24 HR. TOTAL    1.73   03/29 TO 03/29

SNOWFALL (INCHES)
RECORDS
 TOTAL            6.6   1980
 24 HR TOTAL      5.2   03/02/1980 TO 03/02/1980
TOTALS            0.0               0.2    -0.2      0.0
SINCE 7/1         1.0               1.7    -0.7        T
DAYS >= TRACE       0               0.1    -0.1        0
DAYS >= 1.0         0               0.1    -0.1        0
GREATEST
 SNOW DEPTH         0   MM                             0  MM
 24 HR TOTAL      0.0   MM

DEGREE_DAYS
HEATING TOTAL     413               323      90      470
COOLING TOTAL       2                16     -14        2
.....................................................

WIND (MPH)
AVERAGE WIND SPEED              9.7
RESULTANT WIND SPEED/DIRECTION   3/319
HIGHEST WIND SPEED/DIRECTION    36/040    DATE  03/07
HIGHEST GUST SPEED/DIRECTION    47/040    DATE  03/07

SKY COVER
POSSIBLE SUNSHINE (PERCENT)   MM
AVERAGE SKY COVER           0.40
NUMBER OF DAYS FAIR           16
NUMBER OF DAYS PC              4
NUMBER OF DAYS CLOUDY         11

AVERAGE RH (PERCENT)     66

WEATHER CONDITIONS. NUMBER OF DAYS WITH
THUNDERSTORM              1     MIXED PRECIP               0
HEAVY RAIN                4     RAIN                       7
LIGHT RAIN               15     FREEZING RAIN              0
LT FREEZING RAIN          0     HAIL                       0
HEAVY SNOW                0     SNOW                       0
LIGHT SNOW                0     SLEET                      0
FOG                      19     FOG W/VIS <= 1/4 MILE      1
HAZE                      8

-  INDICATES NEGATIVE NUMBERS.
R  INDICATES RECORD WAS SET OR TIED.
MM INDICATES DATA IS MISSING.
T  INDICATES TRACE AMOUNT.

$$





U.S. Dept. of Commerce
NOAA National Weather Service
1325 East West Highway
Silver Spring, MD 20910
E-mail: w-nws.webmaster@noaa.gov
Page last modified: May 16, 2007
NATIONAL WEATHER SERVICE: for Safety, for Work, for Fun - FOR LIFE