500
CXUS52 KILM 020122
CLMILM


CLIMATE REPORT
NATIONAL WEATHER SERVICE WILMINGTON NC
920 PM EDT FRI AUG 1 2014

...................................

...THE WILMINGTON NC CLIMATE SUMMARY FOR THE MONTH OF JULY 2014...

CLIMATE NORMAL PERIOD 1981 TO 2010
CLIMATE RECORD PERIOD 1871 TO 2014

WEATHER         OBSERVED          NORMAL  DEPART  LAST YEAR`S
                 VALUE   DATE(S)  VALUE   FROM    VALUE  DATE(S)
                                          NORMAL
................................................................
TEMPERATURE (F)
RECORD
 HIGH             103   07/12/1879
 LOW               54   07/01/1919
HIGHEST            94   07/27                         92  07/16
                        07/24
                        07/09
LOWEST             65   07/06                         69  07/27
                                                          07/26
AVG. MAXIMUM     87.6              89.7    -2.1     86.7
AVG. MINIMUM     71.9              72.6    -0.7     73.0
MEAN             79.8              81.1    -1.3     79.8
DAYS MAX >= 90     12              14.9    -2.9        4
DAYS MAX <= 32      0               0.0     0.0        0
DAYS MIN <= 32      0               0.0     0.0        0
DAYS MIN <= 0       0               0.0     0.0        0

PRECIPITATION (INCHES)
RECORD
 MAXIMUM        21.12   1886
 MINIMUM         1.08   1900
TOTALS          12.00              7.48    4.52     5.62
DAILY AVG.       0.39              0.24    0.15     0.18
DAYS >= .01        14              16.4    -2.4       17
DAYS >= .10         9               9.5    -0.5       10
DAYS >= .50         7               4.5     2.5        4
DAYS >= 1.00        4               2.2     1.8        1
GREATEST
 24 HR. TOTAL    3.75   07/03 TO 07/03

SNOWFALL (INCHES)
RECORDS
 TOTAL             MM   MM
 24 HR TOTAL       MM
TOTALS            0.0               0.0     0.0      0.0
SINCE 7/1         0.0               0.0     0.0      0.0
DAYS >= TRACE       0               0.0     0.0        0
DAYS >= 1.0         0               0.0     0.0        0
GREATEST
 SNOW DEPTH         0   MM                             0  MM
 24 HR TOTAL      0.0   MM

DEGREE_DAYS
HEATING TOTAL       0                 0       0        0
COOLING TOTAL     468               501     -33      467
...................................................

WIND (MPH)
AVERAGE WIND SPEED              7.0
RESULTANT WIND SPEED/DIRECTION   2/178
HIGHEST WIND SPEED/DIRECTION    43/350    DATE  07/03
HIGHEST GUST SPEED/DIRECTION    59/360    DATE  07/03

SKY COVER
POSSIBLE SUNSHINE (PERCENT)   MM
AVERAGE SKY COVER           0.30
NUMBER OF DAYS FAIR           23
NUMBER OF DAYS PC              7
NUMBER OF DAYS CLOUDY          1

AVERAGE RH (PERCENT)     76

WEATHER CONDITIONS. NUMBER OF DAYS WITH
THUNDERSTORM             12     MIXED PRECIP               0
HEAVY RAIN                9     RAIN                       8
LIGHT RAIN               16     FREEZING RAIN              0
LT FREEZING RAIN          0     HAIL                       0
HEAVY SNOW                0     SNOW                       0
LIGHT SNOW                0     SLEET                      0
FOG                      18     FOG W/VIS <= 1/4 MILE      3
HAZE                      4

-  INDICATES NEGATIVE NUMBERS.
R  INDICATES RECORD WAS SET OR TIED.
MM INDICATES DATA IS MISSING.
T  INDICATES TRACE AMOUNT.

$$






U.S. Dept. of Commerce
NOAA National Weather Service
1325 East West Highway
Silver Spring, MD 20910
E-mail: w-nws.webmaster@noaa.gov
Page last modified: May 16, 2007
NATIONAL WEATHER SERVICE: for Safety, for Work, for Fun - FOR LIFE