523
CXUS51 KPHI 021247
CLMILG


CLIMATE REPORT
NATIONAL WEATHER SERVICE MOUNT HOLLY NJ
746 AM EST FRI JAN 2 2015

...................................

...THE WILMINGTON CLIMATE SUMMARY FOR THE MONTH OF DECEMBER 2014...

CLIMATE NORMAL PERIOD 1981 TO 2010
CLIMATE RECORD PERIOD 1894 TO 2015

WEATHER         OBSERVED          NORMAL  DEPART  LAST YEAR`S
                 VALUE   DATE(S)  VALUE   FROM    VALUE  DATE(S)
                                          NORMAL
................................................................
TEMPERATURE (F)
RECORD
 HIGH              75   12/04/1998
 LOW               -7   12/25/1983
                        12/30/1917
HIGHEST            65                64       1       70
LOWEST             20                13       7       16
AVG. MAXIMUM     47.0              44.6     2.4     45.8
AVG. MINIMUM     33.1              28.7     4.4     29.3
MEAN             40.1              36.7     3.4     37.6
DAYS MAX >= 90      0               0.0     0.0        0
DAYS MAX <= 32      0               3.0    -3.0        3
DAYS MIN <= 32     13              20.6    -7.6       22
DAYS MIN <= 0       0               0.1    -0.1        0

PRECIPITATION (INCHES)
RECORD
 MAXIMUM         8.58   2009
 MINIMUM         0.19   1955
TOTALS           3.01              3.48   -0.47     5.22
DAILY AVG.       0.10              0.11   -0.01     0.17
DAYS >= .01        14              10.3     3.7       11
DAYS >= .10         6               6.1    -0.1        8
DAYS >= .50         2               2.7    -0.7        5
DAYS >= 1.00        0               1.0    -1.0        1
GREATEST
 24 HR. TOTAL    0.95   12/23 TO 12/24              1.37
                        12/24 TO 12/24
                        12/24 TO 12/25

SNOWFALL (INCHES)
RECORDS
 TOTAL             MM   5
 24 HR TOTAL       MM
TOTALS            0.2               3.4    -3.2     11.9
SINCE 7/1         0.5               3.8    -3.3     11.9
SNOWDEPTH AVG.      0                MM      MM        1
DAYS >= 1.0         0               1.0    -1.0        2
GREATEST
 SNOW DEPTH         0   MM                             6  12/09
 24 HR TOTAL      0.2   MM                           8.5

DEGREE_DAYS
HEATING TOTAL     765               879    -114      843
 SINCE 7/1       1654              1777    -123     1764
COOLING TOTAL       0                 0       0        0
 SINCE 1/1       1073              1145     -72     1241
.................................................................

WIND (MPH)
AVERAGE WIND SPEED              8.9
HIGHEST WIND SPEED/DIRECTION    29/290    DATE  12/25
HIGHEST GUST SPEED/DIRECTION    37/270    DATE  12/25

SKY COVER
POSSIBLE SUNSHINE (PERCENT)   MM
AVERAGE SKY COVER           0.60
NUMBER OF DAYS FAIR            7
NUMBER OF DAYS PC             12
NUMBER OF DAYS CLOUDY         12

AVERAGE RH (PERCENT)     70

WEATHER CONDITIONS. NUMBER OF DAYS WITH
THUNDERSTORM              0     MIXED PRECIP               0
HEAVY RAIN                2     RAIN                       6
LIGHT RAIN               16     FREEZING RAIN              0
LT FREEZING RAIN          0     HEAVY SNOW                 0
SNOW                      0     LIGHT SNOW                 3
SLEET                     1     FOG                       17
FOG W/VIS <= 1/4 MILE     2     HAZE                       4

-  INDICATES NEGATIVE NUMBERS.
R  INDICATES RECORD WAS SET OR TIED.
MM INDICATES DATA IS MISSING.
T  INDICATES TRACE AMOUNT.

$$




U.S. Dept. of Commerce
NOAA National Weather Service
1325 East West Highway
Silver Spring, MD 20910
E-mail: w-nws.webmaster@noaa.gov
Page last modified: May 16, 2007
NATIONAL WEATHER SERVICE: for Safety, for Work, for Fun - FOR LIFE