211
CXUS51 KPHI 031100
CLMILG


CLIMATE REPORT
NATIONAL WEATHER SERVICE MOUNT HOLLY NJ
700 AM EDT THU APR 3 2014

...................................

...THE WILMINGTON CLIMATE SUMMARY FOR THE MONTH OF MARCH 2014...

CLIMATE NORMAL PERIOD 1981 TO 2010
CLIMATE RECORD PERIOD 1894 TO 2014

WEATHER         OBSERVED          NORMAL  DEPART  LAST YEAR`S
                 VALUE   DATE(S)  VALUE   FROM    VALUE  DATE(S)
                                          NORMAL
................................................................
TEMPERATURE (F)
RECORD
 HIGH              86   03/30/1998
                        03/21/1948
 LOW                2   03/10/1984
HIGHEST            69                73      -4       64
LOWEST              8                18     -10       26
AVG. MAXIMUM     48.3              52.4    -4.1     48.5
AVG. MINIMUM     28.2              33.6    -5.4     32.0
MEAN             38.3              43.0    -4.7     40.3
DAYS MAX >= 90      0               0.0     0.0        0
DAYS MAX <= 32      2               0.6     1.4        0
DAYS MIN <= 32     20              13.1     6.9       15
DAYS MIN <= 0       0               0.0     0.0        0

PRECIPITATION (INCHES)
RECORD
 MAXIMUM         9.17   2000
 MINIMUM         0.29   2006
TOTALS           3.82              3.92   -0.10     2.54
DAILY AVG.       0.12              0.13   -0.01     0.08
DAYS >= .01        10              10.7    -0.7        8
DAYS >= .10         6               6.7    -0.7        6
DAYS >= .50         3               2.8     0.2        3
DAYS >= 1.00        1               1.1    -0.1        0
GREATEST
 24 HR. TOTAL    1.51   03/29 TO 03/29              0.81

SNOWFALL (INCHES)
RECORDS
 TOTAL             MM   5
 24 HR TOTAL       MM
TOTALS            7.7               1.9     5.8      1.3
SINCE 7/1        56.1              19.9    36.2      5.5
SNOWDEPTH AVG.      0                MM      MM        0
DAYS >= 1.0         2               0.5     1.5        1
GREATEST
 SNOW DEPTH         4   03/04                          1  03/25
 24 HR TOTAL      4.5   03/03 TO 03/03               1.1

DEGREE_DAYS
HEATING TOTAL     820               683     137      759
 SINCE 7/1       4675              4306     369     4155
COOLING TOTAL       0                 1      -1        0
 SINCE 1/1          0                 1      -1        0
.................................................................

WIND (MPH)
AVERAGE WIND SPEED              10.6
HIGHEST WIND SPEED/DIRECTION    41/320    DATE  03/12
HIGHEST GUST SPEED/DIRECTION    52/320    DATE  03/12

SKY COVER
POSSIBLE SUNSHINE (PERCENT)   MM
AVERAGE SKY COVER           0.40
NUMBER OF DAYS FAIR           16
NUMBER OF DAYS PC              9
NUMBER OF DAYS CLOUDY          6

AVERAGE RH (PERCENT)     59

WEATHER CONDITIONS. NUMBER OF DAYS WITH
THUNDERSTORM              0     MIXED PRECIP               0
HEAVY RAIN                4     RAIN                       4
LIGHT RAIN               10     FREEZING RAIN              0
LT FREEZING RAIN          2     HEAVY SNOW                 0
SNOW                      3     LIGHT SNOW                 4
SLEET                     0     FOG                       12
FOG W/VIS <= 1/4 MILE     1     HAZE                       4

-  INDICATES NEGATIVE NUMBERS.
R  INDICATES RECORD WAS SET OR TIED.
MM INDICATES DATA IS MISSING.
T  INDICATES TRACE AMOUNT.

$$




U.S. Dept. of Commerce
NOAA National Weather Service
1325 East West Highway
Silver Spring, MD 20910
E-mail: w-nws.webmaster@noaa.gov
Page last modified: May 16, 2007
NATIONAL WEATHER SERVICE: for Safety, for Work, for Fun - FOR LIFE