410
CXUS53 KUNR 011604
CLMIEN


CLIMATE REPORT
NATIONAL WEATHER SERVICE RAPID CITY SD
1004 AM MDT TUE JUL 1 2014

...................................

...THE PINE RIDGE SD CLIMATE SUMMARY FOR THE MONTH OF JUNE 2014...

CLIMATE NORMAL PERIOD 1981 TO 2010
CLIMATE RECORD PERIOD 9999 TO 9999

WEATHER         OBSERVED          NORMAL  DEPART  LAST YEAR`S
                 VALUE   DATE(S)  VALUE   FROM    VALUE  DATE(S)
                                          NORMAL
................................................................
TEMPERATURE (F)
HIGHEST            89   06/26                         94  06/26
LOWEST             38   06/12                         34  06/02
AVG. MAXIMUM     76.0              79.8    -3.8     79.9
AVG. MINIMUM     50.1              51.7    -1.6     50.0
MEAN             63.0              65.8    -2.8     64.9
DAYS MAX >= 90      0                                  2
DAYS MAX <= 32      0                                  0
DAYS MIN <= 32      0                                  0
DAYS MIN <= 0       0                                  0

PRECIPITATION (INCHES)
TOTALS           4.54              3.43    1.11     2.11
DAILY AVG.       0.15              0.11    0.04     0.07
DAYS >= .01        13                                 12
DAYS >= .10         8                                  7
DAYS >= .50         4                                  1
DAYS >= 1.00        1                                  0
GREATEST
 24 HR. TOTAL    1.53   06/08 TO 06/08              0.82

DEGREE_DAYS
HEATING TOTAL     108                87      21       78
 SINCE 7/1       7468              7214     254     7151
COOLING TOTAL      57               110     -53       83
 SINCE 1/1         82               127     -45      100
.................................................................

WIND (MPH)
AVERAGE WIND SPEED              8.5
HIGHEST WIND SPEED/DIRECTION    41/170    DATE  06/13
HIGHEST GUST SPEED/DIRECTION    55/170    DATE  06/13

AVERAGE RH (PERCENT)     69

WEATHER CONDITIONS. NUMBER OF DAYS WITH
THUNDERSTORM              0     MIXED PRECIP               0
HEAVY RAIN                5     RAIN                       6
LIGHT RAIN               16     FREEZING RAIN              0
LT FREEZING RAIN          0     HAIL                       0
HEAVY SNOW                0     SNOW                       0
LIGHT SNOW                0     SLEET                      0
FOG                      15     FOG W/VIS <= 1/4 MILE      1
HAZE                      5

-  INDICATES NEGATIVE NUMBERS.
R  INDICATES RECORD WAS SET OR TIED.
MM INDICATES DATA IS MISSING.
T  INDICATES TRACE AMOUNT.

$$




U.S. Dept. of Commerce
NOAA National Weather Service
1325 East West Highway
Silver Spring, MD 20910
E-mail: w-nws.webmaster@noaa.gov
Page last modified: May 16, 2007
NATIONAL WEATHER SERVICE: for Safety, for Work, for Fun - FOR LIFE