201
CXUS53 KUNR 011614
CLMIEN


CLIMATE REPORT
NATIONAL WEATHER SERVICE RAPID CITY SD
914 AM MST MON DEC 1 2014

...................................

...THE PINE RIDGE SD CLIMATE SUMMARY FOR THE MONTH OF NOVEMBER 2014...

CLIMATE NORMAL PERIOD 1981 TO 2010
CLIMATE RECORD PERIOD 9999 TO 9999

WEATHER         OBSERVED          NORMAL  DEPART  LAST YEAR`S
                 VALUE   DATE(S)  VALUE   FROM    VALUE  DATE(S)
                                          NORMAL
................................................................
TEMPERATURE (F)
HIGHEST            67   11/28                         66  11/19
LOWEST            -18R  11/13                         -4  11/21
AVG. MAXIMUM     42.1              47.8    -5.7     47.9
AVG. MINIMUM     13.3              19.9    -6.6     18.9
MEAN             27.7              33.8    -6.1     33.4
DAYS MAX >= 90      0                                  0
DAYS MAX <= 32      9                                  2
DAYS MIN <= 32     27                                 29
DAYS MIN <= 0       8                                  3

PRECIPITATION (INCHES)
TOTALS           0.70              0.57    0.13     0.83
DAILY AVG.       0.02              0.02    0.00     0.03
DAYS >= .01         5                                  7
DAYS >= .10         3                                  2
DAYS >= .50         0                                  0
DAYS >= 1.00        0                                  0
GREATEST
 24 HR. TOTAL    0.40   11/03 TO 11/03              0.48

DEGREE_DAYS
HEATING TOTAL    1110               935     175      938
 SINCE 7/1       1799              1690     109     1715
COOLING TOTAL       0                 0       0        0
 SINCE 1/1        482               717    -235      804
.................................................................

WIND (MPH)
AVERAGE WIND SPEED              7.8
HIGHEST WIND SPEED/DIRECTION    37/190    DATE  11/01
HIGHEST GUST SPEED/DIRECTION    48/190    DATE  11/01

AVERAGE RH (PERCENT)     67

WEATHER CONDITIONS. NUMBER OF DAYS WITH
THUNDERSTORM              0     MIXED PRECIP               0
HEAVY RAIN                1     RAIN                       1
LIGHT RAIN                2     FREEZING RAIN              0
LT FREEZING RAIN          0     HAIL                       0
HEAVY SNOW                0     SNOW                       2
LIGHT SNOW               13     SLEET                      0
FOG                      11     FOG W/VIS <= 1/4 MILE      1
HAZE                      6

-  INDICATES NEGATIVE NUMBERS.
R  INDICATES RECORD WAS SET OR TIED.
MM INDICATES DATA IS MISSING.
T  INDICATES TRACE AMOUNT.

$$




U.S. Dept. of Commerce
NOAA National Weather Service
1325 East West Highway
Silver Spring, MD 20910
E-mail: w-nws.webmaster@noaa.gov
Page last modified: May 16, 2007
NATIONAL WEATHER SERVICE: for Safety, for Work, for Fun - FOR LIFE