109
CXUS53 KUNR 011624
CLMIEN


CLIMATE REPORT
NATIONAL WEATHER SERVICE RAPID CITY SD
1007 AM MDT TUE APR 1 2014

...................................

...THE PINE RIDGE SD CLIMATE SUMMARY FOR THE MONTH OF MARCH 2014...

CLIMATE NORMAL PERIOD 1981 TO 2010
CLIMATE RECORD PERIOD 9999 TO 9999

WEATHER         OBSERVED          NORMAL  DEPART  LAST YEAR`S
                 VALUE   DATE(S)  VALUE   FROM    VALUE  DATE(S)
                                          NORMAL
................................................................
TEMPERATURE (F)
HIGHEST            75   03/26                         73  03/14
LOWEST            -11R  03/01                          5  03/25
AVG. MAXIMUM     48.9              50.2    -1.3     50.8
AVG. MINIMUM     20.5              22.5    -2.0     20.6
MEAN             34.7              36.4    -1.7     35.7
DAYS MAX >= 90      0                                  0
DAYS MAX <= 32      3                                  2
DAYS MIN <= 32     26                                 31
DAYS MIN <= 0       2                                  0

PRECIPITATION (INCHES)
TOTALS           0.34              0.87   -0.53     0.31
DAILY AVG.       0.01              0.03   -0.02     0.01
DAYS >= .01         6                                  5
DAYS >= .10         1                                  1
DAYS >= .50         0                                  0
DAYS >= 1.00        0                                  0
GREATEST
 24 HR. TOTAL    0.14   03/01 TO 03/01              0.18

DEGREE_DAYS
HEATING TOTAL     933               888      45      901
 SINCE 7/1       6415              6238     177     6002
COOLING TOTAL       0                 0       0        0
 SINCE 1/1          0                 0       0        0
.................................................................

WIND (MPH)
AVERAGE WIND SPEED              9.4
HIGHEST WIND SPEED/DIRECTION    35/340    DATE  03/31
HIGHEST GUST SPEED/DIRECTION    48/360    DATE  03/20

AVERAGE RH (PERCENT)     64

WEATHER CONDITIONS. NUMBER OF DAYS WITH
THUNDERSTORM              0     MIXED PRECIP               0
HEAVY RAIN                0     RAIN                       0
LIGHT RAIN                3     FREEZING RAIN              0
LT FREEZING RAIN          2     HAIL                       0
HEAVY SNOW                1     SNOW                       2
LIGHT SNOW                9     SLEET                      0
FOG                      13     FOG W/VIS <= 1/4 MILE      2
HAZE                      7

-  INDICATES NEGATIVE NUMBERS.
R  INDICATES RECORD WAS SET OR TIED.
MM INDICATES DATA IS MISSING.
T  INDICATES TRACE AMOUNT.

$$




U.S. Dept. of Commerce
NOAA National Weather Service
1325 East West Highway
Silver Spring, MD 20910
E-mail: w-nws.webmaster@noaa.gov
Page last modified: May 16, 2007
NATIONAL WEATHER SERVICE: for Safety, for Work, for Fun - FOR LIFE