718
CXUS53 KUNR 011621
CLMIEN


CLIMATE REPORT
NATIONAL WEATHER SERVICE RAPID CITY SD
1020 AM MDT MON SEP 1 2014

...................................

...THE PINE RIDGE SD CLIMATE SUMMARY FOR THE MONTH OF AUGUST 2014...

CLIMATE NORMAL PERIOD 1981 TO 2010
CLIMATE RECORD PERIOD 9999 TO 9999

WEATHER         OBSERVED          NORMAL  DEPART  LAST YEAR`S
                 VALUE   DATE(S)  VALUE   FROM    VALUE  DATE(S)
                                          NORMAL
................................................................
TEMPERATURE (F)
HIGHEST            94   08/14                        100  08/27
                        08/04
LOWEST             46   08/25                         51  08/22
                                                          08/12
AVG. MAXIMUM     84.6              88.0    -3.4     88.3
AVG. MINIMUM     54.1              55.9    -1.8     58.5
MEAN             69.4              72.0    -2.6     73.4
DAYS MAX >= 90      6                                 11
DAYS MAX <= 32      0                                  0
DAYS MIN <= 32      0                                  0
DAYS MIN <= 0       0                                  0

PRECIPITATION (INCHES)
TOTALS           3.53              1.85    1.68     2.58
DAILY AVG.       0.11              0.06    0.05     0.09
DAYS >= .01        14                                  7
DAYS >= .10         7                                  5
DAYS >= .50         2                                  2
DAYS >= 1.00        1                                  0
GREATEST
 24 HR. TOTAL    1.43   08/26 TO 08/27              0.97

DEGREE_DAYS
HEATING TOTAL      16                25      -9        0
 SINCE 7/1         44                37       7        2
COOLING TOTAL     160               240     -80      268
 SINCE 1/1        418               648    -230      652
.................................................................

WIND (MPH)
AVERAGE WIND SPEED              6.3
HIGHEST WIND SPEED/DIRECTION    48/150    DATE  08/26
HIGHEST GUST SPEED/DIRECTION    76/110    DATE  08/26

AVERAGE RH (PERCENT)     68

WEATHER CONDITIONS. NUMBER OF DAYS WITH
THUNDERSTORM              0     MIXED PRECIP               0
HEAVY RAIN                5     RAIN                       7
LIGHT RAIN               15     FREEZING RAIN              0
LT FREEZING RAIN          0     HAIL                       0
HEAVY SNOW                0     SNOW                       0
LIGHT SNOW                0     SLEET                      0
FOG                      12     FOG W/VIS <= 1/4 MILE      4
HAZE                      7

-  INDICATES NEGATIVE NUMBERS.
R  INDICATES RECORD WAS SET OR TIED.
MM INDICATES DATA IS MISSING.
T  INDICATES TRACE AMOUNT.

$$




U.S. Dept. of Commerce
NOAA National Weather Service
1325 East West Highway
Silver Spring, MD 20910
E-mail: w-nws.webmaster@noaa.gov
Page last modified: May 16, 2007
NATIONAL WEATHER SERVICE: for Safety, for Work, for Fun - FOR LIFE