855
CXUS53 KUNR 011644
CLMICR


CLIMATE REPORT
NATIONAL WEATHER SERVICE RAPID CITY SD
1041 AM MDT SAT NOV 1 2014

...................................

...THE WINNER REGIONAL AIRPORT SD CLIMATE SUMMARY FOR THE MONTH OF OCTOBER 2014...

CLIMATE NORMAL PERIOD 1981 TO 2010
CLIMATE RECORD PERIOD 9999 TO 9999

WEATHER         OBSERVED          NORMAL  DEPART  LAST YEAR`S
                 VALUE   DATE(S)  VALUE   FROM    VALUE  DATE(S)
                                          NORMAL
................................................................
TEMPERATURE (F)
HIGHEST            88   10/26                         81  10/08
LOWEST             14R  10/31                         26  10/24
AVG. MAXIMUM     68.8              62.4     6.4     57.4
AVG. MINIMUM     40.9              38.8     2.1     37.3
MEAN             54.8              50.6     4.2     47.4
DAYS MAX >= 90      0                                  0
DAYS MAX <= 32      0                                  0
DAYS MIN <= 32      7                                  8
DAYS MIN <= 0       0                                  0

PRECIPITATION (INCHES)
TOTALS           0.29              1.64   -1.35     4.00
DAILY AVG.       0.01              0.05   -0.04     0.13
DAYS >= .01         8                                 11
DAYS >= .10         0                                  6
DAYS >= .50         0                                  3
DAYS >= 1.00        0                                  1
GREATEST
 24 HR. TOTAL    0.08   10/02 TO 10/02              1.47

DEGREE_DAYS
HEATING TOTAL     317               456    -139      542
 SINCE 7/1        437               598    -161      597
COOLING TOTAL       9                10      -1        2
 SINCE 1/1        863               916     -53     1014
.................................................................

WIND (MPH)
AVERAGE WIND SPEED              13.0
HIGHEST WIND SPEED/DIRECTION    43/310    DATE  10/03
HIGHEST GUST SPEED/DIRECTION    57/320    DATE  10/03

AVERAGE RH (PERCENT)     52

WEATHER CONDITIONS. NUMBER OF DAYS WITH
THUNDERSTORM              0     MIXED PRECIP               0
HEAVY RAIN                0     RAIN                       2
LIGHT RAIN                9     FREEZING RAIN              0
LT FREEZING RAIN          0     HAIL                       0
HEAVY SNOW                0     SNOW                       0
LIGHT SNOW                0     SLEET                      0
FOG                       1     FOG W/VIS <= 1/4 MILE      0
HAZE                      2

-  INDICATES NEGATIVE NUMBERS.
R  INDICATES RECORD WAS SET OR TIED.
MM INDICATES DATA IS MISSING.
T  INDICATES TRACE AMOUNT.

$$




U.S. Dept. of Commerce
NOAA National Weather Service
1325 East West Highway
Silver Spring, MD 20910
E-mail: w-nws.webmaster@noaa.gov
Page last modified: May 16, 2007
NATIONAL WEATHER SERVICE: for Safety, for Work, for Fun - FOR LIFE