199
CXUS53 KUNR 011614
CLMICR


CLIMATE REPORT
NATIONAL WEATHER SERVICE RAPID CITY SD
914 AM MST MON DEC 1 2014

...................................

...THE WINNER REGIONAL AIRPORT SD CLIMATE SUMMARY FOR THE MONTH OF NOVEMBER 2014...

CLIMATE NORMAL PERIOD 1981 TO 2010
CLIMATE RECORD PERIOD 9999 TO 9999

WEATHER         OBSERVED          NORMAL  DEPART  LAST YEAR`S
                 VALUE   DATE(S)  VALUE   FROM    VALUE  DATE(S)
                                          NORMAL
................................................................
TEMPERATURE (F)
HIGHEST            71   11/29                         65  11/13
LOWEST             -4R  11/16                          3  11/22
AVG. MAXIMUM     42.6              46.0    -3.4     48.8
AVG. MINIMUM     18.8              25.8    -7.0     24.7
MEAN             30.7              35.9    -5.2     36.8
DAYS MAX >= 90      0                                  0
DAYS MAX <= 32      9                                  4
DAYS MIN <= 32     23                                 22
DAYS MIN <= 0       2                                  0

PRECIPITATION (INCHES)
TOTALS           0.18              0.62   -0.44     0.12
DAILY AVG.       0.01              0.02   -0.01     0.00
DAYS >= .01         3                                  3
DAYS >= .10         1                                  0
DAYS >= .50         0                                  0
DAYS >= 1.00        0                                  0
GREATEST
 24 HR. TOTAL    0.12   11/15 TO 11/15              0.05

DEGREE_DAYS
HEATING TOTAL    1019               873     146      840
 SINCE 7/1       1456              1471     -15     1437
COOLING TOTAL       0                 0       0        0
 SINCE 1/1        863               916     -53     1014
.................................................................

WIND (MPH)
AVERAGE WIND SPEED              14.5
HIGHEST WIND SPEED/DIRECTION    41/310    DATE  11/23
HIGHEST GUST SPEED/DIRECTION    53/320    DATE  11/23

AVERAGE RH (PERCENT)     62

WEATHER CONDITIONS. NUMBER OF DAYS WITH
THUNDERSTORM              0     MIXED PRECIP               0
HEAVY RAIN                0     RAIN                       0
LIGHT RAIN                3     FREEZING RAIN              0
LT FREEZING RAIN          0     HAIL                       0
HEAVY SNOW                1     SNOW                       2
LIGHT SNOW                9     SLEET                      0
FOG                       5     FOG W/VIS <= 1/4 MILE      1
HAZE                      7

-  INDICATES NEGATIVE NUMBERS.
R  INDICATES RECORD WAS SET OR TIED.
MM INDICATES DATA IS MISSING.
T  INDICATES TRACE AMOUNT.

$$




U.S. Dept. of Commerce
NOAA National Weather Service
1325 East West Highway
Silver Spring, MD 20910
E-mail: w-nws.webmaster@noaa.gov
Page last modified: May 16, 2007
NATIONAL WEATHER SERVICE: for Safety, for Work, for Fun - FOR LIFE