340
CXUS53 KUNR 011624
CLMICR


CLIMATE REPORT
NATIONAL WEATHER SERVICE RAPID CITY SD
1007 AM MDT TUE APR 1 2014

...................................

...THE WINNER REGIONAL AIRPORT SD CLIMATE SUMMARY FOR THE MONTH OF MARCH 2014...

CLIMATE NORMAL PERIOD 1981 TO 2010
CLIMATE RECORD PERIOD 9999 TO 9999

WEATHER         OBSERVED          NORMAL  DEPART  LAST YEAR`S
                 VALUE   DATE(S)  VALUE   FROM    VALUE  DATE(S)
                                          NORMAL
................................................................
TEMPERATURE (F)
HIGHEST            76   03/09                         74  03/29
LOWEST            -16R  03/02                          4  03/11
AVG. MAXIMUM     47.3              48.1    -0.8     43.5
AVG. MINIMUM     21.1              25.4    -4.3     20.6
MEAN             34.2              36.7    -2.5     32.1
DAYS MAX >= 90      0                                  0
DAYS MAX <= 32      6                                  8
DAYS MIN <= 32     23                                 28
DAYS MIN <= 0       3                                  0

PRECIPITATION (INCHES)
TOTALS           0.04              1.38   -1.34     0.60
DAILY AVG.       0.00              0.04   -0.04     0.02
DAYS >= .01         2                                  5
DAYS >= .10         0                                  2
DAYS >= .50         0                                  0
DAYS >= 1.00        0                                  0
GREATEST
 24 HR. TOTAL    0.03   03/28 TO 03/28              0.41

DEGREE_DAYS
HEATING TOTAL     950               876      74     1012
 SINCE 7/1       6283              5885     398     5675
COOLING TOTAL       0                 0       0        0
 SINCE 1/1          0                 0       0        0
.................................................................

WIND (MPH)
AVERAGE WIND SPEED              13.0
HIGHEST WIND SPEED/DIRECTION    43/330    DATE  03/31
HIGHEST GUST SPEED/DIRECTION    43/190    DATE  03/26

AVERAGE RH (PERCENT)     61

WEATHER CONDITIONS. NUMBER OF DAYS WITH
THUNDERSTORM              0     MIXED PRECIP               0
HEAVY RAIN                0     RAIN                       0
LIGHT RAIN                4     FREEZING RAIN              0
LT FREEZING RAIN          1     HAIL                       0
HEAVY SNOW                0     SNOW                       3
LIGHT SNOW               11     SLEET                      0
FOG                      13     FOG W/VIS <= 1/4 MILE      0
HAZE                      8

-  INDICATES NEGATIVE NUMBERS.
R  INDICATES RECORD WAS SET OR TIED.
MM INDICATES DATA IS MISSING.
T  INDICATES TRACE AMOUNT.

$$




U.S. Dept. of Commerce
NOAA National Weather Service
1325 East West Highway
Silver Spring, MD 20910
E-mail: w-nws.webmaster@noaa.gov
Page last modified: May 16, 2007
NATIONAL WEATHER SERVICE: for Safety, for Work, for Fun - FOR LIFE