407
CXUS53 KUNR 011604
CLMICR


CLIMATE REPORT
NATIONAL WEATHER SERVICE RAPID CITY SD
1004 AM MDT TUE JUL 1 2014

...................................

...THE WINNER REGIONAL AIRPORT SD CLIMATE SUMMARY FOR THE MONTH OF JUNE 2014...

CLIMATE NORMAL PERIOD 1981 TO 2010
CLIMATE RECORD PERIOD 9999 TO 9999

WEATHER         OBSERVED          NORMAL  DEPART  LAST YEAR`S
                 VALUE   DATE(S)  VALUE   FROM    VALUE  DATE(S)
                                          NORMAL
................................................................
TEMPERATURE (F)
HIGHEST            92   06/21                         91  06/25
LOWEST             46   06/13                         38  06/02
AVG. MAXIMUM     78.4              80.1    -1.7     78.5
AVG. MINIMUM     56.6              56.0     0.6     56.2
MEAN             67.5              68.1    -0.6     67.4
DAYS MAX >= 90      1                                  1
DAYS MAX <= 32      0                                  0
DAYS MIN <= 32      0                                  0
DAYS MIN <= 0       0                                  0

PRECIPITATION (INCHES)
TOTALS           4.16              3.65    0.51     3.51
DAILY AVG.       0.14              0.12    0.02     0.12
DAYS >= .01        17                                  8
DAYS >= .10        12                                  4
DAYS >= .50         3                                  2
DAYS >= 1.00        0                                  1
GREATEST
 24 HR. TOTAL    0.93   06/26 TO 06/26              2.22

DEGREE_DAYS
HEATING TOTAL      37                54     -17       53
 SINCE 7/1       7045              6699     346     6695
COOLING TOTAL     117               145     -28      132
 SINCE 1/1        198               175      23      171
.................................................................

WIND (MPH)
AVERAGE WIND SPEED              10.3
HIGHEST WIND SPEED/DIRECTION    41/280    DATE  06/21
HIGHEST GUST SPEED/DIRECTION    57/360    DATE  06/03

AVERAGE RH (PERCENT)     69

WEATHER CONDITIONS. NUMBER OF DAYS WITH
THUNDERSTORM              0     MIXED PRECIP               0
HEAVY RAIN                4     RAIN                      11
LIGHT RAIN               17     FREEZING RAIN              0
LT FREEZING RAIN          0     HAIL                       0
HEAVY SNOW                0     SNOW                       0
LIGHT SNOW                0     SLEET                      0
FOG                      12     FOG W/VIS <= 1/4 MILE      3
HAZE                      0

-  INDICATES NEGATIVE NUMBERS.
R  INDICATES RECORD WAS SET OR TIED.
MM INDICATES DATA IS MISSING.
T  INDICATES TRACE AMOUNT.

$$




U.S. Dept. of Commerce
NOAA National Weather Service
1325 East West Highway
Silver Spring, MD 20910
E-mail: w-nws.webmaster@noaa.gov
Page last modified: May 16, 2007
NATIONAL WEATHER SERVICE: for Safety, for Work, for Fun - FOR LIFE