904
CXUS55 KTFX 012024
CLMHVR

CLIMATE REPORT
NATIONAL WEATHER SERVICE GREAT FALLS MT
120 PM MDT SAT NOV 1 2014

...................................

...THE HAVRE MT CLIMATE SUMMARY FOR THE MONTH OF OCTOBER 2014...

CLIMATE NORMAL PERIOD 1981 TO 2010
CLIMATE RECORD PERIOD 1880 TO 2014

WEATHER         OBSERVED          NORMAL  DEPART  LAST YEAR`S
                 VALUE   DATE(S)  VALUE   FROM    VALUE
                                          NORMAL
.............................................................
TEMPERATURE (F)
RECORD
 HIGH              91   10/03/1943
 LOW              -21   10/29/1991
HIGHEST            81   10/20        66      15       75
LOWEST             21   10/28        24      -3       16
AVG. MAXIMUM     63.8              58.2     5.6     56.1
AVG. MINIMUM     36.1              30.4     5.7     30.5
MEAN             50.0              44.3     5.7     43.3
DAYS MAX >= 90      0               0.0     0.0        0
DAYS MAX <= 32      0               1.0    -1.0        2
DAYS MIN <= 32      8              17.1    -9.1       21
DAYS MIN <= 0       0               0.3    -0.3        0

PRECIPITATION (INCHES)
RECORD
 MAXIMUM         2.82   1914
 MINIMUM         0.01   1953
                        1952
TOTALS           0.76              0.58    0.18     0.32
DAYS >= .01         7               5.7     1.3
DAYS >= .10         4               2.0     2.0
DAYS >= .50         0               0.2    -0.2
DAYS >= 1.00        0               0.0     0.0
GREATEST
 24 HR. TOTAL    0.30   10/15 TO 10/16

SNOWFALL (INCHES)
RECORDS
 TOTAL           12.0   5
                        0
                        -26215
 24 HR TOTAL      8.5
 SNOW DEPTH         9   10/31/1991
TOTALS              T               2.0    -2.0      1.0
SNOWDEPTH AVG.      0
DAYS >= TRACE       2               1.2     0.8
DAYS >= 1.0         0               0.7    -0.7
GREATEST
 SNOW DEPTH         0   MM                             1
 24 HR TOTAL        T   10/27 TO 10/27

DEGREE_DAYS
HEATING TOTAL     456               642    -186      664
 SINCE 7/1        741               999    -258      832
COOLING TOTAL       0                 1      -1        0
 SINCE 1/1        402               387      15      445
..............................................................

WIND (MPH)
AVERAGE WIND SPEED              10.6
HIGHEST WIND SPEED/DIRECTION    46/250    DATE  10/26
HIGHEST GUST SPEED/DIRECTION    63/250    DATE  10/26

SKY COVER
AVERAGE SKY COVER           0.20

AVERAGE RH (PERCENT)     62

WEATHER CONDITIONS. NUMBER OF DAYS WITH
THUNDERSTORM              0     MIXED PRECIP               1
HEAVY RAIN                1     RAIN                       4
LIGHT RAIN               10     FREEZING RAIN              0
LT FREEZING RAIN          0     HAIL                       0
HEAVY SNOW                0     SNOW                       0
LIGHT SNOW                2     SLEET                      0
FOG                       5     FOG W/VIS <= 1/4 MILE      2
HAZE                      0

-  INDICATES NEGATIVE NUMBERS.
R  INDICATES RECORD WAS SET OR TIED.
MM INDICATES DATA IS MISSING.
T  INDICATES TRACE AMOUNT.

&&

A PERSISTENT RIDGE OF HIGH PRESSURE OVER THE NORTHERN ROCKIES
MAINTAINED WARMER THAN AVERAGE WEATHER IN HAVRE DURING OCTOBER
2014. THE MONTHLY AVERAGE TEMPERATURE OF 50.0 FAHRENHEIT WAS THE
TENTH WARMEST OF RECORD. A NEW DAILY RECORD HIGH TEMPERATURE OF 81
FAHRENHEIT WAS SET ON THE 20TH. PRECIPITATION WAS ABOVE
AVERAGE...CAUSED BY WEATHER SYSTEMS MOVING FROM CANADA INTO THE
NORTHERN PLAINS ON A FEW DAYS WHEN THE RIDGE AXIS SHIFTED FURTHER
WEST.

$$







U.S. Dept. of Commerce
NOAA National Weather Service
1325 East West Highway
Silver Spring, MD 20910
E-mail: w-nws.webmaster@noaa.gov
Page last modified: May 16, 2007
NATIONAL WEATHER SERVICE: for Safety, for Work, for Fun - FOR LIFE