513
CXUS55 KTFX 011241
CLMHVR

CLIMATE REPORT
NATIONAL WEATHER SERVICE GREAT FALLS MT
617 AM MDT WED OCT 1 2014

...................................

...THE HAVRE MT CLIMATE SUMMARY FOR THE MONTH OF SEPTEMBER 2014...

CLIMATE NORMAL PERIOD 1981 TO 2010
CLIMATE RECORD PERIOD 1880 TO 2014

WEATHER         OBSERVED          NORMAL  DEPART  LAST YEAR`S
                 VALUE   DATE(S)  VALUE   FROM    VALUE
                                          NORMAL
.............................................................
TEMPERATURE (F)
RECORD
 HIGH             101   09/02/1998
                        09/05/1967
 LOW               18   09/21/1995
                        09/28/1984
                        09/27/1928
HIGHEST            93   09/24        78      15       99
LOWEST             28   09/12        36      -8       33
AVG. MAXIMUM     71.5              71.4     0.1     76.8
AVG. MINIMUM     42.6              41.6     1.0     47.4
MEAN             57.0              56.5     0.5     62.1
DAYS MAX >= 90      2               1.9     0.1        5
DAYS MAX <= 32      0               0.0     0.0        0
DAYS MIN <= 32      1               2.9    -1.9        0
DAYS MIN <= 0       0               0.0     0.0        0

PRECIPITATION (INCHES)
RECORD
 MAXIMUM         5.99   1911
 MINIMUM         0.04   1990
TOTALS           0.84              1.12   -0.28     2.05
DAYS >= .01         7               7.5    -0.5
DAYS >= .10         4               3.1     0.9
DAYS >= .50         0               0.5    -0.5
DAYS >= 1.00        0               0.1    -0.1
GREATEST
 24 HR. TOTAL    0.37   09/10 TO 09/11

SNOWFALL (INCHES)
RECORDS
 TOTAL            6.2   1925
 24 HR TOTAL      7.8
 SNOW DEPTH         6   09/23/1934
TOTALS              T               0.3    -0.3      0.0
SNOWDEPTH AVG.      0
DAYS >= TRACE       2               0.1     1.9
DAYS >= 1.0         0               0.0     0.0
GREATEST
 SNOW DEPTH         0                                  0
 24 HR TOTAL        T   09/11 TO 09/11

DEGREE_DAYS
HEATING TOTAL     241               274     -33      150
 SINCE 7/1        285               357     -72      168
COOLING TOTAL      12                19      -7       70
 SINCE 1/1        402               386      16      445
..............................................................

WIND (MPH)
AVERAGE WIND SPEED              8.7
HIGHEST WIND SPEED/DIRECTION    36/280    DATE  09/03
HIGHEST GUST SPEED/DIRECTION    44/290    DATE  09/03

SKY COVER
AVERAGE SKY COVER           0.30

AVERAGE RH (PERCENT)     63

WEATHER CONDITIONS. NUMBER OF DAYS WITH
THUNDERSTORM              0     MIXED PRECIP               0
HEAVY RAIN                0     RAIN                       1
LIGHT RAIN               11     FREEZING RAIN              0
LT FREEZING RAIN          0     HAIL                       0
HEAVY SNOW                0     SNOW                       0
LIGHT SNOW                2     SLEET                      0
FOG                       5     FOG W/VIS <= 1/4 MILE      0
HAZE                      1

-  INDICATES NEGATIVE NUMBERS.
R  INDICATES RECORD WAS SET OR TIED.
MM INDICATES DATA IS MISSING.
T  INDICATES TRACE AMOUNT.

&&

SUMMARY...HAVRE HAD A NEAR AVERAGE MONTH FOR TEMPERATURES. PRECIPITATION
WAS 0.28 INCHES BELOW THE AVERAGE OF 1.12 INCHES. A TRACE OF SNOW FELL ON
THE 11TH. NO RECORDS WERE SET DURING THE MONTH.

$$








U.S. Dept. of Commerce
NOAA National Weather Service
1325 East West Highway
Silver Spring, MD 20910
E-mail: w-nws.webmaster@noaa.gov
Page last modified: May 16, 2007
NATIONAL WEATHER SERVICE: for Safety, for Work, for Fun - FOR LIFE