827
CXUS51 KRLX 011726
CLMHTS


CLIMATE REPORT
NATIONAL WEATHER SERVICE CHARLESTON WV
125 PM EDT TUE APR 1 2014

...................................

...THE HUNTINGTON CLIMATE SUMMARY FOR THE MONTH OF MARCH 2014...

CLIMATE NORMAL PERIOD 1981 TO 2010
CLIMATE RECORD PERIOD 1897 TO 2014

WEATHER         OBSERVED          NORMAL  DEPART  LAST YEAR`S
                 VALUE   DATE(S)  VALUE   FROM    VALUE  DATE(S)
                                          NORMAL
................................................................
TEMPERATURE (F)
RECORD
 HIGH              92   03/25/1929
 LOW               -2   03/03/1980
HIGHEST            74   03/11        MM      MM       77  03/10
LOWEST              5   03/04        MM      MM       18  03/22
AVG. MAXIMUM     53.1              56.6    -3.5     48.9
AVG. MINIMUM     28.7              35.3    -6.6     31.5
MEAN             40.9              45.9    -5.0     40.2
DAYS MAX >= 90      0               0.0     0.0        0
DAYS MAX <= 32      1               0.5     0.5        3
DAYS MIN <= 32     21              12.4     8.6       21
DAYS MIN <= 0       0               0.0     0.0        0

PRECIPITATION (INCHES)
RECORD
 MAXIMUM         8.88   2002
 MINIMUM         0.56   1910
TOTALS           3.11              3.90   -0.79     3.89
DAILY AVG.       0.10              0.13   -0.03     0.13
DAYS >= .01        10              13.3    -3.3       15
DAYS >= .10         7               8.0    -1.0        8
DAYS >= .50         2               2.4    -0.4        4
DAYS >= 1.00        1               0.6     0.4        1
GREATEST
 24 HR. TOTAL    1.08   03/29 TO 03/29              1.10

SNOWFALL (INCHES)
RECORDS
 TOTAL           23.6   1993
TOTALS            8.6               3.8     4.8      0.5
SINCE 7/1        36.8              22.7    14.1     12.4
DAYS >= 1.0         3               1.0     2.0        0
GREATEST
 SNOW DEPTH         4R  03/17                          0  MM
 24 HR TOTAL      3.5R  03/03 TO 03/03           03/21 TO 03/21
                                                          03/21 TO 03/21
                                                          03/21 TO 03/21

DEGREE_DAYS
HEATING TOTAL     740               596     144      761
 SINCE 7/1       4501              4097     404     4176
COOLING TOTAL       0                 5      -5        0
 SINCE 1/1          0                 5      -5        0
..................................................

WIND (MPH)
AVERAGE WIND SPEED              7.1
HIGHEST WIND SPEED/DIRECTION    26/280    DATE  03/12
HIGHEST GUST SPEED/DIRECTION    40/280    DATE  03/12

SKY COVER
POSSIBLE SUNSHINE (PERCENT)   MM
AVERAGE SKY COVER           0.40
NUMBER OF DAYS FAIR           14
NUMBER OF DAYS PC             11
NUMBER OF DAYS CLOUDY          6

AVERAGE RH (PERCENT)     60

WEATHER CONDITIONS. NUMBER OF DAYS WITH
THUNDERSTORM              0     MIXED PRECIP               0
HEAVY RAIN                3     RAIN                       3
LIGHT RAIN                7     FREEZING RAIN              1
LT FREEZING RAIN          2     HAIL                       0
HEAVY SNOW                0     SNOW                       2
LIGHT SNOW               10     SLEET                      0
FOG                      11     FOG W/VIS <= 1/4 MILE      0
HAZE                      7

-  INDICATES NEGATIVE NUMBERS.
R  INDICATES RECORD WAS SET OR TIED.
MM INDICATES DATA IS MISSING.
T  INDICATES TRACE AMOUNT.

$$




U.S. Dept. of Commerce
NOAA National Weather Service
1325 East West Highway
Silver Spring, MD 20910
E-mail: w-nws.webmaster@noaa.gov
Page last modified: May 16, 2007
NATIONAL WEATHER SERVICE: for Safety, for Work, for Fun - FOR LIFE