954
CXUS51 KRLX 022211
CLMHTS


CLIMATE REPORT
NATIONAL WEATHER SERVICE CHARLESTON WV
510 PM EST TUE DEC 2 2014

...................................

...THE HUNTINGTON CLIMATE SUMMARY FOR THE MONTH OF NOVEMBER 2014...

CLIMATE NORMAL PERIOD 1981 TO 2010
CLIMATE RECORD PERIOD 1897 TO 2014

WEATHER         OBSERVED          NORMAL  DEPART  LAST YEAR`S
                 VALUE   DATE(S)  VALUE   FROM    VALUE  DATE(S)
                                          NORMAL
................................................................
TEMPERATURE (F)
RECORD
 HIGH              86   11/07/1938
 LOW                4   11/30/1929
HIGHEST            71   11/11        MM      MM       75  11/06
                                                          11/01
LOWEST             12   11/19        MM      MM       17  11/25
AVG. MAXIMUM     50.4              56.8    -6.4     53.9
AVG. MINIMUM     31.1              36.8    -5.7     32.5
MEAN             40.8              46.8    -6.0     43.2
DAYS MAX >= 90      0               0.0     0.0        0
DAYS MAX <= 32      2               0.2     1.8        2
DAYS MIN <= 32     18              10.4     7.6       16
DAYS MIN <= 0       0               0.0     0.0        0

PRECIPITATION (INCHES)
RECORD
 MAXIMUM         7.78   2003
                        1985
 MINIMUM         0.10   1904
TOTALS           2.31              3.44   -1.13     3.12
DAILY AVG.       0.08              0.11   -0.03     0.10
DAYS >= .01        11              10.8     0.2       10
DAYS >= .10         6               6.6    -0.6        7
DAYS >= .50         2               2.4    -0.4        3
DAYS >= 1.00        0               0.7    -0.7        0
GREATEST
 24 HR. TOTAL    0.94   11/16 TO 11/17              0.96

SNOWFALL (INCHES)
RECORDS
 TOTAL           19.6   1950
TOTALS              T               0.7    -0.7      3.3
SINCE 7/1           T               0.8    -0.8      3.3
DAYS >= 1.0         0               0.2    -0.2        2
GREATEST
 SNOW DEPTH         T   11/28                          2  11/27
 24 HR TOTAL        TR  11/28 TO 11/28           11/27 TO 11/27
                                                          11/27 TO 11/27
                                                          11/27 TO 11/27

DEGREE_DAYS
HEATING TOTAL     719               548     171      648
 SINCE 7/1       1079               887     192      951
COOLING TOTAL       0                 2      -2        1
 SINCE 1/1        971              1134    -163     1215
........................................................

WIND (MPH)
AVERAGE WIND SPEED              6.5
HIGHEST WIND SPEED/DIRECTION    31/220    DATE  11/24
HIGHEST GUST SPEED/DIRECTION    51/250    DATE  11/24

SKY COVER
POSSIBLE SUNSHINE (PERCENT)   MM
AVERAGE SKY COVER           0.50
NUMBER OF DAYS FAIR           12
NUMBER OF DAYS PC              7
NUMBER OF DAYS CLOUDY         11

AVERAGE RH (PERCENT)     65

WEATHER CONDITIONS. NUMBER OF DAYS WITH
THUNDERSTORM              0     MIXED PRECIP               0
HEAVY RAIN                2     RAIN                       5
LIGHT RAIN               11     FREEZING RAIN              0
LT FREEZING RAIN          0     HAIL                       0
HEAVY SNOW                0     SNOW                       2
LIGHT SNOW                5     SLEET                      0
FOG                      12     FOG W/VIS <= 1/4 MILE      0
HAZE                      9

-  INDICATES NEGATIVE NUMBERS.
R  INDICATES RECORD WAS SET OR TIED.
MM INDICATES DATA IS MISSING.
T  INDICATES TRACE AMOUNT.

$$




U.S. Dept. of Commerce
NOAA National Weather Service
1325 East West Highway
Silver Spring, MD 20910
E-mail: w-nws.webmaster@noaa.gov
Page last modified: May 16, 2007
NATIONAL WEATHER SERVICE: for Safety, for Work, for Fun - FOR LIFE