898
CXUS51 KRLX 012309
CLMHTS


CLIMATE REPORT
NATIONAL WEATHER SERVICE CHARLESTON WV
703 PM EDT MON SEP 1 2014

...................................

...THE HUNTINGTON CLIMATE SUMMARY FOR THE MONTH OF AUGUST 2014...

CLIMATE NORMAL PERIOD 1981 TO 2010
CLIMATE RECORD PERIOD 1897 TO 2014

WEATHER         OBSERVED          NORMAL  DEPART  LAST YEAR`S
                 VALUE   DATE(S)  VALUE   FROM    VALUE  DATE(S)
                                          NORMAL
................................................................
TEMPERATURE (F)
RECORD
 HIGH             107   08/04/1930
 LOW               43   08/29/1986
                        08/30/1946
HIGHEST            89   08/30        MM      MM       90  08/28
LOWEST             50   08/16        MM      MM       50  08/15
AVG. MAXIMUM     82.0              85.5    -3.5     82.7
AVG. MINIMUM     63.4              64.2    -0.8     64.0
MEAN             72.7              74.8    -2.1     73.4
DAYS MAX >= 90      0               7.6    -7.6        1
DAYS MAX <= 32      0               0.0     0.0        0
DAYS MIN <= 32      0               0.0     0.0        0
DAYS MIN <= 0       0               0.0     0.0        0

PRECIPITATION (INCHES)
RECORD
 MAXIMUM         8.32   1905
 MINIMUM         0.68   1962
TOTALS           6.28              3.74    2.54     5.18
DAILY AVG.       0.20              0.12    0.08     0.17
DAYS >= .01        14               9.5     4.5       14
DAYS >= .10        10               6.3     3.7        8
DAYS >= .50         2               2.4    -0.4        4
DAYS >= 1.00        2               1.1     0.9        1
GREATEST
 24 HR. TOTAL    2.86   08/22 TO 08/22              2.02
                        08/21 TO 08/22
                        08/22 TO 08/22

SNOWFALL (INCHES)
RECORDS
 TOTAL             MM   MM
TOTALS            0.0               0.0     0.0      0.0
SINCE 7/1         0.0               0.0     0.0      0.0
DAYS >= 1.0         0               0.0     0.0        0
GREATEST
 SNOW DEPTH         0   MM                             0  MM
 24 HR TOTAL      0.0   08/31 TO 08/31           08/31 TO 08/31
                                                          08/28 TO 08/28
                                                          08/28 TO 08/28

DEGREE_DAYS
HEATING TOTAL       0                 2      -2        4
 SINCE 7/1          3                 2       1        4
COOLING TOTAL     246               307     -61      268
 SINCE 1/1        841               977    -136     1032
.........................................................

WIND (MPH)
AVERAGE WIND SPEED              3.6
HIGHEST WIND SPEED/DIRECTION    23/330    DATE  08/22
HIGHEST GUST SPEED/DIRECTION    36/MM     DATE   MM

SKY COVER
POSSIBLE SUNSHINE (PERCENT)   MM
AVERAGE SKY COVER           0.40
NUMBER OF DAYS FAIR           12
NUMBER OF DAYS PC             18
NUMBER OF DAYS CLOUDY          1

AVERAGE RH (PERCENT)     79

WEATHER CONDITIONS. NUMBER OF DAYS WITH
THUNDERSTORM              0     MIXED PRECIP               0
HEAVY RAIN                8     RAIN                       9
LIGHT RAIN               16     FREEZING RAIN              0
LT FREEZING RAIN          0     HAIL                       0
HEAVY SNOW                0     SNOW                       0
LIGHT SNOW                0     SLEET                      0
FOG                      24     FOG W/VIS <= 1/4 MILE     13
HAZE                     15

-  INDICATES NEGATIVE NUMBERS.
R  INDICATES RECORD WAS SET OR TIED.
MM INDICATES DATA IS MISSING.
T  INDICATES TRACE AMOUNT.

$$




U.S. Dept. of Commerce
NOAA National Weather Service
1325 East West Highway
Silver Spring, MD 20910
E-mail: w-nws.webmaster@noaa.gov
Page last modified: May 16, 2007
NATIONAL WEATHER SERVICE: for Safety, for Work, for Fun - FOR LIFE