516
CXUS51 KRLX 040220
CLMHTS


CLIMATE REPORT
NATIONAL WEATHER SERVICE CHARLESTON WV
913 PM EST MON NOV 3 2014

...................................

...THE HUNTINGTON CLIMATE SUMMARY FOR THE MONTH OF OCTOBER 2014...

CLIMATE NORMAL PERIOD 1981 TO 2010
CLIMATE RECORD PERIOD 1897 TO 2014

WEATHER         OBSERVED          NORMAL  DEPART  LAST YEAR`S
                 VALUE   DATE(S)  VALUE   FROM    VALUE  DATE(S)
                                          NORMAL
................................................................
TEMPERATURE (F)
RECORD
 HIGH              93   10/08/2007
                        10/04/1951
                        10/07/1941
 LOW               16   10/27/1962
HIGHEST            83   10/02        MM      MM       86  10/06
LOWEST             35   10/31        MM      MM       30  10/26
AVG. MAXIMUM     64.5              68.1    -3.6     67.8
AVG. MINIMUM     46.2              45.1     1.1     47.8
MEAN             55.3              56.6    -1.3     57.8
DAYS MAX >= 90      0               0.1    -0.1        0
DAYS MAX <= 32      0               0.0     0.0        0
DAYS MIN <= 32      0               2.4    -2.4        2
DAYS MIN <= 0       0               0.0     0.0        0

PRECIPITATION (INCHES)
RECORD
 MAXIMUM         6.38   2006
 MINIMUM            T   1963
TOTALS           5.29              2.81    2.48     2.10
DAILY AVG.       0.17              0.09    0.08     0.07
DAYS >= .01        16               9.3     6.7       12
DAYS >= .10         9               5.5     3.5        7
DAYS >= .50         5               2.0     3.0        0
DAYS >= 1.00        2               0.7     1.3        0
GREATEST
 24 HR. TOTAL    1.10   10/28 TO 10/29              0.69

SNOWFALL (INCHES)
RECORDS
 TOTAL            1.9   2012
TOTALS            0.0               0.1    -0.1      0.0
SINCE 7/1         0.0               0.1    -0.1      0.0
DAYS >= 1.0         0               0.0     0.0        0
GREATEST
 SNOW DEPTH         0   MM                             0  MM
 24 HR TOTAL      0.0   10/31 TO 10/31           10/31 TO 10/31
                                                          10/31 TO 10/31
                                                          10/31 TO 10/31

DEGREE_DAYS
HEATING TOTAL     303               281      22      265
 SINCE 7/1        360               339      21      303
COOLING TOTAL      10                21     -11       49
 SINCE 1/1        971              1132    -161     1214
..................................................

WIND (MPH)
AVERAGE WIND SPEED              5.4
HIGHEST WIND SPEED/DIRECTION    33/330    DATE  10/07
HIGHEST GUST SPEED/DIRECTION    47/340    DATE  10/07

SKY COVER
POSSIBLE SUNSHINE (PERCENT)   MM
AVERAGE SKY COVER           0.50
NUMBER OF DAYS FAIR           10
NUMBER OF DAYS PC             13
NUMBER OF DAYS CLOUDY          8

AVERAGE RH (PERCENT)     78

WEATHER CONDITIONS. NUMBER OF DAYS WITH
THUNDERSTORM              0     MIXED PRECIP               0
HEAVY RAIN                5     RAIN                       9
LIGHT RAIN               19     FREEZING RAIN              0
LT FREEZING RAIN          0     HAIL                       0
HEAVY SNOW                0     SNOW                       0
LIGHT SNOW                0     SLEET                      0
FOG                      23     FOG W/VIS <= 1/4 MILE      3
HAZE                      7

-  INDICATES NEGATIVE NUMBERS.
R  INDICATES RECORD WAS SET OR TIED.
MM INDICATES DATA IS MISSING.
T  INDICATES TRACE AMOUNT.

$$




U.S. Dept. of Commerce
NOAA National Weather Service
1325 East West Highway
Silver Spring, MD 20910
E-mail: w-nws.webmaster@noaa.gov
Page last modified: May 16, 2007
NATIONAL WEATHER SERVICE: for Safety, for Work, for Fun - FOR LIFE