168
CXUS53 KAPX 062353
CLMHTL


CLIMATE REPORT
NATIONAL WEATHER SERVICE GAYLORD MI
653 PM EST SAT DEC 6 2014

...................................

...THE HOUGHTON LAKE MI CLIMATE SUMMARY FOR THE MONTH OF NOVEMBER 2014...

CLIMATE NORMAL PERIOD 1981 TO 2010
CLIMATE RECORD PERIOD 1913 TO 2014

WEATHER         OBSERVED          NORMAL  DEPART  LAST YEAR`S
                 VALUE   DATE(S)  VALUE   FROM    VALUE  DATE(S)
                                          NORMAL
................................................................
TEMPERATURE (F)
RECORD
 HIGH              77   11/01/1927
 LOW              -14   11/25/1950
HIGHEST            54   11/03        MM      MM       60  11/17
LOWEST              9   11/21        MM      MM        7  11/29
                                                          11/28
AVG. MAXIMUM     36.2              42.3    -6.1     39.9
AVG. MINIMUM     24.4              27.4    -3.0     26.5
MEAN             30.3              34.9    -4.6     33.2
DAYS MAX >= 90      0               0.0     0.0        0
DAYS MAX <= 32     14               4.8     9.2        8
DAYS MIN <= 32     25              21.9     3.1       20
DAYS MIN <= 0       0               0.1    -0.1        0

PRECIPITATION (INCHES)
RECORD
 MAXIMUM           MM   MM
 MINIMUM           MM   MM
TOTALS           3.05              2.32    0.73     3.16
DAILY AVG.       0.10              0.08    0.02     0.11
DAYS >= .01        21              13.3     7.7       15
DAYS >= .10         6               6.0     0.0        7
DAYS >= .50         2               1.2     0.8        2
DAYS >= 1.00        0               0.2    -0.2        1
GREATEST
 24 HR. TOTAL    0.94   11/24 TO 11/24
 STORM TOTAL       MM
 (MM/DD(HH))            MM

SNOWFALL (INCHES)
RECORDS
 TOTAL             MM   MM
 24 HR TOTAL       MM
 SNOW DEPTH        MM   MM
TOTALS           12.9               8.5     4.4      3.8
SINCE 7/1        12.9               9.1     3.8      3.8
SNOWDEPTH AVG.      2                MM      MM        1
DAYS >= TRACE      20               6.6    13.4       15
DAYS >= 1.0         4               2.7     1.3        3
GREATEST
 SNOW DEPTH         5   11/25                          3  11/30
                                                          11/29
 24 HR TOTAL      4.0   11/24 TO 11/24               1.3

DEGREE_DAYS
HEATING TOTAL    1033               905     128      948
 SINCE 7/1       2004              1883     121     1865
COOLING TOTAL       0                 0       0        0
 SINCE 1/1        210               287     -77      381
.................................................................

WIND (MPH)
AVERAGE WIND SPEED              9.6
HIGHEST WIND SPEED/DIRECTION    24/MM     DATE   MM
HIGHEST GUST SPEED/DIRECTION    38/290    DATE  11/18

SKY COVER
POSSIBLE SUNSHINE (PERCENT)   MM
AVERAGE SKY COVER           0.80
NUMBER OF DAYS FAIR            4
NUMBER OF DAYS PC              5
NUMBER OF DAYS CLOUDY         21

AVERAGE RH (PERCENT)     78

WEATHER CONDITIONS. NUMBER OF DAYS WITH
THUNDERSTORM              0     MIXED PRECIP               0
HEAVY RAIN                0     RAIN                       3
LIGHT RAIN               10     FREEZING RAIN              0
LT FREEZING RAIN          1     HAIL                       0
HEAVY SNOW                1     SNOW                       2
LIGHT SNOW               21     SLEET                      0
FOG                      19     FOG W/VIS <= 1/4 MILE      2
HAZE                      3

-  INDICATES NEGATIVE NUMBERS.
R  INDICATES RECORD WAS SET OR TIED.
MM INDICATES DATA IS MISSING.
T  INDICATES TRACE AMOUNT.

$$




U.S. Dept. of Commerce
NOAA National Weather Service
1325 East West Highway
Silver Spring, MD 20910
E-mail: w-nws.webmaster@noaa.gov
Page last modified: May 16, 2007
NATIONAL WEATHER SERVICE: for Safety, for Work, for Fun - FOR LIFE