915
CXUS53 KAPX 011223
CLMHTL


CLIMATE REPORT
NATIONAL WEATHER SERVICE GAYLORD MI
823 AM EDT TUE APR 1 2014

...................................

...THE HOUGHTON LAKE MI CLIMATE SUMMARY FOR THE MONTH OF MARCH 2014...

CLIMATE NORMAL PERIOD 1981 TO 2010
CLIMATE RECORD PERIOD 1913 TO 2014

WEATHER         OBSERVED          NORMAL  DEPART  LAST YEAR`S
                 VALUE   DATE(S)  VALUE   FROM    VALUE  DATE(S)
                                          NORMAL
................................................................
TEMPERATURE (F)
RECORD
 HIGH              85   03/21/2012
 LOW              -25   03/03/1943
HIGHEST            55   03/31        MM      MM       50  03/30
LOWEST            -24   03/03        MM      MM       -1  03/04
                                                          03/03
AVG. MAXIMUM     31.4              39.7    -8.3     36.0
AVG. MINIMUM      7.4              18.5   -11.1     19.0
MEAN             19.4              29.1    -9.7     27.5
DAYS MAX >= 90      0               0.0     0.0        0
DAYS MAX <= 32     16               7.1     8.9       12
DAYS MIN <= 32     31              28.1     2.9       29
DAYS MIN <= 0      11               2.4     8.6        2

PRECIPITATION (INCHES)
RECORD
 MAXIMUM           MM   MM
 MINIMUM           MM   MM
TOTALS           1.15              1.84   -0.69     1.26
DAILY AVG.       0.04              0.06   -0.02     0.04
DAYS >= .01         8              11.0    -3.0       12
DAYS >= .10         5               4.8     0.2        3
DAYS >= .50         0               1.2    -1.2        0
DAYS >= 1.00        0               0.1    -0.1        0
GREATEST
 24 HR. TOTAL    0.35   03/28 TO 03/28
 STORM TOTAL       MM
 (MM/DD(HH))            MM

SNOWFALL (INCHES)
RECORDS
 TOTAL             MM   MM
 24 HR TOTAL       MM
 SNOW DEPTH        MM   MM
TOTALS            6.1               8.3    -2.2      5.8
SINCE 7/1        58.4              62.8    -4.4     57.1
SNOWDEPTH AVG.     18                 6      12        9
DAYS >= TRACE      15               7.4     7.6       18
DAYS >= 1.0         3               2.6     0.4        4
GREATEST
 SNOW DEPTH        26   03/07                         13  03/06
                        03/06                             03/05
                        03/05                             03/04
 24 HR TOTAL      2.3   MM                           1.3

DEGREE_DAYS
HEATING TOTAL    1406              1113     293     1155
 SINCE 7/1       7854              6985     869     6529
COOLING TOTAL       0                 0       0        0
 SINCE 1/1          0                 0       0        0
.................................................................

WIND (MPH)
AVERAGE WIND SPEED              7.9
HIGHEST WIND SPEED/DIRECTION    25/320    DATE  03/20
HIGHEST GUST SPEED/DIRECTION    33/310    DATE  03/20

SKY COVER
POSSIBLE SUNSHINE (PERCENT)   MM
AVERAGE SKY COVER           0.40
NUMBER OF DAYS FAIR           12
NUMBER OF DAYS PC             13
NUMBER OF DAYS CLOUDY          6

AVERAGE RH (PERCENT)     69

WEATHER CONDITIONS. NUMBER OF DAYS WITH
THUNDERSTORM              0     MIXED PRECIP               0
HEAVY RAIN                0     RAIN                       1
LIGHT RAIN                5     FREEZING RAIN              0
LT FREEZING RAIN          1     HAIL                       0
HEAVY SNOW                1     SNOW                       2
LIGHT SNOW               14     SLEET                      0
FOG                       8     FOG W/VIS <= 1/4 MILE      1
HAZE                      3

-  INDICATES NEGATIVE NUMBERS.
R  INDICATES RECORD WAS SET OR TIED.
MM INDICATES DATA IS MISSING.
T  INDICATES TRACE AMOUNT.

$$




U.S. Dept. of Commerce
NOAA National Weather Service
1325 East West Highway
Silver Spring, MD 20910
E-mail: w-nws.webmaster@noaa.gov
Page last modified: May 16, 2007
NATIONAL WEATHER SERVICE: for Safety, for Work, for Fun - FOR LIFE