501
CXUS54 KHUN 042059
CLMHSV


CLIMATE REPORT
NATIONAL WEATHER SERVICE HUNTSVILLE AL
358 PM CDT FRI JUL 4 2014

...................................

...THE HUNTSVILLE CLIMATE SUMMARY FOR THE MONTH OF JUNE 2014...

CLIMATE NORMAL PERIOD 1981 TO 2010
CLIMATE RECORD PERIOD 1894 TO 2014

WEATHER         OBSERVED          NORMAL  DEPART  LAST YEAR`S
                 VALUE   DATE(S)  VALUE   FROM    VALUE
                                          NORMAL
.............................................................
TEMPERATURE (F)
RECORD
 HIGH             108   06/29/1931
 LOW               42   06/03/1956
HIGHEST            94   06/18        MM      MM       97
LOWEST             62   06/14        MM      MM       60
AVG. MAXIMUM     87.3              88.2    -0.9     89.6
AVG. MINIMUM     69.1              67.1     2.0     68.1
MEAN             78.2              77.7     0.5     78.9
DAYS MAX >= 90     10              12.6    -2.6       17
DAYS MAX <= 32      0               0.0     0.0        0
DAYS MIN <= 32      0               0.0     0.0        0
DAYS MIN <= 0       0               0.0     0.0        0

PRECIPITATION (INCHES)
RECORD
 MAXIMUM        14.99   1989
 MINIMUM         0.17   1988
TOTALS           7.13              4.29    2.84     2.21
DAILY AVG.       0.24              0.14    0.10     0.07
DAYS >= .01        14              10.1     3.9        9
DAYS >= .10        10               6.5     3.5        7
DAYS >= .50         6               2.9     3.1        1
DAYS >= 1.00        3               1.1     1.9        0
GREATEST
 24 HR. TOTAL    1.38   06/07 TO 06/07              1.02
                        06/07 TO 06/08

SNOWFALL (INCHES)
RECORDS
 TOTAL              T   1999
                        1994
 24 HR TOTAL      0.0   MM
TOTALS            0.0               0.0     0.0      0.0
SINCE 7/1         5.2               2.4     2.8      0.7
DAYS >= TRACE       0               0.0     0.0        0
DAYS >= 1.0         0               0.0     0.0        0
GREATEST
 SNOW DEPTH         0   MM                             0
 24 HR TOTAL      0.0   06/30 TO 06/30

DEGREE_DAYS
HEATING TOTAL       0                 1      -1        0
 SINCE 7/1       3463              3002     461     3042
COOLING TOTAL     401               380      21      424
 SINCE 1/1        672               643      29      657

FREEZE DATES
RECORD
 EARLIEST     10/09/2000
 LATEST       05/02/1909
EARLIEST      10/25             11/05
LATEST        03/26             03/30
..............................................................

WIND (MPH)
AVERAGE WIND SPEED              MM
HIGHEST WIND SPEED/DIRECTION    MM        DATE   MM
HIGHEST GUST SPEED/DIRECTION    59/260    DATE  06/05

AVERAGE RH (PERCENT)     74


-  INDICATES NEGATIVE NUMBERS.
R  INDICATES RECORD WAS SET OR TIED.
MM INDICATES DATA IS MISSING.
T  INDICATES TRACE AMOUNT.

$$





U.S. Dept. of Commerce
NOAA National Weather Service
1325 East West Highway
Silver Spring, MD 20910
E-mail: w-nws.webmaster@noaa.gov
Page last modified: May 16, 2007
NATIONAL WEATHER SERVICE: for Safety, for Work, for Fun - FOR LIFE