722
CXUS54 KHUN 012205
CLMHSV


CLIMATE REPORT
NATIONAL WEATHER SERVICE HUNTSVILLE AL
505 PM CDT MON SEP 1 2014

...................................

...THE HUNTSVILLE CLIMATE SUMMARY FOR THE MONTH OF AUGUST 2014...

CLIMATE NORMAL PERIOD 1981 TO 2010
CLIMATE RECORD PERIOD 1894 TO 2014

WEATHER         OBSERVED          NORMAL  DEPART  LAST YEAR`S
                 VALUE   DATE(S)  VALUE   FROM    VALUE
                                          NORMAL
.............................................................
TEMPERATURE (F)
RECORD
 HIGH             108   08/08/1930
                        08/07/1930
 LOW               50   08/10/1954
                        08/26/1917
HIGHEST            97   08/23        MM      MM       95
LOWEST             57   08/14        MM      MM       58
AVG. MAXIMUM     91.5              90.9     0.6     86.5
AVG. MINIMUM     69.3              69.4    -0.1     68.1
MEAN             80.4              80.1     0.3     77.3
DAYS MAX >= 90     22              18.0     4.0        6
DAYS MAX <= 32      0               0.0     0.0        0
DAYS MIN <= 32      0               0.0     0.0        0
DAYS MIN <= 0       0               0.0     0.0        0

PRECIPITATION (INCHES)
RECORD
 MAXIMUM        12.61   1901
 MINIMUM         0.08   1918
TOTALS           3.08              3.61   -0.53     1.81
DAILY AVG.       0.10              0.12   -0.02     0.06
DAYS >= .01         9               8.5     0.5        9
DAYS >= .10         5               5.5    -0.5        5
DAYS >= .50         2               2.3    -0.3        0
DAYS >= 1.00        1               1.0     0.0        0
GREATEST
 24 HR. TOTAL    1.55   08/18 TO 08/18              1.16
                        08/17 TO 08/18
                        08/18 TO 08/18

SNOWFALL (INCHES)
RECORDS
 TOTAL              T   1990
 24 HR TOTAL      0.0   MM
TOTALS            0.0               0.0     0.0      0.0
SINCE 7/1         0.0               0.0     0.0      0.0
DAYS >= TRACE       0               0.0     0.0        0
DAYS >= 1.0         0               0.0     0.0        0
GREATEST
 SNOW DEPTH         0   MM                             0
 24 HR TOTAL      0.0   08/31 TO 08/31

DEGREE_DAYS
HEATING TOTAL       0                 0       0        0
 SINCE 7/1          0                 0       0        0
COOLING TOTAL     487               470      17      388
 SINCE 1/1       1552              1595     -43     1466

FREEZE DATES
RECORD
 EARLIEST     10/09/2000
 LATEST       05/02/1909
EARLIEST                        11/05
LATEST                          03/30
..............................................................

WIND (MPH)
AVERAGE WIND SPEED              4.0
HIGHEST WIND SPEED/DIRECTION    26/250    DATE  08/31
HIGHEST GUST SPEED/DIRECTION    37/250    DATE  08/31

AVERAGE RH (PERCENT)     68


-  INDICATES NEGATIVE NUMBERS.
R  INDICATES RECORD WAS SET OR TIED.
MM INDICATES DATA IS MISSING.
T  INDICATES TRACE AMOUNT.

$$





U.S. Dept. of Commerce
NOAA National Weather Service
1325 East West Highway
Silver Spring, MD 20910
E-mail: w-nws.webmaster@noaa.gov
Page last modified: May 16, 2007
NATIONAL WEATHER SERVICE: for Safety, for Work, for Fun - FOR LIFE