372
CXUS54 KHUN 031603
CLMHSV


CLIMATE REPORT
NATIONAL WEATHER SERVICE HUNTSVILLE AL
1101 AM CDT THU APR 3 2014

...................................

...THE HUNTSVILLE CLIMATE SUMMARY FOR THE MONTH OF MARCH 2014...

CLIMATE NORMAL PERIOD 1981 TO 2010
CLIMATE RECORD PERIOD 1894 TO 2014

WEATHER         OBSERVED          NORMAL  DEPART  LAST YEAR`S
                 VALUE   DATE(S)  VALUE   FROM    VALUE
                                          NORMAL
.............................................................
TEMPERATURE (F)
RECORD
 HIGH              90   03/24/1929
                        03/21/1907
 LOW                6   03/03/1980
HIGHEST            77   03/31        MM      MM       76
LOWEST             24   03/04        MM      MM       26
AVG. MAXIMUM     61.8              64.9    -3.1     58.1
AVG. MINIMUM     37.7              42.2    -4.5     36.8
MEAN             49.8              53.5    -3.7     47.4
DAYS MAX >= 90      0               0.0     0.0        0
DAYS MAX <= 32      0               0.1    -0.1        0
DAYS MIN <= 32      7               4.4     2.6       12
DAYS MIN <= 0       0               0.0     0.0        0

PRECIPITATION (INCHES)
RECORD
 MAXIMUM        17.00   1980
 MINIMUM         0.50   1910
TOTALS           2.68              5.21   -2.53     5.55
DAILY AVG.       0.09              0.17   -0.08     0.18
DAYS >= .01         7              10.6    -3.6        7
DAYS >= .10         5               7.4    -2.4        7
DAYS >= .50         2               3.6    -1.6        6
DAYS >= 1.00        1               1.6    -0.6        2
GREATEST
 24 HR. TOTAL    1.16   03/16 TO 03/16              1.52

SNOWFALL (INCHES)
RECORDS
 TOTAL            7.3   1993
 24 HR TOTAL      4.9   03/13/1993 TO 03/13/1993
TOTALS              T               0.5    -0.5        T
SINCE 7/1         5.2               2.4     2.8      0.7
DAYS >= TRACE       2               0.3     1.7        5
DAYS >= 1.0         0               0.1    -0.1        0
GREATEST
 SNOW DEPTH         0   MM                             0
 24 HR TOTAL        T   03/25 TO 03/25
                        03/03 TO 03/03

DEGREE_DAYS
HEATING TOTAL     462               368      94      536
 SINCE 7/1       3297              2820     477     2808
COOLING TOTAL       0                13     -13        0
 SINCE 1/1          1                14     -13        6

FREEZE DATES
RECORD
 EARLIEST     10/09/2000
 LATEST       05/02/1909
EARLIEST                        11/05
LATEST                          03/30
..............................................................

WIND (MPH)
AVERAGE WIND SPEED              7.4
HIGHEST WIND SPEED/DIRECTION    33/310    DATE  03/12
HIGHEST GUST SPEED/DIRECTION    43/310    DATE  03/12

AVERAGE RH (PERCENT)     64


-  INDICATES NEGATIVE NUMBERS.
R  INDICATES RECORD WAS SET OR TIED.
MM INDICATES DATA IS MISSING.
T  INDICATES TRACE AMOUNT.

$$





U.S. Dept. of Commerce
NOAA National Weather Service
1325 East West Highway
Silver Spring, MD 20910
E-mail: w-nws.webmaster@noaa.gov
Page last modified: May 16, 2007
NATIONAL WEATHER SERVICE: for Safety, for Work, for Fun - FOR LIFE