816
CXUS54 KHUN 041517
CLMHSV


CLIMATE REPORT
NATIONAL WEATHER SERVICE HUNTSVILLE AL
1016 AM CDT MON AUG 4 2014

...................................

...THE HUNTSVILLE CLIMATE SUMMARY FOR THE MONTH OF JULY 2014...

CLIMATE NORMAL PERIOD 1981 TO 2010
CLIMATE RECORD PERIOD 1894 TO 2014

WEATHER         OBSERVED          NORMAL  DEPART  LAST YEAR`S
                 VALUE   DATE(S)  VALUE   FROM    VALUE
                                          NORMAL
.............................................................
TEMPERATURE (F)
RECORD
 HIGH             111   07/29/1930
 LOW               49   07/22/1944
HIGHEST            94   07/12        MM      MM       97
                        07/01
LOWEST             56   07/30        MM      MM       62
AVG. MAXIMUM     87.6              90.7    -3.1     86.9
AVG. MINIMUM     67.4              70.4    -3.0     69.6
MEAN             77.5              80.6    -3.1     78.2
DAYS MAX >= 90     12              17.8    -5.8        9
DAYS MAX <= 32      0               0.0     0.0        0
DAYS MIN <= 32      0               0.0     0.0        0
DAYS MIN <= 0       0               0.0     0.0        0

PRECIPITATION (INCHES)
RECORD
 MAXIMUM        14.81   1967
 MINIMUM         0.60   1902
TOTALS           4.47              4.05    0.42    10.48
DAILY AVG.       0.14              0.13    0.01     0.34
DAYS >= .01         8              10.5    -2.5       14
DAYS >= .10         6               6.9    -0.9       10
DAYS >= .50         4               2.9     1.1        6
DAYS >= 1.00        2               1.0     1.0        3
GREATEST
 24 HR. TOTAL    1.70   07/18 TO 07/19              4.64

SNOWFALL (INCHES)
RECORDS
 TOTAL              T   2002
 24 HR TOTAL      0.0   MM
TOTALS            0.0               0.0     0.0      0.0
SINCE 7/1         0.0               0.0     0.0      0.0
DAYS >= TRACE       0               0.0     0.0        0
DAYS >= 1.0         0               0.0     0.0        0
GREATEST
 SNOW DEPTH         0   MM                             0
 24 HR TOTAL      0.0   07/31 TO 07/31

DEGREE_DAYS
HEATING TOTAL       0                 0       0        0
 SINCE 7/1          0                 0       0        0
COOLING TOTAL     393               482     -89      421
 SINCE 1/1       1065              1125     -60     1078

FREEZE DATES
RECORD
 EARLIEST     10/09/2000
 LATEST       05/02/1909
EARLIEST                        11/05
LATEST                          03/30
..............................................................

WIND (MPH)
AVERAGE WIND SPEED              4.6
HIGHEST WIND SPEED/DIRECTION    23/050    DATE  07/23
HIGHEST GUST SPEED/DIRECTION    30/290    DATE  07/08

AVERAGE RH (PERCENT)     69


-  INDICATES NEGATIVE NUMBERS.
R  INDICATES RECORD WAS SET OR TIED.
MM INDICATES DATA IS MISSING.
T  INDICATES TRACE AMOUNT.

$$





U.S. Dept. of Commerce
NOAA National Weather Service
1325 East West Highway
Silver Spring, MD 20910
E-mail: w-nws.webmaster@noaa.gov
Page last modified: May 16, 2007
NATIONAL WEATHER SERVICE: for Safety, for Work, for Fun - FOR LIFE