446
CXUS54 KHUN 022049
CLMHSV


CLIMATE REPORT
NATIONAL WEATHER SERVICE HUNTSVILLE AL
247 PM CST TUE DEC 2 2014

...................................

...THE HUNTSVILLE CLIMATE SUMMARY FOR THE MONTH OF NOVEMBER 2014...

CLIMATE NORMAL PERIOD 1981 TO 2010
CLIMATE RECORD PERIOD 1894 TO 2014

WEATHER         OBSERVED          NORMAL  DEPART  LAST YEAR`S
                 VALUE   DATE(S)  VALUE   FROM    VALUE
                                          NORMAL
.............................................................
TEMPERATURE (F)
RECORD
 HIGH              84   11/03/2012
                        11/01/2000
                        11/02/1961
 LOW                1   11/25/1950
HIGHEST            76   11/11        MM      MM       77
LOWEST             21   11/19        MM      MM       17
AVG. MAXIMUM     58.6              63.7    -5.1     59.3
AVG. MINIMUM     36.2              41.8    -5.6     36.6
MEAN             47.4              52.7    -5.3     48.0
DAYS MAX >= 90      0               0.0     0.0        0
DAYS MAX <= 32      0               0.0     0.0        0
DAYS MIN <= 32     10               5.8     4.2       11
DAYS MIN <= 0       0               0.0     0.0        0

PRECIPITATION (INCHES)
RECORD
 MAXIMUM        13.60   1948
 MINIMUM         0.49   1924
TOTALS           2.67              4.94   -2.27     3.08
DAILY AVG.       0.09              0.16   -0.07     0.10
DAYS >= .01         7               9.4    -2.4        8
DAYS >= .10         5               6.8    -1.8        6
DAYS >= .50         2               3.4    -1.4        2
DAYS >= 1.00        1               1.6    -0.6        1
GREATEST
 24 HR. TOTAL    1.98   11/16 TO 11/17              2.05

SNOWFALL (INCHES)
RECORDS
 TOTAL            4.0   1966
 24 HR TOTAL      4.0   11/02/1966 TO 11/02/1966
TOTALS              T               0.0     0.0        T
SINCE 7/1           T               0.0     0.0        T
DAYS >= TRACE       2               0.0     2.0        2
DAYS >= 1.0         0               0.0     0.0        0
GREATEST
 SNOW DEPTH         0   MM                             0
 24 HR TOTAL        T   11/27 TO 11/27
                        11/13 TO 11/13

DEGREE_DAYS
HEATING TOTAL     519               376     143      504
 SINCE 7/1        616               527      89      635
COOLING TOTAL       0                 9      -9        1
 SINCE 1/1       2032              1949      83     1834

FREEZE DATES
RECORD
 EARLIEST     10/09/2000
 LATEST       05/02/1909
EARLIEST      11/02             11/05
LATEST                          03/30
..............................................................

WIND (MPH)
AVERAGE WIND SPEED              7.8
HIGHEST WIND SPEED/DIRECTION    28/120    DATE  11/23
HIGHEST GUST SPEED/DIRECTION    36/260    DATE  11/26

AVERAGE RH (PERCENT)     61


-  INDICATES NEGATIVE NUMBERS.
R  INDICATES RECORD WAS SET OR TIED.
MM INDICATES DATA IS MISSING.
T  INDICATES TRACE AMOUNT.

$$





U.S. Dept. of Commerce
NOAA National Weather Service
1325 East West Highway
Silver Spring, MD 20910
E-mail: w-nws.webmaster@noaa.gov
Page last modified: May 16, 2007
NATIONAL WEATHER SERVICE: for Safety, for Work, for Fun - FOR LIFE