503
CXUS54 KHUN 011949
CLMHSV


CLIMATE REPORT
NATIONAL WEATHER SERVICE HUNTSVILLE AL
247 PM CDT WED OCT 1 2014

...................................

...THE HUNTSVILLE CLIMATE SUMMARY FOR THE MONTH OF SEPTEMBER 2014...

CLIMATE NORMAL PERIOD 1981 TO 2010
CLIMATE RECORD PERIOD 1894 TO 2014

WEATHER         OBSERVED          NORMAL  DEPART  LAST YEAR`S
                 VALUE   DATE(S)  VALUE   FROM    VALUE
                                          NORMAL
.............................................................
TEMPERATURE (F)
RECORD
 HIGH             108   09/07/1925
 LOW               37   09/30/1967
                        09/29/1942
HIGHEST            94   09/11        MM      MM       93
LOWEST             50   09/23        MM      MM       51
AVG. MAXIMUM     88.0              85.0     3.0     84.9
AVG. MINIMUM     66.2              62.5     3.7     62.6
MEAN             77.1              73.7     3.4     73.8
DAYS MAX >= 90     13               6.7     6.3        7
DAYS MAX <= 32      0               0.0     0.0        0
DAYS MIN <= 32      0               0.0     0.0        0
DAYS MIN <= 0       0               0.0     0.0        0

PRECIPITATION (INCHES)
RECORD
 MAXIMUM        12.48   1906
 MINIMUM         0.00   1916
TOTALS           0.49              3.72   -3.23     4.35
DAILY AVG.       0.02              0.12   -0.10     0.14
DAYS >= .01         3               7.5    -4.5        5
DAYS >= .10         2               4.9    -2.9        4
DAYS >= .50         0               2.6    -2.6        2
DAYS >= 1.00        0               1.3    -1.3        1
GREATEST
 24 HR. TOTAL    0.56   08/31 TO 09/01              3.05

SNOWFALL (INCHES)
RECORDS
 TOTAL            0.0   2002
                        2001
                        2000
 24 HR TOTAL      0.0   MM
TOTALS            0.0               0.0     0.0      0.0
SINCE 7/1         0.0               0.0     0.0      0.0
DAYS >= TRACE       0               0.0     0.0        0
DAYS >= 1.0         0               0.0     0.0        0
GREATEST
 SNOW DEPTH         0   MM                             0
 24 HR TOTAL      0.0   09/30 TO 09/30

DEGREE_DAYS
HEATING TOTAL       0                13     -13        0
 SINCE 7/1          0                13     -13        0
COOLING TOTAL     370               275      95      271
 SINCE 1/1       1922              1870      52     1737

FREEZE DATES
RECORD
 EARLIEST     10/09/2000
 LATEST       05/02/1909
EARLIEST                        11/05
LATEST                          03/30
..............................................................

WIND (MPH)
AVERAGE WIND SPEED              5.0
HIGHEST WIND SPEED/DIRECTION    20/350    DATE  09/11
HIGHEST GUST SPEED/DIRECTION    28/360    DATE  09/11

AVERAGE RH (PERCENT)     66


-  INDICATES NEGATIVE NUMBERS.
R  INDICATES RECORD WAS SET OR TIED.
MM INDICATES DATA IS MISSING.
T  INDICATES TRACE AMOUNT.

$$





U.S. Dept. of Commerce
NOAA National Weather Service
1325 East West Highway
Silver Spring, MD 20910
E-mail: w-nws.webmaster@noaa.gov
Page last modified: May 16, 2007
NATIONAL WEATHER SERVICE: for Safety, for Work, for Fun - FOR LIFE