082
CXUS54 KHUN 021933
CLMHSV


CLIMATE REPORT
NATIONAL WEATHER SERVICE HUNTSVILLE AL
130 PM CST FRI JAN 2 2015

...................................

...THE HUNTSVILLE CLIMATE SUMMARY FOR THE MONTH OF DECEMBER 2014...

CLIMATE NORMAL PERIOD 1981 TO 2010
CLIMATE RECORD PERIOD 1894 TO 2015

WEATHER         OBSERVED          NORMAL  DEPART  LAST YEAR`S
                 VALUE   DATE(S)  VALUE   FROM    VALUE
                                          NORMAL
.............................................................
TEMPERATURE (F)
RECORD
 HIGH              81   12/08/1956
 LOW               -3   12/23/1989
                        12/22/1989
HIGHEST            74   12/04        MM      MM       78
LOWEST             27   12/12        MM      MM       20
AVG. MAXIMUM     55.3              53.5     1.8     54.2
AVG. MINIMUM     39.3              34.4     4.9     34.9
MEAN             47.3              43.9     3.4     44.5
DAYS MAX >= 90      0               0.0     0.0        0
DAYS MAX <= 32      0               0.8    -0.8        0
DAYS MIN <= 32      8              13.9    -5.9       15
DAYS MIN <= 0       0               0.1    -0.1        0

PRECIPITATION (INCHES)
RECORD
 MAXIMUM        18.68   1990
 MINIMUM         0.45   1945
TOTALS           5.73              5.77   -0.04     6.57
DAILY AVG.       0.18              0.19   -0.01     0.21
DAYS >= .01        10              10.8    -0.8       12
DAYS >= .10         9               7.1     1.9       10
DAYS >= .50         5               3.8     1.2        5
DAYS >= 1.00        1               1.6    -0.6        3
GREATEST
 24 HR. TOTAL    2.06   12/23 TO 12/24              1.62

SNOWFALL (INCHES)
RECORDS
 TOTAL           21.4   1963
 24 HR TOTAL     15.7   12/31/1963 TO 12/31/1963
TOTALS            0.0               0.3    -0.3      0.0
SINCE 7/1           T               0.3    -0.3        T
DAYS >= TRACE       0               0.4    -0.4        0
DAYS >= 1.0         0               0.0     0.0        0
GREATEST
 SNOW DEPTH         0   MM                             0
 24 HR TOTAL      0.0   12/31 TO 12/31

DEGREE_DAYS
HEATING TOTAL     543               654    -111      632
 SINCE 7/1       1159              1181     -22     1267
COOLING TOTAL       0                 2      -2        5
 SINCE 1/1       2032              1951      81     1839

FREEZE DATES
RECORD
 EARLIEST     10/09/2000
 LATEST       05/02/1909
EARLIEST                        11/05
LATEST                          03/30
..............................................................

WIND (MPH)
AVERAGE WIND SPEED              6.7
HIGHEST WIND SPEED/DIRECTION    25/270    DATE  12/24
HIGHEST GUST SPEED/DIRECTION    32/260    DATE  12/24

AVERAGE RH (PERCENT)     74


-  INDICATES NEGATIVE NUMBERS.
R  INDICATES RECORD WAS SET OR TIED.
MM INDICATES DATA IS MISSING.
T  INDICATES TRACE AMOUNT.

$$





U.S. Dept. of Commerce
NOAA National Weather Service
1325 East West Highway
Silver Spring, MD 20910
E-mail: w-nws.webmaster@noaa.gov
Page last modified: May 16, 2007
NATIONAL WEATHER SERVICE: for Safety, for Work, for Fun - FOR LIFE