521
CXUS54 KHUN 031548
CLMHSV


CLIMATE REPORT
NATIONAL WEATHER SERVICE HUNTSVILLE AL
947 AM CST MON NOV 3 2014

...................................

...THE HUNTSVILLE CLIMATE SUMMARY FOR THE MONTH OF OCTOBER 2014...

CLIMATE NORMAL PERIOD 1981 TO 2010
CLIMATE RECORD PERIOD 1894 TO 2014

WEATHER         OBSERVED          NORMAL  DEPART  LAST YEAR`S
                 VALUE   DATE(S)  VALUE   FROM    VALUE
                                          NORMAL
.............................................................
TEMPERATURE (F)
RECORD
 HIGH              96   10/08/1911
 LOW               23   10/30/1963
                        10/30/1952
                        10/29/1910
HIGHEST            90   10/02        MM      MM       88
LOWEST             38   10/31        MM      MM       28
AVG. MAXIMUM     77.1              74.6     2.5     75.6
AVG. MINIMUM     53.5              51.0     2.5     51.8
MEAN             65.3              62.8     2.5     63.7
DAYS MAX >= 90      1               0.1     0.9        0
DAYS MAX <= 32      0               0.0     0.0        0
DAYS MIN <= 32      0               0.5    -0.5        2
DAYS MIN <= 0       0               0.0     0.0        0

PRECIPITATION (INCHES)
RECORD
 MAXIMUM        12.06   1975
 MINIMUM         0.00   1924
TOTALS           6.43              3.59    2.84     0.67
DAILY AVG.       0.21              0.12    0.09     0.02
DAYS >= .01        10               7.7     2.3        6
DAYS >= .10         7               5.1     1.9        1
DAYS >= .50         4               2.5     1.5        0
DAYS >= 1.00        3               1.1     1.9        0
GREATEST
 24 HR. TOTAL    2.84   10/13 TO 10/14              0.54

SNOWFALL (INCHES)
RECORDS
 TOTAL              T   1993
                        1989
                        1910
 24 HR TOTAL        T   10/28/1910 TO 10/28/1910
TOTALS            0.0               0.0     0.0      0.0
SINCE 7/1         0.0               0.0     0.0      0.0
DAYS >= TRACE       0               0.0     0.0        0
DAYS >= 1.0         0               0.0     0.0        0
GREATEST
 SNOW DEPTH         0   MM                             0
 24 HR TOTAL      0.0   10/31 TO 10/31

DEGREE_DAYS
HEATING TOTAL      97               138     -41      131
 SINCE 7/1         97               151     -54      131
COOLING TOTAL     110                70      40       96
 SINCE 1/1       2032              1940      92     1833

FREEZE DATES
RECORD
 EARLIEST     10/09/2000
 LATEST       05/02/1909
EARLIEST                        11/05
LATEST                          03/30
..............................................................

WIND (MPH)
AVERAGE WIND SPEED              6.0
HIGHEST WIND SPEED/DIRECTION    33/200    DATE  10/13
HIGHEST GUST SPEED/DIRECTION    49/210    DATE  10/13

AVERAGE RH (PERCENT)     68


-  INDICATES NEGATIVE NUMBERS.
R  INDICATES RECORD WAS SET OR TIED.
MM INDICATES DATA IS MISSING.
T  INDICATES TRACE AMOUNT.

$$




U.S. Dept. of Commerce
NOAA National Weather Service
1325 East West Highway
Silver Spring, MD 20910
E-mail: w-nws.webmaster@noaa.gov
Page last modified: May 16, 2007
NATIONAL WEATHER SERVICE: for Safety, for Work, for Fun - FOR LIFE