339
CXUS44 KBRO 021657
CLMHRL


CLIMATE REPORT
NATIONAL WEATHER SERVICE BROWNSVILLE TX
1055 AM CST TUE DEC 2 2014

...................................

...THE HARLINGEN CLIMATE SUMMARY FOR THE MONTH OF NOVEMBER 2014...

CLIMATE NORMAL PERIOD 1981 TO 2010
CLIMATE RECORD PERIOD 1912 TO 2014

WEATHER         OBSERVED          NORMAL  DEPART  LAST YEAR`S
                 VALUE   DATE(S)  VALUE   FROM    VALUE  DATE(S)
                                          NORMAL
................................................................
TEMPERATURE (F)
HIGHEST            86   11/04        89      -3       89  11/21
LOWEST             38   11/17        41      -3       35  11/28
                        11/13
AVG. MAXIMUM     73.0              79.6    -6.6     74.7
AVG. MINIMUM     52.6              57.3    -4.7     54.4
MEAN             62.8              68.4    -5.6     64.3
DAYS MAX >= 90      0               0.9    -0.9        0
DAYS MAX <= 32      0               0.0     0.0        0
DAYS MIN <= 32      0               0.0     0.0        0
DAYS MIN <= 0       0               0.0     0.0        0

PRECIPITATION (INCHES)
TOTALS           5.11              1.50    3.61     7.36
DAILY AVG.       0.18              0.05    0.13     0.25
DAYS >= .01        10                MM      MM        9
DAYS >= .10         4                MM      MM
DAYS >= .50         3                MM      MM
DAYS >= 1.00        2                MM      MM
GREATEST
 24 HR. TOTAL    2.70   11/11 TO 11/12

DEGREE_DAYS
HEATING TOTAL     135                54      81      132
 SINCE 7/1        135                57      78      132
COOLING TOTAL      76               158     -82      116
 SINCE 1/1       3827              3934    -107     4013

FREEZE DATES
RECORD
 EARLIEST     MM
 LATEST       MM
EARLIEST                        MM
LATEST                          MM
.................................................

WIND (MPH)
AVERAGE WIND SPEED              10.2
HIGHEST WIND SPEED/DIRECTION    31/360    DATE  11/17
HIGHEST GUST SPEED/DIRECTION    40/350    DATE  11/17

SKY COVER
POSSIBLE SUNSHINE (PERCENT)   MM
AVERAGE SKY COVER           0.60
NUMBER OF DAYS FAIR            8
NUMBER OF DAYS PC             10
NUMBER OF DAYS CLOUDY         12

AVERAGE RH (PERCENT)     77

WEATHER CONDITIONS. NUMBER OF DAYS WITH
THUNDERSTORM              0     MIXED PRECIP               0
HEAVY RAIN                7     RAIN                       8
LIGHT RAIN               19     FREEZING RAIN              0
LT FREEZING RAIN          0     HAIL                       0
HEAVY SNOW                0     SNOW                       0
LIGHT SNOW                0     SLEET                      0
FOG                      20     FOG W/VIS <= 1/4 MILE      5
HAZE                      0

-  INDICATES NEGATIVE NUMBERS.
R  INDICATES RECORD WAS SET OR TIED.
MM INDICATES DATA IS MISSING.
T  INDICATES TRACE AMOUNT.

$$





U.S. Dept. of Commerce
NOAA National Weather Service
1325 East West Highway
Silver Spring, MD 20910
E-mail: w-nws.webmaster@noaa.gov
Page last modified: May 16, 2007
NATIONAL WEATHER SERVICE: for Safety, for Work, for Fun - FOR LIFE