160
CXUS56 KSEW 011050
CLMHQM


CLIMATE REPORT
NATIONAL WEATHER SERVICE SEATTLE WA
250 AM PST MON DEC 1 2014

...................................

...THE HOQUIAM WA AIRPORT CLIMATE SUMMARY FOR THE MONTH OF NOVEMBER 2014...

CLIMATE NORMAL PERIOD 1981 TO 2010
CLIMATE RECORD PERIOD 1953 TO 2014

WEATHER         OBSERVED          NORMAL  DEPART  LAST YEAR`S
                 VALUE   DATE(S)  VALUE   FROM    VALUE  DATE(S)
                                          NORMAL
................................................................
TEMPERATURE (F)
RECORD
 HIGH              70   11/03/1970
                        11/02/1970
 LOW               12   11/15/1995
HIGHEST            60   11/06        MM      MM       60  11/01
                        11/04
LOWEST             25   11/15        MM      MM       26  11/20
                        11/14
AVG. MAXIMUM     53.1              51.1     2.0     52.1
AVG. MINIMUM     39.8              40.4    -0.6     39.3
MEAN             46.4              45.8     0.6     45.7
DAYS MAX >= 90      0               0.0     0.0        0
DAYS MAX <= 32      0               0.3    -0.3        0
DAYS MIN <= 32      7               3.0     4.0        6
DAYS MIN <= 0       0               0.0     0.0        0

PRECIPITATION (INCHES)
RECORD
 MAXIMUM        21.17   2006
 MINIMUM         2.51   1976
TOTALS           9.52             11.17   -1.65     5.60
DAILY AVG.       0.32              0.37   -0.05     0.19
DAYS >= .01        17              21.6    -4.6       19
DAYS >= .10        15              17.2    -2.2       13
DAYS >= .50         7               7.5    -0.5        4
DAYS >= 1.00        4               3.1     0.9        2
GREATEST
 24 HR. TOTAL    1.70   11/02 TO 11/03

DEGREE_DAYS
HEATING TOTAL     548               577     -29      569
COOLING TOTAL       0                 0       0        0
 SINCE 1/1         48                23      25       20
.................................................................

WIND (MPH)
AVERAGE WIND SPEED              11.1
HIGHEST WIND SPEED/DIRECTION    38/190    DATE  11/23
HIGHEST GUST SPEED/DIRECTION    52/180    DATE  11/23

SKY COVER
POSSIBLE SUNSHINE (PERCENT)   MM
AVERAGE SKY COVER           0.50
NUMBER OF DAYS FAIR           14
NUMBER OF DAYS PC              5
NUMBER OF DAYS CLOUDY         11

AVERAGE RH (PERCENT)     77

WEATHER CONDITIONS. NUMBER OF DAYS WITH
THUNDERSTORM              0     MIXED PRECIP               0
HEAVY RAIN                5     RAIN                      14
LIGHT RAIN               17     FREEZING RAIN              0
LT FREEZING RAIN          0     HAIL                       0
HEAVY SNOW                0     SNOW                       0
LIGHT SNOW                1     SLEET                      0
FOG                      25     FOG W/VIS <= 1/4 MILE      1
HAZE                      0

-  INDICATES NEGATIVE NUMBERS.
R  INDICATES RECORD WAS SET OR TIED.
MM INDICATES DATA IS MISSING.
T  INDICATES TRACE AMOUNT.

$$




U.S. Dept. of Commerce
NOAA National Weather Service
1325 East West Highway
Silver Spring, MD 20910
E-mail: w-nws.webmaster@noaa.gov
Page last modified: May 16, 2007
NATIONAL WEATHER SERVICE: for Safety, for Work, for Fun - FOR LIFE