104
CXUS56 KSEW 011032
CLMHQM


CLIMATE REPORT
NATIONAL WEATHER SERVICE SEATTLE WA
332 AM PDT FRI AUG 1 2014

...................................

...THE HOQUIAM WA AIRPORT CLIMATE SUMMARY FOR THE MONTH OF JULY 2014...

CLIMATE NORMAL PERIOD 1981 TO 2010
CLIMATE RECORD PERIOD 1953 TO 2014

WEATHER         OBSERVED          NORMAL  DEPART  LAST YEAR`S
                 VALUE   DATE(S)  VALUE   FROM    VALUE  DATE(S)
                                          NORMAL
................................................................
TEMPERATURE (F)
RECORD
 HIGH              99   07/10/2007
 LOW               35   07/03/1971
HIGHEST            89   07/01        MM      MM       78  07/16
LOWEST             47   07/22        MM      MM       48  07/26
                                                          07/14
                                                          07/13
AVG. MAXIMUM     68.5              66.6     1.9     66.2
AVG. MINIMUM     54.2              53.2     1.0     53.8
MEAN             61.3              59.9     1.4     60.0
DAYS MAX >= 90      0               0.3    -0.3        0
DAYS MAX <= 32      0               0.0     0.0        0
DAYS MIN <= 32      0               0.0     0.0        0
DAYS MIN <= 0       0               0.0     0.0        0

PRECIPITATION (INCHES)
RECORD
 MAXIMUM         4.43   1983
 MINIMUM         0.00   2009
                        1960
TOTALS           0.83              1.14   -0.31        T
DAILY AVG.       0.03              0.04   -0.01        T
DAYS >= .01         6               6.2    -0.2        0
DAYS >= .10         1               2.4    -1.4        0
DAYS >= .50         1               0.7     0.3        0
DAYS >= 1.00        0               0.1    -0.1        0
GREATEST
 24 HR. TOTAL    0.69   07/23 TO 07/24

DEGREE_DAYS
HEATING TOTAL     115               164     -49      147
COOLING TOTAL       8                 6       2        0
 SINCE 1/1         23                 9      14       11
.................................................................

WIND (MPH)
AVERAGE WIND SPEED              7.7
HIGHEST WIND SPEED/DIRECTION    28/210    DATE  07/23
HIGHEST GUST SPEED/DIRECTION    33/220    DATE  07/23

SKY COVER
POSSIBLE SUNSHINE (PERCENT)   MM
AVERAGE SKY COVER           0.60
NUMBER OF DAYS FAIR            8
NUMBER OF DAYS PC             11
NUMBER OF DAYS CLOUDY         12

AVERAGE RH (PERCENT)     82

WEATHER CONDITIONS. NUMBER OF DAYS WITH
THUNDERSTORM              0     MIXED PRECIP               0
HEAVY RAIN                1     RAIN                       1
LIGHT RAIN                7     FREEZING RAIN              0
LT FREEZING RAIN          0     HAIL                       0
HEAVY SNOW                0     SNOW                       0
LIGHT SNOW                0     SLEET                      0
FOG                      28     FOG W/VIS <= 1/4 MILE      2
HAZE                      5

-  INDICATES NEGATIVE NUMBERS.
R  INDICATES RECORD WAS SET OR TIED.
MM INDICATES DATA IS MISSING.
T  INDICATES TRACE AMOUNT.

$$




U.S. Dept. of Commerce
NOAA National Weather Service
1325 East West Highway
Silver Spring, MD 20910
E-mail: w-nws.webmaster@noaa.gov
Page last modified: May 16, 2007
NATIONAL WEATHER SERVICE: for Safety, for Work, for Fun - FOR LIFE