700
CXUS54 KHGX 011726
CLMHOU

CLIMATE REPORT
NATIONAL WEATHER SERVICE HOUSTON/GALVESTON TX
1226 PM CDT WED OCT 1 2014

...................................

...THE HOUSTON INTERCONTINENTAL CLIMATE SUMMARY FOR THE MONTH OF SEPTEMBER 2014...

CLIMATE NORMAL PERIOD 1981 TO 2010
CLIMATE RECORD PERIOD 1892 TO 2014

WEATHER         OBSERVED          NORMAL  DEPART  LAST YEAR`S
                 VALUE   DATE(S)  VALUE   FROM    VALUE  DATE(S)
                                          NORMAL
................................................................
TEMPERATURE (F)
RECORD
 HIGH             109   09/04/2000
 LOW               45   09/27/1942
HIGHEST            97   09/11        89       8      100  09/03
LOWEST             64   09/24        69      -5       63  09/22
                        09/23
AVG. MAXIMUM     89.2              89.7    -0.5     91.8
AVG. MINIMUM     72.0              69.8     2.2     73.0
MEAN             80.6              79.8     0.8     82.4
DAYS MAX >= 90     15              17.0    -2.0       21
DAYS MAX <= 32      0               0.0     0.0        0
DAYS MIN <= 32      0               0.0     0.0        0
DAYS MIN <= 0       0               0.0     0.0        0

PRECIPITATION (INCHES)
RECORD
 MAXIMUM        13.37   1913
 MINIMUM         0.15   1929
TOTALS           3.88              4.12   -0.24     5.09
DAILY AVG.       0.13              0.14   -0.01     0.17
DAYS >= .01        10               8.0     2.0        9
DAYS >= .10         7               5.4     1.6        5
DAYS >= .50         1               2.4    -1.4        2
DAYS >= 1.00        1               1.2    -0.2        1

DEGREE_DAYS
HEATING TOTAL       0                 1      -1        0
 SINCE 7/1          0                 1      -1        0
COOLING TOTAL     474               443      31      528
 SINCE 1/1       2750              2825     -75     2921
.................................................................

WIND (MPH)
AVERAGE WIND SPEED              5.9
RESULTANT WIND SPEED/DIRECTION   3/086
HIGHEST WIND SPEED/DIRECTION    28/020    DATE  09/07
HIGHEST GUST SPEED/DIRECTION    32/020    DATE  09/07

SKY COVER
AVERAGE SKY COVER           0.60

AVERAGE RH (PERCENT)     76

WEATHER CONDITIONS. NUMBER OF DAYS WITH
THUNDERSTORM              0     MIXED PRECIP               0
HEAVY RAIN                4     RAIN                       5
LIGHT RAIN               13     FREEZING RAIN              0
LT FREEZING RAIN          0     HAIL                       0
HEAVY SNOW                0     SNOW                       0
LIGHT SNOW                0     SLEET                      0
FOG                      10     FOG W/VIS <= 1/4 MILE      0
HAZE                      2

-  INDICATES NEGATIVE NUMBERS.
R  INDICATES RECORD WAS SET OR TIED.
MM INDICATES DATA IS MISSING.
T  INDICATES TRACE AMOUNT.
...................................

...THE HOUSTON/HOBBY AIRPORT CLIMATE SUMMARY FOR THE MONTH OF SEPTEMBER 2014...

CLIMATE NORMAL PERIOD 1981 TO 2010
CLIMATE RECORD PERIOD 1930 TO 2014

WEATHER         OBSERVED          NORMAL  DEPART  LAST YEAR`S
                 VALUE   DATE(S)  VALUE   FROM    VALUE  DATE(S)
                                          NORMAL
................................................................
TEMPERATURE (F)
RECORD
 HIGH             108   09/04/2000
 LOW               46   09/27/1942
HIGHEST            96   09/11        89       7       97  09/02
LOWEST             66   09/23        72      -6       67  09/22
                        09/14
AVG. MAXIMUM     88.3              88.4    -0.1     90.8
AVG. MINIMUM     73.8              71.7     2.1     75.1
MEAN             81.0              80.1     0.9     83.0
DAYS MAX >= 90     14              12.3     1.7       22
DAYS MAX <= 32      0               0.0     0.0        0
DAYS MIN <= 32      0               0.0     0.0        0
DAYS MIN <= 0       0               0.0     0.0        0

PRECIPITATION (INCHES)
RECORD
 MAXIMUM        10.95   2008
 MINIMUM         1.47   2005
TOTALS           4.99              5.21   -0.22     5.95
DAILY AVG.       0.17              0.17    0.00     0.20
DAYS >= .01        11               9.1     1.9       10
DAYS >= .10         6               6.0     0.0        8
DAYS >= .50         3               3.0     0.0        5
DAYS >= 1.00        2               1.5     0.5        2

DEGREE_DAYS
HEATING TOTAL       0                 0       0        0
 SINCE 7/1          0                 0       0        0
COOLING TOTAL     486               452      34      546
 SINCE 1/1       2790              2793      -3     2972
.................................................................

WIND (MPH)
AVERAGE WIND SPEED              5.6
RESULTANT WIND SPEED/DIRECTION   3/086
HIGHEST WIND SPEED/DIRECTION    29/070    DATE  09/05
HIGHEST GUST SPEED/DIRECTION    39/060    DATE  09/05

SKY COVER
AVERAGE SKY COVER           0.60

AVERAGE RH (PERCENT)     75

WEATHER CONDITIONS. NUMBER OF DAYS WITH
THUNDERSTORM              0     MIXED PRECIP               0
HEAVY RAIN                6     RAIN                       4
LIGHT RAIN               19     FREEZING RAIN              0
LT FREEZING RAIN          0     HAIL                       0
HEAVY SNOW                0     SNOW                       0
LIGHT SNOW                0     SLEET                      0
FOG                       9     FOG W/VIS <= 1/4 MILE      0
HAZE                      1

-  INDICATES NEGATIVE NUMBERS.
R  INDICATES RECORD WAS SET OR TIED.
MM INDICATES DATA IS MISSING.
T  INDICATES TRACE AMOUNT.

$$




U.S. Dept. of Commerce
NOAA National Weather Service
1325 East West Highway
Silver Spring, MD 20910
E-mail: w-nws.webmaster@noaa.gov
Page last modified: May 16, 2007
NATIONAL WEATHER SERVICE: for Safety, for Work, for Fun - FOR LIFE