421
CXUS53 KFSD 011725
CLMHON

CLIMATE REPORT
NATIONAL WEATHER SERVICE SIOUX FALLS SD
1225 PM CDT FRI AUG 1 2014

...................................

...THE HURON SD CLIMATE SUMMARY FOR THE MONTH OF JULY 2014...

CLIMATE NORMAL PERIOD 1981 TO 2010
CLIMATE RECORD PERIOD 1881 TO 2014

WEATHER         OBSERVED          NORMAL  DEPART  LAST YEAR`S
                 VALUE   DATE(S)  VALUE   FROM    VALUE  DATE(S)
                                          NORMAL
................................................................
TEMPERATURE (F)
RECORD
 HIGH             112   07/10/1966
 LOW               37   07/30/1971
HIGHEST            94   07/11        MM      MM       93  07/18
                                                          07/12
LOWEST             48   07/30        MM      MM       41  07/28
                        07/29
                        07/28
AVG. MAXIMUM     81.7              86.0    -4.3     83.4
AVG. MINIMUM     57.9              61.4    -3.5     61.2
MEAN             69.8              73.7    -3.9     72.3
DAYS MAX >= 90      4               9.7    -5.7        3
DAYS MAX <= 32      0               0.0     0.0        0
DAYS MIN <= 32      0               0.0     0.0        0
DAYS MIN <= 0       0               0.0     0.0        0

PRECIPITATION (INCHES)
RECORD
 MAXIMUM         6.69   1993
 MINIMUM         0.15   1932
TOTALS           3.67              2.92    0.75     1.93
DAILY AVG.       0.12              0.09    0.03     0.06
DAYS >= .01         6               8.8    -2.8        9
DAYS >= .10         2               5.7    -3.7        5
DAYS >= .50         1               1.6    -0.6        1
DAYS >= 1.00        1               0.7     0.3        0
GREATEST
 24 HR. TOTAL    3.35   07/12 TO 07/12
                        07/11 TO 07/12
                        07/12 TO 07/12

DEGREE_DAYS
HEATING TOTAL      23                 8      15       21
 SINCE 7/1         23                 8      15       21
COOLING TOTAL     177               277    -100      255
 SINCE 1/1        342               443    -101      428
.................................................................

WIND (MPH)
AVERAGE WIND SPEED              9.1
HIGHEST WIND SPEED/DIRECTION    33/330    DATE  07/01
HIGHEST GUST SPEED/DIRECTION    42/150    DATE  07/24

SKY COVER
POSSIBLE SUNSHINE (PERCENT)   MM
AVERAGE SKY COVER           0.20
NUMBER OF DAYS FAIR           26
NUMBER OF DAYS PC              4
NUMBER OF DAYS CLOUDY          1

AVERAGE RH (PERCENT)     67

WEATHER CONDITIONS. NUMBER OF DAYS WITH
THUNDERSTORM              0     MIXED PRECIP               0
HEAVY RAIN                2     RAIN                       4
LIGHT RAIN                9     FREEZING RAIN              0
LT FREEZING RAIN          0     HAIL                       0
HEAVY SNOW                0     SNOW                       0
LIGHT SNOW                0     SLEET                      0
FOG                      12     FOG W/VIS <= 1/4 MILE      2
HAZE                      0

-  INDICATES NEGATIVE NUMBERS.
R  INDICATES RECORD WAS SET OR TIED.
MM INDICATES DATA IS MISSING.
T  INDICATES TRACE AMOUNT.

$$







U.S. Dept. of Commerce
NOAA National Weather Service
1325 East West Highway
Silver Spring, MD 20910
E-mail: w-nws.webmaster@noaa.gov
Page last modified: May 16, 2007
NATIONAL WEATHER SERVICE: for Safety, for Work, for Fun - FOR LIFE