718
CXHW50 PHFO 071847
CLMHNL


CLIMATE REPORT
NATIONAL WEATHER SERVICE HONOLULU HI
847 AM HST FRI NOV 7 2014

...................................

...THE HONOLULU HI CLIMATE SUMMARY FOR THE MONTH OF OCTOBER 2014...

CLIMATE NORMAL PERIOD 1981 TO 2010
CLIMATE RECORD PERIOD 1946 TO 2014

WEATHER         OBSERVED          NORMAL  DEPART  LAST YEAR`S
                 VALUE   DATE(S)  VALUE   FROM    VALUE  DATE(S)
                                          NORMAL
................................................................
TEMPERATURE (F)
RECORD
 HIGH              94   10/06/1984
 LOW               61   10/27/1993
HIGHEST            91   10/17        87       4       89  10/31
                        10/15                             10/28
                        10/08                             10/25
LOWEST             72   10/27        73      -1       67  10/21
AVG. MAXIMUM     87.5              86.7     0.8     86.0
AVG. MINIMUM     75.5              73.4     2.1     71.7
MEAN             81.5              80.0     1.5     78.9
DAYS MAX >= 90      6               2.0     4.0        0
DAYS MAX <= 32      0               0.0     0.0        0
DAYS MIN <= 32      0               0.0     0.0        0
DAYS MIN <= 0       0               0.0     0.0        0

PRECIPITATION (INCHES)
RECORD
 MAXIMUM        11.15   1978
 MINIMUM         0.07   1996
TOTALS           5.51              1.84    3.67     0.18
DAILY AVG.       0.18              0.06    0.12     0.01
DAYS >= .01         9               7.6     1.4        3
DAYS >= .10         4               2.8     1.2        1
DAYS >= .50         2               1.1     0.9        0
DAYS >= 1.00        2               0.4     1.6        0
GREATEST
 24 HR. TOTAL    4.40   10/18 TO 10/19              0.45

SNOWFALL (INCHES)
RECORDS
 TOTAL             MM   5
TOTALS            0.0               0.0     0.0      0.0
SINCE 7/1         0.0               0.0     0.0      0.0
SNOWDEPTH AVG.      0                MM      MM        0
DAYS >= 1.0         0               0.0     0.0        0
GREATEST
 SNOW DEPTH         0   MM                             0  MM
 24 HR TOTAL      0.0   10/31 TO 10/31               0.0

DEGREE_DAYS
HEATING TOTAL       0                 0       0        0
 SINCE 7/1          0                 0       0        0
COOLING TOTAL     517               467      50      438
 SINCE 1/1       4220              3946     274     3775
.................................................................

WIND (MPH)
AVERAGE WIND SPEED              8.4
HIGHEST WIND SPEED/DIRECTION    26/110    DATE  10/18
HIGHEST GUST SPEED/DIRECTION    32/060    DATE  10/30

SKY COVER
POSSIBLE SUNSHINE (PERCENT)   MM
AVERAGE SKY COVER           0.50
NUMBER OF DAYS FAIR            1
NUMBER OF DAYS PC             28
NUMBER OF DAYS CLOUDY          2

AVERAGE RH (PERCENT)     69

WEATHER CONDITIONS. NUMBER OF DAYS WITH
THUNDERSTORM              0     MIXED PRECIP               0
HEAVY RAIN                3     RAIN                       9
LIGHT RAIN               14     FREEZING RAIN              0
LT FREEZING RAIN          0     HAIL                       0
HEAVY SNOW                0     SNOW                       0
LIGHT SNOW                0     SLEET                      0
FOG                       4     FOG W/VIS <= 1/4 MILE      0
HAZE                      1

-  INDICATES NEGATIVE NUMBERS.
R  INDICATES RECORD WAS SET OR TIED.
MM INDICATES DATA IS MISSING.
T  INDICATES TRACE AMOUNT.

$$




U.S. Dept. of Commerce
NOAA National Weather Service
1325 East West Highway
Silver Spring, MD 20910
E-mail: w-nws.webmaster@noaa.gov
Page last modified: May 16, 2007
NATIONAL WEATHER SERVICE: for Safety, for Work, for Fun - FOR LIFE