010
CXUS53 KGLD 021553
CLMHLC

CLIMATE REPORT
NATIONAL WEATHER SERVICE GOODLAND
844 AM MST TUE DEC 2 2014

...................................

...THE HILL CITY CLIMATE SUMMARY FOR THE MONTH OF NOVEMBER 2014...

CLIMATE NORMAL PERIOD 1981 TO 2010
CLIMATE RECORD PERIOD 1896 TO 2014

WEATHER         OBSERVED          NORMAL  DEPART  LAST YEAR`S
                 VALUE   DATE(S)  VALUE   FROM    VALUE  DATE(S)
                                          NORMAL
................................................................
TEMPERATURE (F)
RECORD
 HIGH              87   11/08/2006
 LOW              -11   11/28/1952
HIGHEST            80   11/28        77       3       73  11/03
LOWEST              2   11/18         9      -7        9  11/27
AVG. MAXIMUM     54.4              53.8     0.6     54.7
AVG. MINIMUM     22.7              27.5    -4.8     25.7
MEAN             38.6              40.7    -2.1     40.2
DAYS MAX >= 90      0               0.0     0.0        0
DAYS MAX <= 32      5               1.4     3.6        1
DAYS MIN <= 32     24              21.0     3.0       23
DAYS MIN <= 0       0               0.0     0.0        0

PRECIPITATION (INCHES)
RECORD
 MAXIMUM         3.32   1975
 MINIMUM         0.00   2012
                        1980
TOTALS           0.02              0.95   -0.93     0.69
DAILY AVG.       0.00              0.03   -0.03     0.02
DAYS >= .01         2                MM      MM        1
DAYS >= .10         0                MM      MM        1
DAYS >= .50         0                MM      MM        1
DAYS >= 1.00        0                MM      MM        0
GREATEST
 24 HR. TOTAL    0.01   11/23 TO 11/23              0.69
                        11/14 TO 11/15


.................................................................


-  INDICATES NEGATIVE NUMBERS.
R  INDICATES RECORD WAS SET OR TIED.
MM INDICATES DATA IS MISSING.
T  INDICATES TRACE AMOUNT.

$$




U.S. Dept. of Commerce
NOAA National Weather Service
1325 East West Highway
Silver Spring, MD 20910
E-mail: w-nws.webmaster@noaa.gov
Page last modified: May 16, 2007
NATIONAL WEATHER SERVICE: for Safety, for Work, for Fun - FOR LIFE