047
CXUS53 KGLD 032259
CLMHLC

CLIMATE REPORT
NATIONAL WEATHER SERVICE GOODLAND
446 PM MDT SUN AUG 3 2014

...................................

...THE HILL CITY CLIMATE SUMMARY FOR THE MONTH OF JULY 2014...

CLIMATE NORMAL PERIOD 1981 TO 2010
CLIMATE RECORD PERIOD 1896 TO 2014

WEATHER         OBSERVED          NORMAL  DEPART  LAST YEAR`S
                 VALUE   DATE(S)  VALUE   FROM    VALUE  DATE(S)
                                          NORMAL
................................................................
TEMPERATURE (F)
RECORD
 HIGH             117   07/24/1936
 LOW               44   07/14/1990
                        07/08/1952
HIGHEST           106   07/26       105       1      108  07/13
LOWEST             49   07/15        54      -5       50  07/02
AVG. MAXIMUM     91.4              92.7    -1.3     91.1
AVG. MINIMUM     63.8              65.6    -1.8     65.1
MEAN             77.6              79.1    -1.5     78.1
DAYS MAX >= 90     20              20.4    -0.4       18
DAYS MAX <= 32      0               0.0     0.0        0
DAYS MIN <= 32      0               0.0     0.0        0
DAYS MIN <= 0       0               0.0     0.0        0

PRECIPITATION (INCHES)
RECORD
 MAXIMUM        12.17   1993
 MINIMUM         0.02   2003
TOTALS           1.80              3.71   -1.91     5.16
DAILY AVG.       0.06              0.12   -0.06     0.17
DAYS >= .01         7                MM      MM       10
DAYS >= .10         3                MM      MM        4
DAYS >= .50         2                MM      MM        2
DAYS >= 1.00        0                MM      MM        2
GREATEST
 24 HR. TOTAL    1.06   07/16 TO 07/17              2.38


.................................................................



-  INDICATES NEGATIVE NUMBERS.
R  INDICATES RECORD WAS SET OR TIED.
MM INDICATES DATA IS MISSING.
T  INDICATES TRACE AMOUNT.

$$







U.S. Dept. of Commerce
NOAA National Weather Service
1325 East West Highway
Silver Spring, MD 20910
E-mail: w-nws.webmaster@noaa.gov
Page last modified: May 16, 2007
NATIONAL WEATHER SERVICE: for Safety, for Work, for Fun - FOR LIFE