393
CXUS53 KGLD 011911 RRA
CLMHLC

CLIMATE REPORT
NATIONAL WEATHER SERVICE GOODLAND
111 PM MDT WED OCT 1 2014

...................................

...THE HILL CITY CLIMATE SUMMARY FOR THE MONTH OF SEPTEMBER 2014...

CLIMATE NORMAL PERIOD 1981 TO 2010
CLIMATE RECORD PERIOD 1896 TO 2014

WEATHER         OBSERVED          NORMAL  DEPART  LAST YEAR`S
                 VALUE   DATE(S)  VALUE   FROM    VALUE  DATE(S)
                                          NORMAL
................................................................
TEMPERATURE (F)
RECORD
 HIGH             112   09/02/1939
 LOW               19   09/20/1910
HIGHEST           103   09/03        99       4      105  09/07
LOWEST             33   09/13        36      -3       43  09/29
AVG. MAXIMUM     81.6              81.6     0.0     86.4
AVG. MINIMUM     54.4              53.2     1.2     58.0
MEAN             68.0              67.4     0.6     72.2
DAYS MAX >= 90      6               6.8    -0.8       13
DAYS MAX <= 32      0               0.0     0.0        0
DAYS MIN <= 32      0               0.3    -0.3        0
DAYS MIN <= 0       0               0.0     0.0        0

PRECIPITATION (INCHES)
RECORD
 MAXIMUM         8.10   1946
 MINIMUM         0.05   1947
TOTALS           0.78              1.88   -1.10     2.87
DAILY AVG.       0.03              0.06   -0.03     0.10
DAYS >= .01         6                MM      MM        9
DAYS >= .10         2                MM      MM        7
DAYS >= .50         0                MM      MM        1
DAYS >= 1.00        0                MM      MM        1
GREATEST
 24 HR. TOTAL    0.44   09/23 TO 09/23              1.37
                        09/22 TO 09/23
                        09/23 TO 09/23
 STORM TOTAL       MM
 (MM/DD(HH))            MM

.................................................................

-  INDICATES NEGATIVE NUMBERS.
R  INDICATES RECORD WAS SET OR TIED.
MM INDICATES DATA IS MISSING.
T  INDICATES TRACE AMOUNT.

$$




U.S. Dept. of Commerce
NOAA National Weather Service
1325 East West Highway
Silver Spring, MD 20910
E-mail: w-nws.webmaster@noaa.gov
Page last modified: May 16, 2007
NATIONAL WEATHER SERVICE: for Safety, for Work, for Fun - FOR LIFE