352
CXUS53 KGLD 032032
CLMHLC

CLIMATE REPORT
NATIONAL WEATHER SERVICE GOODLAND
104 PM MST SAT JAN 3 2015

...................................

...THE HILL CITY CLIMATE SUMMARY FOR THE MONTH OF DECEMBER 2014...

CLIMATE NORMAL PERIOD 1981 TO 2010
CLIMATE RECORD PERIOD 1896 TO 2014

WEATHER         OBSERVED          NORMAL  DEPART  LAST YEAR`S
                 VALUE   DATE(S)  VALUE   FROM    VALUE  DATE(S)
                                          NORMAL
................................................................
TEMPERATURE (F)
RECORD
 HIGH              83   12/23/1964
                        12/06/1939
 LOW              -26   12/22/1989
HIGHEST            63   12/07        66      -3       70  12/02
                        12/05
LOWEST             -8   12/31         1      -9       -4  12/09
AVG. MAXIMUM     42.8              42.7     0.1     43.0
AVG. MINIMUM     22.2              17.8     4.4     15.1
MEAN             32.5              30.3     2.2     29.1
DAYS MAX >= 90      0               0.0     0.0        0
DAYS MAX <= 32      7               6.5     0.5       11
DAYS MIN <= 32     26              30.0    -4.0       29
DAYS MIN <= 0       2               1.0     1.0        4

PRECIPITATION (INCHES)
RECORD
 MAXIMUM         5.59   2006
 MINIMUM         0.00   2004
TOTALS           0.52              0.69   -0.17     0.06
DAILY AVG.       0.02              0.02    0.00     0.00
DAYS >= .01         3                MM      MM        2
DAYS >= .10         3                MM      MM        0
DAYS >= .50         0                MM      MM        0
DAYS >= 1.00        0                MM      MM        0
GREATEST
 24 HR. TOTAL    0.27   12/14 TO 12/14              0.05  12/08


.................................................................



-  INDICATES NEGATIVE NUMBERS.
R  INDICATES RECORD WAS SET OR TIED.
MM INDICATES DATA IS MISSING.
T  INDICATES TRACE AMOUNT.

$$




U.S. Dept. of Commerce
NOAA National Weather Service
1325 East West Highway
Silver Spring, MD 20910
E-mail: w-nws.webmaster@noaa.gov
Page last modified: May 16, 2007
NATIONAL WEATHER SERVICE: for Safety, for Work, for Fun - FOR LIFE