850
CXUS53 KGLD 011756
CLMHLC

CLIMATE REPORT
NATIONAL WEATHER SERVICE GOODLAND
1148 AM MDT TUE APR 1 2014

...................................

...THE HILL CITY CLIMATE SUMMARY FOR THE MONTH OF MARCH 2014...

CLIMATE NORMAL PERIOD 1981 TO 2010
CLIMATE RECORD PERIOD 1896 TO 2014

WEATHER         OBSERVED          NORMAL  DEPART  LAST YEAR`S
                 VALUE   DATE(S)  VALUE   FROM    VALUE  DATE(S)
                                          NORMAL
................................................................
TEMPERATURE (F)
RECORD
 HIGH              94   03/10/1989
 LOW              -17   03/03/1960
HIGHEST            79   03/10        81      -2       86  03/15
LOWEST              0   03/03        10     -10       11  03/26
AVG. MAXIMUM     56.1              55.8     0.3     55.5
AVG. MINIMUM     25.1              27.8    -2.7     25.2
MEAN             40.6              41.8    -1.2     40.4
DAYS MAX >= 90      0               0.0     0.0        0
DAYS MAX <= 32      3               1.1     1.9        0
DAYS MIN <= 32     25              20.8     4.2       26
DAYS MIN <= 0       1               0.2     0.8        0

PRECIPITATION (INCHES)
RECORD
 MAXIMUM         7.98   1987
 MINIMUM         0.00   1997
TOTALS           0.19              1.63   -1.44     0.79
DAILY AVG.       0.01              0.05   -0.04     0.03
DAYS >= .01         5                MM      MM        7
DAYS >= .10         0                MM      MM        3
DAYS >= .50         0                MM      MM        0
DAYS >= 1.00        0                MM      MM        0
GREATEST
 24 HR. TOTAL    0.07   03/11 TO 03/11              0.31


.................................................................



-  INDICATES NEGATIVE NUMBERS.
R  INDICATES RECORD WAS SET OR TIED.
MM INDICATES DATA IS MISSING.
T  INDICATES TRACE AMOUNT.

$$







U.S. Dept. of Commerce
NOAA National Weather Service
1325 East West Highway
Silver Spring, MD 20910
E-mail: w-nws.webmaster@noaa.gov
Page last modified: May 16, 2007
NATIONAL WEATHER SERVICE: for Safety, for Work, for Fun - FOR LIFE