703
CXUS56 KHNX 011655
CLMHJO


CLIMATE REPORT
NATIONAL WEATHER SERVICE SAN JOAQUIN VALLEY - HANFORD CA
855 AM PST MON DEC 1 2014

...................................

...THE HANFORD CA AIRPORT CLIMATE SUMMARY FOR THE MONTH OF NOVEMBER 2014...

CLIMATE NORMAL PERIOD 1981 TO 2010
CLIMATE RECORD PERIOD 1998 TO 2014

WEATHER         OBSERVED          NORMAL  DEPART  LAST YEAR`S
                 VALUE   DATE(S)  VALUE   FROM    VALUE  DATE(S)
                                          NORMAL
................................................................
TEMPERATURE (F)
RECORD
 HIGH              89   11/05/2010
 LOW               24   11/27/2005
                        11/30/2004
                        11/23/2003
HIGHEST            80   11/06        MM      MM       79  11/10
                                                          11/02
LOWEST             34   11/29        MM      MM       34  11/25
AVG. MAXIMUM     67.9              64.8     3.1     69.5
AVG. MINIMUM     42.5              39.1     3.4     40.5
MEAN             55.2              52.0     3.2     55.0
DAYS MAX >= 90      0               0.0     0.0        0
DAYS MIN <= 32      0               4.4    -4.4        0

PRECIPITATION (INCHES)
RECORD
 MAXIMUM         1.91   2010
TOTALS           0.22              1.00   -0.78     0.26
DAYS >= .01         1                MM      MM        2
DAYS >= .10         1                MM      MM        1
DAYS >= .50         0                MM      MM        0
DAYS >= 1.00        0                MM      MM        0
GREATEST
 24 HR. TOTAL    0.80   10/31 TO 11/01

SNOWFALL (INCHES)
RECORDS
 TOTAL             MM   MM
TOTALS            0.0                MM

DEGREE_DAYS
HEATING TOTAL     286               392    -106      294
 SINCE 7/1        311               497    -186      380
COOLING TOTAL       0                 1      -1        0
 SINCE 1/1       2274              1643     631     2057
.................................................................

WIND (MPH)
AVERAGE WIND SPEED              2.9
HIGHEST WIND SPEED/DIRECTION    18/320    DATE  11/23
HIGHEST GUST SPEED/DIRECTION    24/320    DATE  11/23

AVERAGE RH (PERCENT)     73

WEATHER CONDITIONS. NUMBER OF DAYS WITH
THUNDERSTORM              0     RAIN                       5
HAIL                      0     FOG                       30
FOG W/VIS <= 1/4 MILE    22     HAZE                      28

-  INDICATES NEGATIVE NUMBERS.
R  INDICATES RECORD WAS SET OR TIED.
MM INDICATES DATA IS MISSING.
T  INDICATES TRACE AMOUNT.

$$

SANGER/OCHS

WEATHER.GOV/HANFORD




U.S. Dept. of Commerce
NOAA National Weather Service
1325 East West Highway
Silver Spring, MD 20910
E-mail: w-nws.webmaster@noaa.gov
Page last modified: May 16, 2007
NATIONAL WEATHER SERVICE: for Safety, for Work, for Fun - FOR LIFE