302
CXUS56 KHNX 031545
CLMHJO


CLIMATE REPORT
NATIONAL WEATHER SERVICE SAN JOAQUIN VALLEY - HANFORD CA
845 AM PDT THU APR 3 2014

...................................

...THE HANFORD CA AIRPORT CLIMATE SUMMARY FOR THE MONTH OF MARCH 2014...

CLIMATE NORMAL PERIOD 1981 TO 2010
CLIMATE RECORD PERIOD 1998 TO 2014

WEATHER         OBSERVED          NORMAL  DEPART  LAST YEAR`S
                 VALUE   DATE(S)  VALUE   FROM    VALUE  DATE(S)
                                          NORMAL
................................................................
TEMPERATURE (F)
RECORD
 HIGH              89   03/16/2007
 LOW               27   03/10/2009
HIGHEST            84   03/16        MM      MM       85  03/30
                                                          03/14
LOWEST             39   03/18        MM      MM       35  03/23
AVG. MAXIMUM     73.2              68.1     5.1     73.5
AVG. MINIMUM     45.0              42.8     2.2     44.3
MEAN             59.1              55.4     3.7     58.9
DAYS MAX >= 90      0               0.0     0.0        0
DAYS MIN <= 32      0               0.5    -0.5        0

PRECIPITATION (INCHES)
RECORD
 MAXIMUM         3.25   1998
TOTALS           0.47              1.63   -1.16     0.67
DAYS >= .01         5                MM      MM        4
DAYS >= .10         2                MM      MM        2
DAYS >= .50         0                MM      MM        0
DAYS >= 1.00        0                MM      MM        0
GREATEST
 24 HR. TOTAL    0.20   03/29 TO 03/29

SNOWFALL (INCHES)
RECORDS
 TOTAL             MM   MM
TOTALS            0.0                MM

DEGREE_DAYS
HEATING TOTAL     175               300    -125      185
 SINCE 7/1       1952              2455    -503     2246
COOLING TOTAL       0                 4      -4        6
 SINCE 1/1          0                 4      -4        6
.................................................................

WIND (MPH)
AVERAGE WIND SPEED              5.9
HIGHEST WIND SPEED/DIRECTION    29/320    DATE  03/29
HIGHEST GUST SPEED/DIRECTION    46/250    DATE  03/29

AVERAGE RH (PERCENT)     60

WEATHER CONDITIONS. NUMBER OF DAYS WITH
THUNDERSTORM              0     RAIN                       7
HAIL                      0     FOG                       23
FOG W/VIS <= 1/4 MILE     4     HAZE                      26

-  INDICATES NEGATIVE NUMBERS.
R  INDICATES RECORD WAS SET OR TIED.
MM INDICATES DATA IS MISSING.
T  INDICATES TRACE AMOUNT.

$$

SANGER/OCHS

WEATHER.GOV/HANFORD






U.S. Dept. of Commerce
NOAA National Weather Service
1325 East West Highway
Silver Spring, MD 20910
E-mail: w-nws.webmaster@noaa.gov
Page last modified: May 16, 2007
NATIONAL WEATHER SERVICE: for Safety, for Work, for Fun - FOR LIFE