380
CXUS56 KPQR 011710
CLMHIO


CLIMATE REPORT
NATIONAL WEATHER SERVICE PORTLAND OREGON
910 AM PST MON DEC 1 2014

...................................

...THE HILLSBORO OR CLIMATE SUMMARY FOR THE MONTH OF NOVEMBER 2014...

CLIMATE NORMAL PERIOD 1981 TO 2010
CLIMATE RECORD PERIOD 1929 TO 2014

WEATHER         OBSERVED          NORMAL  DEPART  LAST YEAR`S
                 VALUE   DATE(S)  VALUE   FROM    VALUE  DATE(S)
                                          NORMAL
................................................................
TEMPERATURE (F)
HIGHEST            62                                 61  11/11
LOWEST             19                                 20  11/22
AVG. MAXIMUM     52.2              52.0     0.2     51.8
AVG. MINIMUM     37.3              36.7     0.6     35.3
MEAN             44.7              44.4     0.3     43.5
DAYS MAX >= 90      0               0.0     0.0        0
DAYS MAX <= 32      0               0.2    -0.2        0
DAYS MIN <= 32     10               8.3     1.7       10
DAYS MIN <= 0       0               0.0     0.0        0

PRECIPITATION (INCHES)
RECORD
 MAXIMUM        12.86   2006
 MINIMUM         0.40   1936
TOTALS           2.83              6.47   -3.64     2.73
DAYS >= .01        15                MM      MM       16
DAYS >= .10        11                MM      MM        8
DAYS >= .50         2                MM      MM        0
DAYS >= 1.00        0                MM      MM        0
GREATEST
 24 HR. TOTAL    0.84   10/31 TO 11/01

DEGREE_DAYS
HEATING TOTAL     579               620     -41      633
 SINCE 7/1        856              1301    -445     1237
COOLING TOTAL       0                 0       0        0
 SINCE 1/1        405               198     207      310
.................................................................

WIND (MPH)
AVERAGE WIND SPEED              6.2
RESULTANT WIND SPEED/DIRECTION   2/112
HIGHEST WIND SPEED/DIRECTION    35/070    DATE  11/11
HIGHEST GUST SPEED/DIRECTION    47/070    DATE  11/11

SKY COVER
POSSIBLE SUNSHINE (PERCENT)   MM
AVERAGE SKY COVER           0.60

AVERAGE RH (PERCENT)     77

WEATHER CONDITIONS. NUMBER OF DAYS WITH
THUNDERSTORM              0     MIXED PRECIP               0
HEAVY RAIN                1     RAIN                       5
LIGHT RAIN               20     FREEZING RAIN              0
LT FREEZING RAIN          1     HAIL                       0
HEAVY SNOW                0     SNOW                       1
LIGHT SNOW                1     SLEET                      0
FOG                      22     FOG W/VIS <= 1/4 MILE     11
HAZE                      6

-  INDICATES NEGATIVE NUMBERS.
R  INDICATES RECORD WAS SET OR TIED.
MM INDICATES DATA IS MISSING.
T  INDICATES TRACE AMOUNT.

$$




U.S. Dept. of Commerce
NOAA National Weather Service
1325 East West Highway
Silver Spring, MD 20910
E-mail: w-nws.webmaster@noaa.gov
Page last modified: May 16, 2007
NATIONAL WEATHER SERVICE: for Safety, for Work, for Fun - FOR LIFE