963
CXUS54 KJAN 012125
CLMHBG


CLIMATE REPORT
NATIONAL WEATHER SERVICE JACKSON MS
421 PM CDT TUE APR 1 2014

...................................

...THE HATTIESBURG CLIMATE SUMMARY FOR THE MONTH OF MARCH 2014...

CLIMATE NORMAL PERIOD 1981 TO 2010
CLIMATE RECORD PERIOD 1948 TO 2014

WEATHER         OBSERVED          NORMAL  DEPART  LAST YEAR`S
                 VALUE   DATE(S)  VALUE   FROM    VALUE  DATE(S)
                                          NORMAL
................................................................
TEMPERATURE (F)
HIGHEST            82   03/31        MM      MM       83  03/18
LOWEST             30   03/26        MM      MM       27  03/03
AVG. MAXIMUM     68.5              71.3    -2.8     67.6
AVG. MINIMUM     43.9              46.8    -2.9     39.9
MEAN             56.2              59.0    -2.8     53.7
DAYS MAX >= 90      0               0.2    -0.2        0
DAYS MAX <= 32      0               0.0     0.0        0
DAYS MIN <= 32      3               1.5     1.5        8
DAYS MIN <= 0       0               0.0     0.0        0

PRECIPITATION (INCHES)
RECORD
 MAXIMUM        13.94   1961
 MINIMUM         0.34   1955
TOTALS           6.37              5.50    0.87     2.15
DAILY AVG.       0.21              0.18    0.03     0.07
DAYS >= .01        10                MM      MM        8
DAYS >= .10         9                MM      MM        5
DAYS >= .50         3                MM      MM        1
DAYS >= 1.00        3                MM      MM        1
GREATEST
 24 HR. TOTAL    2.65   03/28 TO 03/28              1.11

SNOWFALL (INCHES)
TOTALS            0.0

DEGREE_DAYS
HEATING TOTAL     272               217      55      349
 SINCE 7/1       2195              1895     300     1742
COOLING TOTAL       9                33     -24        9
 SINCE 1/1         26                48     -22       37
.................................................................

WIND (MPH)
AVERAGE WIND SPEED              6.0
HIGHEST WIND SPEED/DIRECTION    32/310    DATE  03/28
HIGHEST GUST SPEED/DIRECTION    44/310    DATE  03/28

SKY COVER
POSSIBLE SUNSHINE (PERCENT)   MM
AVERAGE SKY COVER           0.50
NUMBER OF DAYS FAIR           12
NUMBER OF DAYS PC             10
NUMBER OF DAYS CLOUDY          9

AVERAGE RH (PERCENT)     70

WEATHER CONDITIONS. NUMBER OF DAYS WITH
THUNDERSTORM              6     MIXED PRECIP               0
HEAVY RAIN                5     RAIN                       9
LIGHT RAIN               12     FREEZING RAIN              0
LT FREEZING RAIN          0     HAIL                       0
HEAVY SNOW                0     SNOW                       0
LIGHT SNOW                0     SLEET                      0
FOG                      22     FOG W/VIS <= 1/4 MILE      1
HAZE                      3

-  INDICATES NEGATIVE NUMBERS.
R  INDICATES RECORD WAS SET OR TIED.
MM INDICATES DATA IS MISSING.
T  INDICATES TRACE AMOUNT.

$$





U.S. Dept. of Commerce
NOAA National Weather Service
1325 East West Highway
Silver Spring, MD 20910
E-mail: w-nws.webmaster@noaa.gov
Page last modified: May 16, 2007
NATIONAL WEATHER SERVICE: for Safety, for Work, for Fun - FOR LIFE