116
CXUS54 KJAN 021434
CLMHBG


CLIMATE REPORT
NATIONAL WEATHER SERVICE JACKSON MS
831 AM CST SUN NOV 2 2014

...................................

...THE HATTIESBURG CLIMATE SUMMARY FOR THE MONTH OF OCTOBER 2014...

CLIMATE NORMAL PERIOD 1981 TO 2010
CLIMATE RECORD PERIOD 1948 TO 2014

WEATHER         OBSERVED          NORMAL  DEPART  LAST YEAR`S
                 VALUE   DATE(S)  VALUE   FROM    VALUE  DATE(S)
                                          NORMAL
................................................................
TEMPERATURE (F)
RECORD
 HIGH              97   10/06/1954
 LOW               23   10/30/1952
HIGHEST            90   10/02        MM      MM       90  10/05
                                                          10/04
                                                          10/03
LOWEST             41   10/23        MM      MM       38  10/26
AVG. MAXIMUM     81.7              79.5     2.2     80.2
AVG. MINIMUM     55.1              54.5     0.6     58.0
MEAN             68.4              67.0     1.4     69.1
DAYS MAX >= 90      1               1.5    -0.5        3
DAYS MAX <= 32      0               0.0     0.0        0
DAYS MIN <= 32      0               0.2    -0.2        0
DAYS MIN <= 0       0               0.0     0.0        0

PRECIPITATION (INCHES)
RECORD
 MAXIMUM        13.74   1985
 MINIMUM            T   2005
TOTALS           1.50              3.75   -2.25     1.29
DAILY AVG.       0.05              0.12   -0.07     0.04
DAYS >= .01         4                MM      MM        8
DAYS >= .10         3                MM      MM        3
DAYS >= .50         1                MM      MM        1
DAYS >= 1.00        0                MM      MM        0
GREATEST
 24 HR. TOTAL    0.86   10/13 TO 10/13              0.59

SNOWFALL (INCHES)
TOTALS            0.0
GREATEST
 24 HR TOTAL      0.0

DEGREE_DAYS
HEATING TOTAL      45                73     -28       45
 SINCE 7/1         45                75     -30       45
COOLING TOTAL     158               135      23      181
 SINCE 1/1       2462              2362     100     2390
.................................................................

WIND (MPH)
AVERAGE WIND SPEED              4.2
HIGHEST WIND SPEED/DIRECTION    29/290    DATE  10/03
HIGHEST GUST SPEED/DIRECTION    36/170    DATE  10/13

SKY COVER
POSSIBLE SUNSHINE (PERCENT)   MM
AVERAGE SKY COVER           0.20
NUMBER OF DAYS FAIR           21
NUMBER OF DAYS PC             10
NUMBER OF DAYS CLOUDY          0

AVERAGE RH (PERCENT)     70

WEATHER CONDITIONS. NUMBER OF DAYS WITH
THUNDERSTORM              5     MIXED PRECIP               0
HEAVY RAIN                4     RAIN                       3
LIGHT RAIN                6     FREEZING RAIN              0
LT FREEZING RAIN          0     HAIL                       0
HEAVY SNOW                0     SNOW                       0
LIGHT SNOW                0     SLEET                      0
FOG                      14     FOG W/VIS <= 1/4 MILE      6
HAZE                      0

-  INDICATES NEGATIVE NUMBERS.
R  INDICATES RECORD WAS SET OR TIED.
MM INDICATES DATA IS MISSING.
T  INDICATES TRACE AMOUNT.

$$





U.S. Dept. of Commerce
NOAA National Weather Service
1325 East West Highway
Silver Spring, MD 20910
E-mail: w-nws.webmaster@noaa.gov
Page last modified: May 16, 2007
NATIONAL WEATHER SERVICE: for Safety, for Work, for Fun - FOR LIFE