652
CXUS54 KJAN 030303
CLMGWO


CLIMATE REPORT
NATIONAL WEATHER SERVICE JACKSON MS
955 PM CDT SAT AUG 2 2014

...................................

...THE GREENWOOD CLIMATE SUMMARY FOR THE MONTH OF JULY 2014...

CLIMATE NORMAL PERIOD 1981 TO 2010
CLIMATE RECORD PERIOD 1948 TO 2014

WEATHER         OBSERVED          NORMAL  DEPART  LAST YEAR`S
                 VALUE   DATE(S)  VALUE   FROM    VALUE  DATE(S)
                                          NORMAL
................................................................
TEMPERATURE (F)
RECORD
 HIGH             105   07/30/1986
                        07/16/1980
 LOW               53   07/15/1967
HIGHEST            94   07/12        MM      MM       95  07/17
LOWEST             58   07/30        MM      MM       60  07/03
                        07/16
AVG. MAXIMUM     87.1              91.8    -4.7     89.3
AVG. MINIMUM     66.5              70.8    -4.3     68.5
MEAN             76.8              81.3    -4.5     78.9
DAYS MAX >= 90     11              21.8   -10.8       16
DAYS MAX <= 32      0               0.0     0.0        0
DAYS MIN <= 32      0               0.0     0.0        0
DAYS MIN <= 0       0               0.0     0.0        0

PRECIPITATION (INCHES)
RECORD
 MAXIMUM        11.12   1963
 MINIMUM         0.47   2000
TOTALS           5.59              3.60    1.99     2.27
DAILY AVG.       0.18              0.12    0.06     0.07
DAYS >= .01        10               8.5     1.5        7
DAYS >= .10         6               5.8     0.2        4
DAYS >= .50         3               2.5     0.5        2
DAYS >= 1.00        1               1.1    -0.1        1
GREATEST
 24 HR. TOTAL    3.38   07/18 TO 07/18              1.28

SNOWFALL (INCHES)
TOTALS            0.0

DEGREE_DAYS
HEATING TOTAL       0                 0       0        0
 SINCE 7/1          0                 0       0        0
COOLING TOTAL     372               505    -133      439
 SINCE 1/1       1090              1248    -158     1134
.................................................................

WIND (MPH)
AVERAGE WIND SPEED              3.9
HIGHEST WIND SPEED/DIRECTION    21/360    DATE  07/14
HIGHEST GUST SPEED/DIRECTION    29/360    DATE  07/14

SKY COVER
POSSIBLE SUNSHINE (PERCENT)   MM
AVERAGE SKY COVER           0.20
NUMBER OF DAYS FAIR           24
NUMBER OF DAYS PC              4
NUMBER OF DAYS CLOUDY          3

AVERAGE RH (PERCENT)     75

WEATHER CONDITIONS. NUMBER OF DAYS WITH
THUNDERSTORM              0     MIXED PRECIP               0
HEAVY RAIN                5     RAIN                       5
LIGHT RAIN               12     FREEZING RAIN              0
LT FREEZING RAIN          0     HAIL                       0
HEAVY SNOW                0     SNOW                       0
LIGHT SNOW                0     SLEET                      0
FOG                      28     FOG W/VIS <= 1/4 MILE      6
HAZE                      3

-  INDICATES NEGATIVE NUMBERS.
R  INDICATES RECORD WAS SET OR TIED.
MM INDICATES DATA IS MISSING.
T  INDICATES TRACE AMOUNT.

$$




U.S. Dept. of Commerce
NOAA National Weather Service
1325 East West Highway
Silver Spring, MD 20910
E-mail: w-nws.webmaster@noaa.gov
Page last modified: May 16, 2007
NATIONAL WEATHER SERVICE: for Safety, for Work, for Fun - FOR LIFE