669
CXUS54 KJAN 012249
CLMGWO


CLIMATE REPORT
NATIONAL WEATHER SERVICE JACKSON MS
448 PM CST MON DEC 1 2014

...................................

...THE GREENWOOD CLIMATE SUMMARY FOR THE MONTH OF NOVEMBER 2014...

CLIMATE NORMAL PERIOD 1981 TO 2010
CLIMATE RECORD PERIOD 1948 TO 2014

WEATHER         OBSERVED          NORMAL  DEPART  LAST YEAR`S
                 VALUE   DATE(S)  VALUE   FROM    VALUE  DATE(S)
                                          NORMAL
................................................................
TEMPERATURE (F)
RECORD
 HIGH              88   11/10/2002
 LOW               15   11/25/1950
HIGHEST            77   11/30        MM      MM       77  11/17
                        11/04
LOWEST             21   11/18        MM      MM       19  11/28
                        11/14
AVG. MAXIMUM     60.3              66.2    -5.9     61.4
AVG. MINIMUM     36.5              42.5    -6.0     38.4
MEAN             48.4              54.3    -5.9     49.9
DAYS MAX >= 90      0               0.0     0.0        0
DAYS MAX <= 32      0               0.0     0.0        0
DAYS MIN <= 32     12               5.2     6.8        9
DAYS MIN <= 0       0               0.0     0.0        0

PRECIPITATION (INCHES)
RECORD
 MAXIMUM        15.43   1948
 MINIMUM         0.11   1949
TOTALS           3.06              4.52   -1.46     3.99
DAILY AVG.       0.10              0.15   -0.05     0.13
DAYS >= .01         6               8.1    -2.1        9
DAYS >= .10         3               5.6    -2.6        7
DAYS >= .50         1               3.2    -2.2        4
DAYS >= 1.00        1               1.5    -0.5        1
GREATEST
 24 HR. TOTAL    2.43   11/16 TO 11/17              2.22

SNOWFALL (INCHES)
TOTALS            0.0

DEGREE_DAYS
HEATING TOTAL     494               337     157      451
 SINCE 7/1        588               468     120      567
COOLING TOTAL       3                17     -14        6
 SINCE 1/1       2043              2159    -116     2098
.................................................................

WIND (MPH)
AVERAGE WIND SPEED              6.7
HIGHEST WIND SPEED/DIRECTION    36/210    DATE  11/23
HIGHEST GUST SPEED/DIRECTION    47/210    DATE  11/23

SKY COVER
POSSIBLE SUNSHINE (PERCENT)   MM
AVERAGE SKY COVER           0.30
NUMBER OF DAYS FAIR           18
NUMBER OF DAYS PC              8
NUMBER OF DAYS CLOUDY          4

AVERAGE RH (PERCENT)     66

WEATHER CONDITIONS. NUMBER OF DAYS WITH
THUNDERSTORM              0     MIXED PRECIP               0
HEAVY RAIN                3     RAIN                       3
LIGHT RAIN                9     FREEZING RAIN              0
LT FREEZING RAIN          0     HAIL                       0
HEAVY SNOW                0     SNOW                       0
LIGHT SNOW                0     SLEET                      0
FOG                      10     FOG W/VIS <= 1/4 MILE      1
HAZE                      5

-  INDICATES NEGATIVE NUMBERS.
R  INDICATES RECORD WAS SET OR TIED.
MM INDICATES DATA IS MISSING.
T  INDICATES TRACE AMOUNT.

$$




U.S. Dept. of Commerce
NOAA National Weather Service
1325 East West Highway
Silver Spring, MD 20910
E-mail: w-nws.webmaster@noaa.gov
Page last modified: May 16, 2007
NATIONAL WEATHER SERVICE: for Safety, for Work, for Fun - FOR LIFE