632
CXUS54 KJAN 011606
CLMGWO


CLIMATE REPORT
NATIONAL WEATHER SERVICE JACKSON MS
1104 AM CDT TUE JUL 1 2014

...................................

...THE GREENWOOD CLIMATE SUMMARY FOR THE MONTH OF JUNE 2014...

CLIMATE NORMAL PERIOD 1981 TO 2010
CLIMATE RECORD PERIOD 1948 TO 2014

WEATHER         OBSERVED          NORMAL  DEPART  LAST YEAR`S
                 VALUE   DATE(S)  VALUE   FROM    VALUE  DATE(S)
                                          NORMAL
................................................................
TEMPERATURE (F)
RECORD
 HIGH             104   06/28/1954
                        06/21/1953
                        06/19/1952
 LOW               49   06/11/1988
                        06/03/1956
HIGHEST            94   06/21        MM      MM       95  06/27
LOWEST             63   06/12        MM      MM       57  06/08
AVG. MAXIMUM     87.9              89.5    -1.6     89.4
AVG. MINIMUM     69.9              68.0     1.9     68.3
MEAN             78.9              78.7     0.2     78.8
DAYS MAX >= 90     12              15.3    -3.3       17
DAYS MAX <= 32      0               0.0     0.0        0
DAYS MIN <= 32      0               0.0     0.0        0
DAYS MIN <= 0       0               0.0     0.0        0

PRECIPITATION (INCHES)
RECORD
 MAXIMUM        18.74   1989
 MINIMUM         0.04   1952
TOTALS           9.03              4.31    4.72     3.04
DAILY AVG.       0.30              0.14    0.16     0.10
DAYS >= .01        15               8.6     6.4        7
DAYS >= .10        10               5.8     4.2        6
DAYS >= .50         6               2.4     3.6        2
DAYS >= 1.00        4               1.2     2.8        1
GREATEST
 24 HR. TOTAL    3.72   06/08 TO 06/09              1.56

SNOWFALL (INCHES)
TOTALS            0.0

DEGREE_DAYS
HEATING TOTAL       0                 0       0        0
 SINCE 7/1       3271              2688     583     2780
COOLING TOTAL     424               413      11      419
 SINCE 1/1        718               743     -25      695
.................................................................

WIND (MPH)
AVERAGE WIND SPEED              5.8
HIGHEST WIND SPEED/DIRECTION    29/250    DATE  06/09
HIGHEST GUST SPEED/DIRECTION    45/250    DATE  06/09

SKY COVER
POSSIBLE SUNSHINE (PERCENT)   MM
AVERAGE SKY COVER           0.30
NUMBER OF DAYS FAIR           19
NUMBER OF DAYS PC             11
NUMBER OF DAYS CLOUDY          0

AVERAGE RH (PERCENT)     76

WEATHER CONDITIONS. NUMBER OF DAYS WITH
THUNDERSTORM              2     MIXED PRECIP               0
HEAVY RAIN               10     RAIN                       8
LIGHT RAIN               18     FREEZING RAIN              0
LT FREEZING RAIN          0     HAIL                       0
HEAVY SNOW                0     SNOW                       0
LIGHT SNOW                0     SLEET                      0
FOG                      20     FOG W/VIS <= 1/4 MILE      2
HAZE                      2

-  INDICATES NEGATIVE NUMBERS.
R  INDICATES RECORD WAS SET OR TIED.
MM INDICATES DATA IS MISSING.
T  INDICATES TRACE AMOUNT.

$$





U.S. Dept. of Commerce
NOAA National Weather Service
1325 East West Highway
Silver Spring, MD 20910
E-mail: w-nws.webmaster@noaa.gov
Page last modified: May 16, 2007
NATIONAL WEATHER SERVICE: for Safety, for Work, for Fun - FOR LIFE