660
CXUS54 KAMA 011421
CLMGUY


CLIMATE REPORT
NATIONAL WEATHER SERVICE AMARILLO TX
917 AM CDT TUE APR 1 2014

...................................

...THE GUYMON CLIMATE SUMMARY FOR THE MONTH OF MARCH 2014...

CLIMATE NORMAL PERIOD 1981 TO 2010
CLIMATE RECORD PERIOD 1998 TO 2014

WEATHER         OBSERVED          NORMAL  DEPART  LAST YEAR`S
                 VALUE   DATE(S)  VALUE   FROM    VALUE  DATE(S)
                                          NORMAL
................................................................
TEMPERATURE (F)
HIGHEST            83   03/30                         86  03/15
LOWEST              1R  03/03                         15  03/24
AVG. MAXIMUM     61.7              61.1     0.6     62.9
AVG. MINIMUM     28.8              31.5    -2.7     30.6
MEAN             45.2              46.3    -1.1     46.8
DAYS MAX >= 90      0               0.2    -0.2        0
DAYS MAX <= 32      1               0.7     0.3        0
DAYS MIN <= 32     22              16.2     5.8       19
DAYS MIN <= 0       0               0.0     0.0        0

PRECIPITATION (INCHES)
TOTALS           0.21              1.43   -1.22     0.14
DAILY AVG.       0.01              0.05   -0.04     0.00
DAYS >= .01         2                MM      MM        3
DAYS >= .10         1                MM      MM        1
DAYS >= .50         0                MM      MM        0
DAYS >= 1.00        0                MM      MM        0
GREATEST
 24 HR. TOTAL    0.18   03/02 TO 03/02

SNOWFALL (INCHES)
TOTALS            1.5                MM      MM      2.5
SINCE 7/1        14.2                MM      MM     22.0
DAYS >= TRACE       4                MM      MM
DAYS >= 1.0         1                MM      MM        1
GREATEST
 SNOW DEPTH         2   03/03
 24 HR TOTAL      1.5   03/02 TO 03/02

DEGREE_DAYS
HEATING TOTAL     605               581      24      558
 SINCE 7/1       4171              4048     123     3791
COOLING TOTAL       1                 2      -1        0
 SINCE 1/1          1                 2      -1        0
.................................................................

WIND (MPH)
AVERAGE WIND SPEED              13.9
HIGHEST WIND SPEED/DIRECTION    43/350    DATE  03/15
HIGHEST GUST SPEED/DIRECTION    54/350    DATE  03/15

SKY COVER
POSSIBLE SUNSHINE (PERCENT)   MM
NUMBER OF DAYS FAIR           23
NUMBER OF DAYS PC              6
NUMBER OF DAYS CLOUDY          2

AVERAGE RH (PERCENT)     46

WEATHER CONDITIONS. NUMBER OF DAYS WITH
THUNDERSTORM              0     MIXED PRECIP               0
HEAVY RAIN                0     RAIN                       0
LIGHT RAIN                0     FREEZING RAIN              0
LT FREEZING RAIN          0     HEAVY SNOW                 0
SNOW                      0     LIGHT SNOW                 5
SLEET                     0     FOG                        4
FOG W/VIS <= 1/4 MILE     1     HAZE                       6

-  INDICATES NEGATIVE NUMBERS.
R  INDICATES RECORD WAS SET OR TIED.
MM INDICATES DATA IS MISSING.
T  INDICATES TRACE AMOUNT.

$$





U.S. Dept. of Commerce
NOAA National Weather Service
1325 East West Highway
Silver Spring, MD 20910
E-mail: w-nws.webmaster@noaa.gov
Page last modified: May 16, 2007
NATIONAL WEATHER SERVICE: for Safety, for Work, for Fun - FOR LIFE