884
CXUS54 KAMA 012008
CLMGUY


CLIMATE REPORT
NATIONAL WEATHER SERVICE AMARILLO TX
303 PM CDT TUE JUL 1 2014

...................................

...THE GUYMON CLIMATE SUMMARY FOR THE MONTH OF JUNE 2014...

CLIMATE NORMAL PERIOD 1981 TO 2010
CLIMATE RECORD PERIOD 1998 TO 2014

WEATHER         OBSERVED          NORMAL  DEPART  LAST YEAR`S
                 VALUE   DATE(S)  VALUE   FROM    VALUE  DATE(S)
                                          NORMAL
................................................................
TEMPERATURE (F)
HIGHEST           103   06/30                        109  06/27
LOWEST             50   06/10                         47  06/02
AVG. MAXIMUM     89.6              87.6     2.0     93.9
AVG. MINIMUM     62.8              60.5     2.3     64.8
MEAN             76.2              74.1     2.1     79.4
DAYS MAX >= 90     15              13.0     2.0       22
DAYS MAX <= 32      0               0.0     0.0        0
DAYS MIN <= 32      0               0.0     0.0        0
DAYS MIN <= 0       0               0.0     0.0        0

PRECIPITATION (INCHES)
TOTALS           2.34              2.94   -0.60     2.93
DAILY AVG.       0.08              0.10   -0.02     0.10
DAYS >= .01         8                                  9
DAYS >= .10         6                                  6
DAYS >= .50         1                                  1
DAYS >= 1.00        0                                  1
GREATEST
 24 HR. TOTAL    0.79   06/06

SNOWFALL (INCHES)
TOTALS            0.0                                  T
SINCE 7/1        16.2                               22.3
DAYS >= TRACE       0
DAYS >= 1.0         0                                 0
GREATEST
 SNOW DEPTH         0
 24 HR TOTAL      0.0

DEGREE_DAYS
HEATING TOTAL       5                 8      -3        0
 SINCE 7/1       4537              4457      80     4311
COOLING TOTAL     349               280      69      436
 SINCE 1/1        527               388     139      640
.................................................................

WIND (MPH)
AVERAGE WIND SPEED              14.0
HIGHEST WIND SPEED/DIRECTION    60/330    DATE  06/30
HIGHEST GUST SPEED/DIRECTION    77/320    DATE  06/30

SKY COVER
POSSIBLE SUNSHINE (PERCENT)   MM
NUMBER OF DAYS FAIR           26
NUMBER OF DAYS PC              4
NUMBER OF DAYS CLOUDY          0

AVERAGE RH (PERCENT)     58

WEATHER CONDITIONS. NUMBER OF DAYS WITH
THUNDERSTORM             11     MIXED PRECIP               0
HEAVY RAIN                4     RAIN                       5
LIGHT RAIN               14     FREEZING RAIN              0
LT FREEZING RAIN          0     HEAVY SNOW                 0
SNOW                      0     LIGHT SNOW                 0
SLEET                     0     FOG                        5
FOG W/VIS <= 1/4 MILE     0     HAZE                       1

-  INDICATES NEGATIVE NUMBERS.
R  INDICATES RECORD WAS SET OR TIED.
MM INDICATES DATA IS MISSING.
T  INDICATES TRACE AMOUNT.

$$





U.S. Dept. of Commerce
NOAA National Weather Service
1325 East West Highway
Silver Spring, MD 20910
E-mail: w-nws.webmaster@noaa.gov
Page last modified: May 16, 2007
NATIONAL WEATHER SERVICE: for Safety, for Work, for Fun - FOR LIFE