518
CXUS54 KAMA 071357
CLMGUY


CLIMATE REPORT
NATIONAL WEATHER SERVICE AMARILLO TX
852 AM CDT TUE OCT 7 2014

...................................

...THE GUYMON CLIMATE SUMMARY FOR THE MONTH OF SEPTEMBER 2014...

CLIMATE NORMAL PERIOD 1981 TO 2010
CLIMATE RECORD PERIOD 1998 TO 2014

WEATHER         OBSERVED          NORMAL  DEPART  LAST YEAR`S
                 VALUE   DATE(S)  VALUE   FROM    VALUE  DATE(S)
                                          NORMAL
................................................................
TEMPERATURE (F)
HIGHEST           101   09/03                         99  09/07
                                                          09/06
                                                          09/04
LOWEST             43   09/12                         44  09/30
                                                          09/29
AVG. MAXIMUM     84.2              85.0    -0.8     87.2
AVG. MINIMUM     58.8              55.9     2.9     59.6
MEAN             71.5              70.4     1.1     73.4
DAYS MAX >= 90      8              10.0    -2.0       13
DAYS MAX <= 32      0               0.0     0.0        0
DAYS MIN <= 32      0               0.0     0.0        0
DAYS MIN <= 0       0               0.0     0.0        0

PRECIPITATION (INCHES)
TOTALS           1.85              1.79    0.06     2.77
DAILY AVG.       0.06              0.06    0.00     0.09
DAYS >= .01         5                                  8
DAYS >= .10         3                                  7
DAYS >= .50         2                                  1
DAYS >= 1.00        1                                  0
GREATEST
 24 HR. TOTAL    1.04   09/05
                        09/04 TO 09/05

SNOWFALL (INCHES)
TOTALS            0.0                                0.0
SINCE 7/1         0.0                                0.0
DAYS >= TRACE       0
DAYS >= 1.0         0                                  0
GREATEST
 SNOW DEPTH         0
 24 HR TOTAL      0.0

DEGREE_DAYS
HEATING TOTAL      26                42     -16        8
 SINCE 7/1         30                43     -13        8
COOLING TOTAL     227               205      22      270
 SINCE 1/1       1673              1454     219     1821
.................................................................

WIND (MPH)
AVERAGE WIND SPEED              12.4
HIGHEST WIND SPEED/DIRECTION    37/210    DATE  09/09
HIGHEST GUST SPEED/DIRECTION    45/200    DATE  09/09

SKY COVER
POSSIBLE SUNSHINE (PERCENT)   MM
NUMBER OF DAYS FAIR           21
NUMBER OF DAYS PC              7
NUMBER OF DAYS CLOUDY          2

AVERAGE RH (PERCENT)     65

WEATHER CONDITIONS. NUMBER OF DAYS WITH
THUNDERSTORM              4     MIXED PRECIP               0
HEAVY RAIN                3     RAIN                       2
LIGHT RAIN                7     FREEZING RAIN              0
LT FREEZING RAIN          0     HEAVY SNOW                 0
SNOW                      0     LIGHT SNOW                 0
SLEET                     0     FOG                        5
FOG W/VIS <= 1/4 MILE     0     HAZE                       0

-  INDICATES NEGATIVE NUMBERS.
R  INDICATES RECORD WAS SET OR TIED.
MM INDICATES DATA IS MISSING.
T  INDICATES TRACE AMOUNT.

$$





U.S. Dept. of Commerce
NOAA National Weather Service
1325 East West Highway
Silver Spring, MD 20910
E-mail: w-nws.webmaster@noaa.gov
Page last modified: May 16, 2007
NATIONAL WEATHER SERVICE: for Safety, for Work, for Fun - FOR LIFE