371
CXUS54 KAMA 020239
CLMGUY


CLIMATE REPORT
NATIONAL WEATHER SERVICE AMARILLO TX
932 PM CDT SAT NOV 1 2014

...................................

...THE GUYMON CLIMATE SUMMARY FOR THE MONTH OF OCTOBER 2014...

CLIMATE NORMAL PERIOD 1981 TO 2010
CLIMATE RECORD PERIOD 1998 TO 2014

WEATHER         OBSERVED          NORMAL  DEPART  LAST YEAR`S
                 VALUE   DATE(S)  VALUE   FROM    VALUE  DATE(S)
                                          NORMAL
................................................................
TEMPERATURE (F)
HIGHEST            92   10/25                         91  10/03
                        10/07                             10/02
LOWEST             33   10/31                         30  10/18
                        10/29
AVG. MAXIMUM     77.0              72.1     4.9     72.5
AVG. MINIMUM     45.3              42.5     2.8     41.5
MEAN             61.1              57.3     3.8     57.0
DAYS MAX >= 90      4               2.1     1.9        2
DAYS MAX <= 32      0               0.1    -0.1        0
DAYS MIN <= 32      0               3.7    -3.7        3
DAYS MIN <= 0       0               0.0     0.0        0

PRECIPITATION (INCHES)
TOTALS           1.88              1.57    0.31     1.00
DAILY AVG.       0.06              0.05    0.01     0.03
DAYS >= .01         5                                  6
DAYS >= .10         3                                  3
DAYS >= .50         1                                  1
DAYS >= 1.00        1                                  0
GREATEST
 24 HR. TOTAL    1.71   10/09 TO 10/10

SNOWFALL (INCHES)
TOTALS              T                                  T
SINCE 7/1           T                                  T
DAYS >= TRACE       1
DAYS >= 1.0         0                                  0
GREATEST
 SNOW DEPTH         0
 24 HR TOTAL        T   10/09

DEGREE_DAYS
HEATING TOTAL     144               266    -122      263
 SINCE 7/1        174               309    -135      271
COOLING TOTAL      33                27       6       25
 SINCE 1/1       1706              1481     225     1846
.................................................................

WIND (MPH)
AVERAGE WIND SPEED              9.3
HIGHEST WIND SPEED/DIRECTION    39/350    DATE  10/13
HIGHEST GUST SPEED/DIRECTION    52/350    DATE  10/13

SKY COVER
POSSIBLE SUNSHINE (PERCENT)   MM
NUMBER OF DAYS FAIR           26
NUMBER OF DAYS PC              4
NUMBER OF DAYS CLOUDY          1

AVERAGE RH (PERCENT)     55

WEATHER CONDITIONS. NUMBER OF DAYS WITH
THUNDERSTORM              2     MIXED PRECIP               0
HEAVY RAIN                2     RAIN                       3
LIGHT RAIN                6     FREEZING RAIN              0
LT FREEZING RAIN          0     HEAVY SNOW                 0
SNOW                      0     LIGHT SNOW                 0
SLEET                     0     FOG                        4
FOG W/VIS <= 1/4 MILE     1     HAZE                       1

-  INDICATES NEGATIVE NUMBERS.
R  INDICATES RECORD WAS SET OR TIED.
MM INDICATES DATA IS MISSING.
T  INDICATES TRACE AMOUNT.

$$





U.S. Dept. of Commerce
NOAA National Weather Service
1325 East West Highway
Silver Spring, MD 20910
E-mail: w-nws.webmaster@noaa.gov
Page last modified: May 16, 2007
NATIONAL WEATHER SERVICE: for Safety, for Work, for Fun - FOR LIFE