573
CXUS54 KAMA 011647
CLMGUY


CLIMATE REPORT
NATIONAL WEATHER SERVICE AMARILLO TX
1046 AM CST MON DEC 1 2014

...................................

...THE GUYMON CLIMATE SUMMARY FOR THE MONTH OF NOVEMBER 2014...

CLIMATE NORMAL PERIOD 1981 TO 2010
CLIMATE RECORD PERIOD 1998 TO 2014

WEATHER         OBSERVED          NORMAL  DEPART  LAST YEAR`S
                 VALUE   DATE(S)  VALUE   FROM    VALUE  DATE(S)
                                          NORMAL
................................................................
TEMPERATURE (F)
HIGHEST            84   11/29                         78  11/03
                        11/10
LOWEST             11   11/17                         14  11/25
AVG. MAXIMUM     58.9              60.4    -1.5     57.8
AVG. MINIMUM     28.3              30.9    -2.6     30.7
MEAN             43.6              45.6    -2.0     44.2
DAYS MAX >= 90      0               0.0     0.0        0
DAYS MAX <= 32      3               0.2     2.8        3
DAYS MIN <= 32     20              16.5     3.5       19
DAYS MIN <= 0       0               0.0     0.0        0

PRECIPITATION (INCHES)
TOTALS           0.14              0.53   -0.39     0.68
DAILY AVG.       0.00              0.02   -0.02     0.02
DAYS >= .01         1                MM      MM        4
DAYS >= .10         1                MM      MM        3
DAYS >= .50         0                MM      MM        0
DAYS >= 1.00        0                MM      MM        0
GREATEST
 24 HR. TOTAL    0.14   11/16 TO 11/16

SNOWFALL (INCHES)
TOTALS            3.0                MM      MM      3.7
SINCE 7/1         3.0                MM      MM      3.7
DAYS >= TRACE       2                MM      MM
DAYS >= 1.0         1                MM      MM        2
GREATEST
 SNOW DEPTH         3   11/17
                        11/16
 24 HR TOTAL      3.0   11/16 TO 11/16

DEGREE_DAYS
HEATING TOTAL     633               582      51      615
 SINCE 7/1        807               891     -84      886
COOLING TOTAL       0                 1      -1        0
 SINCE 1/1       1706              1482     224     1846
.................................................................

WIND (MPH)
AVERAGE WIND SPEED              11.4
HIGHEST WIND SPEED/DIRECTION    44/360    DATE  11/23
HIGHEST GUST SPEED/DIRECTION    54/360    DATE  11/23

SKY COVER
POSSIBLE SUNSHINE (PERCENT)   MM
NUMBER OF DAYS FAIR           26
NUMBER OF DAYS PC              3
NUMBER OF DAYS CLOUDY          1

AVERAGE RH (PERCENT)     49

WEATHER CONDITIONS. NUMBER OF DAYS WITH
THUNDERSTORM              0     MIXED PRECIP               0
HEAVY RAIN                0     RAIN                       0
LIGHT RAIN                2     FREEZING RAIN              0
LT FREEZING RAIN          0     HEAVY SNOW                 0
SNOW                      0     LIGHT SNOW                 2
SLEET                     0     FOG                        2
FOG W/VIS <= 1/4 MILE     0     HAZE                       2

-  INDICATES NEGATIVE NUMBERS.
R  INDICATES RECORD WAS SET OR TIED.
MM INDICATES DATA IS MISSING.
T  INDICATES TRACE AMOUNT.

$$




U.S. Dept. of Commerce
NOAA National Weather Service
1325 East West Highway
Silver Spring, MD 20910
E-mail: w-nws.webmaster@noaa.gov
Page last modified: May 16, 2007
NATIONAL WEATHER SERVICE: for Safety, for Work, for Fun - FOR LIFE