060
CXUS54 KAMA 011531
CLMGUY


CLIMATE REPORT
NATIONAL WEATHER SERVICE AMARILLO TX
931 AM CST THU JAN 1 2015

...................................

...THE GUYMON CLIMATE SUMMARY FOR THE MONTH OF DECEMBER 2014...

CLIMATE NORMAL PERIOD 1981 TO 2010
CLIMATE RECORD PERIOD 1998 TO 2014

WEATHER         OBSERVED          NORMAL  DEPART  LAST YEAR`S
                 VALUE   DATE(S)  VALUE   FROM    VALUE  DATE(S)
                                          NORMAL
................................................................
TEMPERATURE (F)
HIGHEST            72   12/13                         74  12/03
LOWEST              5   12/31                          5  12/06
                        12/30
AVG. MAXIMUM     49.4              48.4     1.0     47.1
AVG. MINIMUM     27.4              21.8     5.6     20.3
MEAN             38.4              35.1     3.3     33.7
DAYS MAX >= 90      0               0.0     0.0        0
DAYS MAX <= 32      3               3.7    -0.7        7
DAYS MIN <= 32     21              28.1    -7.1       29
DAYS MIN <= 0       0               0.5    -0.5        0

PRECIPITATION (INCHES)
TOTALS           0.83              0.64    0.19     0.31
DAILY AVG.       0.03              0.02    0.01     0.01
DAYS >= .01         8                MM      MM        2
DAYS >= .10         3                MM      MM        1
DAYS >= .50         0                MM      MM        0
DAYS >= 1.00        0                MM      MM        0
GREATEST
 24 HR. TOTAL    0.56   12/04 TO 12/05

SNOWFALL (INCHES)
TOTALS            1.8                MM      MM      3.5
SINCE 7/1         4.8                MM      MM      7.2
DAYS >= TRACE       5                MM      MM
DAYS >= 1.0         0                MM      MM        1
GREATEST
 SNOW DEPTH         1   12/31
 24 HR TOTAL      0.8   MM

DEGREE_DAYS
HEATING TOTAL     818               926    -108      960
 SINCE 7/1       1625              1817    -192     1846
COOLING TOTAL       0                 0       0        0
 SINCE 1/1       1706              1482     224     1846
.................................................................

WIND (MPH)
AVERAGE WIND SPEED              9.8
HIGHEST WIND SPEED/DIRECTION    41/350    DATE  12/23
HIGHEST GUST SPEED/DIRECTION    50/350    DATE  12/23

SKY COVER
POSSIBLE SUNSHINE (PERCENT)   MM
NUMBER OF DAYS FAIR           20
NUMBER OF DAYS PC              6
NUMBER OF DAYS CLOUDY          5

AVERAGE RH (PERCENT)     65

WEATHER CONDITIONS. NUMBER OF DAYS WITH
THUNDERSTORM              0     MIXED PRECIP               0
HEAVY RAIN                0     RAIN                       3
LIGHT RAIN                5     FREEZING RAIN              0
LT FREEZING RAIN          0     HEAVY SNOW                 0
SNOW                      1     LIGHT SNOW                 5
SLEET                     0     FOG                       13
FOG W/VIS <= 1/4 MILE     4     HAZE                       2

-  INDICATES NEGATIVE NUMBERS.
R  INDICATES RECORD WAS SET OR TIED.
MM INDICATES DATA IS MISSING.
T  INDICATES TRACE AMOUNT.

$$




U.S. Dept. of Commerce
NOAA National Weather Service
1325 East West Highway
Silver Spring, MD 20910
E-mail: w-nws.webmaster@noaa.gov
Page last modified: May 16, 2007
NATIONAL WEATHER SERVICE: for Safety, for Work, for Fun - FOR LIFE