718
CXGM50 PGUM 041520
CLMGUM


CLIMATE REPORT
NATIONAL WEATHER SERVICE TIYAN, GUAM
120 AM CHST FRI DEC 5 2014

...................................

...THE GUAM INTERNATIONAL AIRPORT GU CLIMATE SUMMARY FOR THE MONTH OF NOVEMBER 2014...

CLIMATE NORMAL PERIOD 1981 TO 2010
CLIMATE RECORD PERIOD 1945 TO 2014

WEATHER         OBSERVED          NORMAL  DEPART  LAST YEAR`S
                 VALUE   DATE(S)  VALUE   FROM    VALUE  DATE(S)
                                          NORMAL
................................................................
TEMPERATURE (F)
RECORD
 HIGH              92   11/09/1989
                        11/07/1989
                        11/04/1970
 LOW               68   11/09/1967
HIGHEST            91   11/07        MM      MM       89  11/30
                                                          11/29
                                                          11/22
LOWEST             76   11/25        MM      MM       73  11/16
                        11/24
                        11/07
AVG. MAXIMUM     88.5              86.5     2.0     88.0
AVG. MINIMUM     78.1              77.2     0.9     77.7
MEAN             83.3              81.8     1.5     82.8
DAYS MAX >= 90      8               0.3     7.7        0
DAYS MAX <= 32      0               0.0     0.0        0
DAYS MIN <= 32      0               0.0     0.0        0
DAYS MIN <= 0       0               0.0     0.0        0

PRECIPITATION (INCHES)
RECORD
 MAXIMUM        13.29   2007
 MINIMUM         4.13   2013
TOTALS           5.51              9.17   -3.66     4.13
DAILY AVG.       0.18              0.31   -0.13     0.14
DAYS >= .01        26              24.9     1.1       24
DAYS >= .10        17              15.8     1.2       12
DAYS >= .50         2               5.3    -3.3        2
DAYS >= 1.00        0               2.5    -2.5        0
GREATEST
 24 HR. TOTAL    0.84   11/21 TO 11/22           11/02 TO 11/02
                                                          11/30 TO 11/30
                                                          11/30 TO 11/30
 STORM TOTAL       MM                                 MM
 (MM/DD(HH))            MM                    11/02(00) TO 11/02(00)
                                                 11/30(00) TO 11/30(00)0
                                                 11/30(00) TO 11/30(00)0

DEGREE_DAYS
COOLING TOTAL     555               505      50      544
 SINCE 1/1       5920              5501     419     6086

FREEZE DATES
RECORD
 EARLIEST     MM
 LATEST       MM
EARLIEST                        MM
LATEST                          MM
.................................................

WIND (MPH)
AVERAGE WIND SPEED              8.6
RESULTANT WIND SPEED/DIRECTION   7/074
HIGHEST WIND SPEED/DIRECTION    26/070    DATE  11/27
HIGHEST GUST SPEED/DIRECTION    36/060    DATE  11/21

SKY COVER
POSSIBLE SUNSHINE (PERCENT)   MM
AVERAGE SKY COVER           0.30
NUMBER OF DAYS FAIR           18
NUMBER OF DAYS PC             11
NUMBER OF DAYS CLOUDY          0

AVERAGE RH (PERCENT)     80

WEATHER CONDITIONS. NUMBER OF DAYS WITH
THUNDERSTORM              0     MIXED PRECIP               1
HEAVY RAIN               11     RAIN                      11
LIGHT RAIN               20     FREEZING RAIN              0
LT FREEZING RAIN          0     HAIL                       0
HEAVY SNOW                0     SNOW                       0
LIGHT SNOW                0     SLEET                      0
FOG                      22     FOG W/VIS <= 1/4 MILE      0
HAZE                      4

-  INDICATES NEGATIVE NUMBERS.
R  INDICATES RECORD WAS SET OR TIED.
MM INDICATES DATA IS MISSING.
T  INDICATES TRACE AMOUNT.

$$




U.S. Dept. of Commerce
NOAA National Weather Service
1325 East West Highway
Silver Spring, MD 20910
E-mail: w-nws.webmaster@noaa.gov
Page last modified: May 16, 2007
NATIONAL WEATHER SERVICE: for Safety, for Work, for Fun - FOR LIFE