065
CXUS52 KGSP 021632 CCA
CLMGSP

CLIMATE REPORT...CORRECTED FOR 1 THUNDER DAY
NATIONAL WEATHER SERVICE GREENVILLE-SPARTANBURG SC
1107 AM EST THU JAN 1 2015

...................................

...THE GREENVILLE-SPARTANBURG CLIMATE SUMMARY FOR THE MONTH OF DECEMBER 2014...

CLIMATE NORMAL PERIOD 1981 TO 2010
CLIMATE RECORD PERIOD 1884 TO 2014

WEATHER         OBSERVED          NORMAL  DEPART  LAST YEAR`S
                 VALUE   DATE(S)  VALUE   FROM    VALUE  DATE(S)
                                          NORMAL
................................................................
TEMPERATURE (F)
RECORD
 HIGH              79   12/11/2007
                        12/10/2007
 LOW                3   12/30/1917
HIGHEST            72   12/01        MM      MM       76  12/06
LOWEST             28   12/11        MM      MM       24  12/25
AVG. MAXIMUM     56.7              54.1     2.6     56.4
AVG. MINIMUM     39.0              34.0     5.0     37.5
MEAN             47.8              44.0     3.8     46.9
DAYS MAX >= 90      0               0.0     0.0        0
DAYS MAX <= 32      0               0.2    -0.2        0
DAYS MIN <= 32      5              14.2    -9.2       13
DAYS MIN <= 0       0               0.0     0.0        0

PRECIPITATION (INCHES)
RECORD
 MAXIMUM        12.56   1931
 MINIMUM         0.37   1965
TOTALS           3.63              4.11   -0.48     6.67
DAILY AVG.       0.12              0.13   -0.01     0.22
DAYS >= .01        10               9.8     0.2       15
DAYS >= .10         6               6.3    -0.3       11
DAYS >= .50         2               3.0    -1.0        5
DAYS >= 1.00        1               1.4    -0.4        3
GREATEST
 24 HR. TOTAL    2.21   12/23 TO 12/24           12/22 TO 12/23
                                                          12/23 TO 12/23
                                                          12/23 TO 12/23
 STORM TOTAL       MM                                 MM
 (MM/DD(HH))            MM                    12/23(00) TO 12/23(00)
                                                 12/23(00) TO 12/23(00)3
                                                 12/23(00) TO 12/23(00)3

SNOWFALL (INCHES)
RECORDS
 TOTAL           14.4   1930
 24 HR TOTAL     12.0   12/17/1930 TO 12/17/1930
 SNOW DEPTH        10   12/04/1971
TOTALS            0.0               0.4    -0.4      0.0
 LIQUID EQUIV    0.00              0.00    0.00     0.00
SINCE 7/1           T               0.5    -0.5      0.1
 LIQUID 7/1        MM              0.10      MM     0.01
SNOWDEPTH AVG.      0                MM      MM        0
DAYS >= TRACE       0               0.4    -0.4        0
DAYS >= 1.0         0               0.1    -0.1        0
GREATEST
 SNOW DEPTH         0   MM                             0  MM
 24 HR TOTAL      0.0   12/31 TO 12/31           12/23 TO 12/23
                                                          12/23 TO 12/23
                                                          12/23 TO 12/23
 STORM TOTAL       MM                                 MM
 (MM/DD(HH))            MM                    12/23(00) TO 12/23(00)
                                                 12/23(00) TO 12/23(00)3
                                                 12/23(00) TO 12/23(00)3

DEGREE_DAYS
HEATING TOTAL     523               650    -127      559
 SINCE 7/1       1160              1203     -43     1163
COOLING TOTAL       0                 1      -1        6
 SINCE 1/1       1693              1716     -23     1533

FREEZE DATES
RECORD
 EARLIEST     MM
 LATEST       MM
EARLIEST                        MM
LATEST                          MM
....................................................

WIND (MPH)
AVERAGE WIND SPEED              5.9
HIGHEST WIND SPEED/DIRECTION    23/230    DATE  12/24
HIGHEST GUST SPEED/DIRECTION    30/210    DATE  12/16

SKY COVER
POSSIBLE SUNSHINE (PERCENT)   MM
AVERAGE SKY COVER           0.40
NUMBER OF DAYS FAIR           15
NUMBER OF DAYS PC              5
NUMBER OF DAYS CLOUDY         11

AVERAGE RH (PERCENT)     70

WEATHER CONDITIONS. NUMBER OF DAYS WITH
THUNDERSTORM              1     MIXED PRECIP               0
HEAVY RAIN                4     RAIN                       5
LIGHT RAIN               10     FREEZING RAIN              0
LT FREEZING RAIN          0     HAIL                       0
HEAVY SNOW                0     SNOW                       0
LIGHT SNOW                0     SLEET                      0
FOG                      17     FOG W/VIS <= 1/4 MILE      1
HAZE                      6

-  INDICATES NEGATIVE NUMBERS.
R  INDICATES RECORD WAS SET OR TIED.
MM INDICATES DATA IS MISSING.
T  INDICATES TRACE AMOUNT.

$$




U.S. Dept. of Commerce
NOAA National Weather Service
1325 East West Highway
Silver Spring, MD 20910
E-mail: w-nws.webmaster@noaa.gov
Page last modified: May 16, 2007
NATIONAL WEATHER SERVICE: for Safety, for Work, for Fun - FOR LIFE