854
CXUS52 KGSP 011332
CLMGSP

CLIMATE REPORT
NATIONAL WEATHER SERVICE GREENVILLE-SPARTANBURG SC
736 AM EST MON DEC 1 2014

...................................

...THE GREENVILLE-SPARTANBURG CLIMATE SUMMARY FOR THE MONTH OF NOVEMBER 2014...

CLIMATE NORMAL PERIOD 1981 TO 2010
CLIMATE RECORD PERIOD 1884 TO 2014

WEATHER         OBSERVED          NORMAL  DEPART  LAST YEAR`S
                 VALUE   DATE(S)  VALUE   FROM    VALUE  DATE(S)
                                          NORMAL
................................................................
TEMPERATURE (F)
RECORD
 HIGH              86   11/01/1961
 LOW               11   11/26/1950
                        11/25/1950
HIGHEST            78   11/12        MM      MM       76  11/18
LOWEST             18   11/19        MM      MM       22  11/28
                                                          11/13
AVG. MAXIMUM     59.4              63.5    -4.1     59.2
AVG. MINIMUM     35.9              41.3    -5.4     38.4
MEAN             47.7              52.4    -4.7     48.8
DAYS MAX >= 90      0               0.0     0.0        0
DAYS MAX <= 32      0               0.0     0.0        0
DAYS MIN <= 32     11               4.9     6.1       10
DAYS MIN <= 0       0               0.0     0.0        0

PRECIPITATION (INCHES)
RECORD
 MAXIMUM        12.18   1948
 MINIMUM         0.05   1890
TOTALS           4.36              3.70    0.66     4.13
DAILY AVG.       0.15              0.12    0.03     0.14
DAYS >= .01         6               8.9    -2.9        8
DAYS >= .10         4               5.7    -1.7        6
DAYS >= .50         3               2.5     0.5        2
DAYS >= 1.00        1               1.2    -0.2        1
GREATEST
 24 HR. TOTAL    2.43   11/23 TO 11/23           11/26 TO 11/27
                                                          11/27 TO 11/27
                                                          11/27 TO 11/27
 STORM TOTAL       MM                                 MM
 (MM/DD(HH))            MM                    11/27(00) TO 11/27(00)
                                                 11/27(00) TO 11/27(00)7
                                                 11/27(00) TO 11/27(00)7

SNOWFALL (INCHES)
RECORDS
 TOTAL            4.0   1906
 24 HR TOTAL      4.0   11/15/1906 TO 11/15/1906
 SNOW DEPTH         3   11/28/1912
TOTALS              T               0.1    -0.1      0.1
 LIQUID EQUIV      MM              0.00      MM     0.01
SINCE 7/1           T               0.1    -0.1      0.1
 LIQUID 7/1        MM              0.00      MM     0.01
SNOWDEPTH AVG.      0                MM      MM        0
DAYS >= TRACE       1               0.1     0.9        1
DAYS >= 1.0         0               0.0     0.0        0
GREATEST
 SNOW DEPTH         0   MM                             0  MM
 24 HR TOTAL        T   11/01 TO 11/01           11/27 TO 11/27
                                                          11/27 TO 11/27
                                                          11/27 TO 11/27
 STORM TOTAL       MM                                0.1
 (MM/DD(HH))            MM                    11/27(00) TO 11/27(00)
                                                 11/27(00) TO 11/27(00)7
                                                 11/27(00) TO 11/27(00)7

DEGREE_DAYS
HEATING TOTAL     513               383     130      479
 SINCE 7/1        637               553      84      604
COOLING TOTAL       0                 5      -5        0
 SINCE 1/1       1693              1715     -22     1527

FREEZE DATES
RECORD
 EARLIEST     MM
 LATEST       MM
EARLIEST      11/03             MM
LATEST                          MM
........................................................

WIND (MPH)
AVERAGE WIND SPEED              6.2
HIGHEST WIND SPEED/DIRECTION    24/350    DATE  11/01
HIGHEST GUST SPEED/DIRECTION    36/310    DATE  11/01

SKY COVER
POSSIBLE SUNSHINE (PERCENT)   MM
AVERAGE SKY COVER           0.20
NUMBER OF DAYS FAIR           22
NUMBER OF DAYS PC              7
NUMBER OF DAYS CLOUDY          1

AVERAGE RH (PERCENT)     60

WEATHER CONDITIONS. NUMBER OF DAYS WITH
THUNDERSTORM              1     MIXED PRECIP               0
HEAVY RAIN                2     RAIN                       4
LIGHT RAIN                8     FREEZING RAIN              0
LT FREEZING RAIN          0     HAIL                       0
HEAVY SNOW                0     SNOW                       0
LIGHT SNOW                1     SLEET                      0
FOG                       6     FOG W/VIS <= 1/4 MILE      0
HAZE                      2

-  INDICATES NEGATIVE NUMBERS.
R  INDICATES RECORD WAS SET OR TIED.
MM INDICATES DATA IS MISSING.
T  INDICATES TRACE AMOUNT.

$$




U.S. Dept. of Commerce
NOAA National Weather Service
1325 East West Highway
Silver Spring, MD 20910
E-mail: w-nws.webmaster@noaa.gov
Page last modified: May 16, 2007
NATIONAL WEATHER SERVICE: for Safety, for Work, for Fun - FOR LIFE