784
CXUS52 KGSP 011302 RRA
CLMGSP

CLIMATE REPORT
NATIONAL WEATHER SERVICE GREENVILLE-SPARTANBURG SC
902 AM EDT TUE APR 1 2014

...................................

...THE GREENVILLE-SPARTANBURG CLIMATE SUMMARY FOR THE MONTH OF MARCH 2014...

CLIMATE NORMAL PERIOD 1981 TO 2010
CLIMATE RECORD PERIOD 1884 TO 2014

WEATHER         OBSERVED          NORMAL  DEPART  LAST YEAR`S
                 VALUE   DATE(S)  VALUE   FROM    VALUE  DATE(S)
                                          NORMAL
................................................................
TEMPERATURE (F)
RECORD
 HIGH              91   03/23/1907
 LOW               11   03/15/1993
                        03/03/1980
HIGHEST            78   03/11        MM      MM       78  03/16
LOWEST             25   03/04        MM      MM       26  03/26
                                                          03/22
                                                          03/07
AVG. MAXIMUM     61.4              64.5    -3.1     58.4
AVG. MINIMUM     37.5              41.2    -3.7     35.5
MEAN             49.4              52.9    -3.5     47.0
DAYS MAX >= 90      0               0.0     0.0        0
DAYS MAX <= 32      0               0.0     0.0        0
DAYS MIN <= 32      7               5.2     1.8       16
DAYS MIN <= 0       0               0.0     0.0        0

PRECIPITATION (INCHES)
RECORD
 MAXIMUM        11.99   1952
 MINIMUM         1.13   1985
TOTALS           4.09              4.52   -0.43     3.52
DAILY AVG.       0.13              0.15   -0.02     0.11
DAYS >= .01        10               9.6     0.4       10
DAYS >= .10         9               6.8     2.2        5
DAYS >= .50         2               3.3    -1.3        3
DAYS >= 1.00        2               1.4     0.6        1
GREATEST
 24 HR. TOTAL    1.41   03/07 TO 03/07           03/24 TO 03/24
                                                          03/02 TO 03/02
                                                          03/02 TO 03/02
 STORM TOTAL       MM                                 MM
 (MM/DD(HH))            MM                    03/24(00) TO 03/24(00)
                                                 03/02(00) TO 03/02(00)2
                                                 03/02(00) TO 03/02(00)2

SNOWFALL (INCHES)
RECORDS
 TOTAL           15.3   1960
 24 HR TOTAL      9.8   03/12/1993 TO 03/13/1993
 SNOW DEPTH         5   03/24/1983
TOTALS              T               0.9    -0.9        T
 LIQUID EQUIV      MM              0.10      MM       MM
SINCE 7/1         7.2               4.7     2.5      2.0
 LIQUID 7/1      0.72              0.50    0.22     0.20
SNOWDEPTH AVG.      0                MM      MM        0
DAYS >= TRACE       3               0.3     2.7        1
DAYS >= 1.0         0               0.1    -0.1        0
GREATEST
 SNOW DEPTH         0   MM                             0  MM
 24 HR TOTAL        T   03/25 TO 03/25           03/02 TO 03/02
                                                          03/02 TO 03/02
                                                          03/02 TO 03/02
 STORM TOTAL       MM                                 MM
 (MM/DD(HH))            MM                    03/02(00) TO 03/02(00)
                                                 03/02(00) TO 03/02(00)2
                                                 03/02(00) TO 03/02(00)2

DEGREE_DAYS
HEATING TOTAL     477               384      93      554
 SINCE 7/1       3036              2833     203     2740
COOLING TOTAL       0                 8      -8        2
 SINCE 1/1          0                 8      -8        2

FREEZE DATES
RECORD
 EARLIEST     MM
 LATEST       MM
EARLIEST                        MM
LATEST                          MM
...................................................

WIND (MPH)
AVERAGE WIND SPEED              7.8
HIGHEST WIND SPEED/DIRECTION    38/260    DATE  03/12
HIGHEST GUST SPEED/DIRECTION    50/260    DATE  03/12

SKY COVER
POSSIBLE SUNSHINE (PERCENT)   MM
AVERAGE SKY COVER           0.40
NUMBER OF DAYS FAIR           17
NUMBER OF DAYS PC              8
NUMBER OF DAYS CLOUDY          6

AVERAGE RH (PERCENT)     57

WEATHER CONDITIONS. NUMBER OF DAYS WITH
THUNDERSTORM              0     MIXED PRECIP               0
HEAVY RAIN                0     RAIN                       5
LIGHT RAIN               12     FREEZING RAIN              0
LT FREEZING RAIN          0     HAIL                       0
HEAVY SNOW                0     SNOW                       0
LIGHT SNOW                2     SLEET                      1
FOG                      13     FOG W/VIS <= 1/4 MILE      2
HAZE                      3

-  INDICATES NEGATIVE NUMBERS.
R  INDICATES RECORD WAS SET OR TIED.
MM INDICATES DATA IS MISSING.
T  INDICATES TRACE AMOUNT.

$$

OUTLAW






U.S. Dept. of Commerce
NOAA National Weather Service
1325 East West Highway
Silver Spring, MD 20910
E-mail: w-nws.webmaster@noaa.gov
Page last modified: May 16, 2007
NATIONAL WEATHER SERVICE: for Safety, for Work, for Fun - FOR LIFE