121
CXUS52 KGSP 012333 CCA
CLMGSP

CLIMATE REPORT...CORRECTED FOR NUMBER OF THUNDER DAYS
NATIONAL WEATHER SERVICE GREENVILLE-SPARTANBURG SC
1107 AM EDT MON SEP 1 2014

...................................

...THE GREENVILLE-SPARTANBURG CLIMATE SUMMARY FOR THE MONTH OF AUGUST 2014...

CLIMATE NORMAL PERIOD 1981 TO 2010
CLIMATE RECORD PERIOD 1884 TO 2014

WEATHER         OBSERVED          NORMAL  DEPART  LAST YEAR`S
                 VALUE   DATE(S)  VALUE   FROM    VALUE  DATE(S)
                                          NORMAL
................................................................
TEMPERATURE (F)
RECORD
 HIGH             105   08/10/2007
 LOW               50   08/30/1905
                        08/29/1905
HIGHEST            93   08/22       105     -12       93  08/29
                        08/21
LOWEST             61   08/27        50      11       59  08/26
AVG. MAXIMUM     85.9              88.6    -2.7     84.1
AVG. MINIMUM     67.5              68.7    -1.2     68.0
MEAN             76.7              78.6    -1.9     76.1
DAYS MAX >= 90      9              12.2    -3.2        4
DAYS MAX <= 32      0               0.0     0.0        0
DAYS MIN <= 32      0               0.0     0.0        0
DAYS MIN <= 0       0               0.0     0.0        0

PRECIPITATION (INCHES)
RECORD
 MAXIMUM        19.52   1908
 MINIMUM         0.78   1925
TOTALS           5.60              4.48    1.12     7.31
DAILY AVG.       0.18              0.14    0.04     0.24
DAYS >= .01        11              10.4     0.6       15
DAYS >= .10         7               6.3     0.7       11
DAYS >= .50         2               2.6    -0.6        6
DAYS >= 1.00        2               1.3     0.7        3
GREATEST
 24 HR. TOTAL    4.87   07/31 TO 08/01           08/06 TO 08/06
                                                          08/05 TO 08/06
                                                          08/06 TO 08/06
 STORM TOTAL       MM                                 MM
 (MM/DD(HH))            MM                    08/06(00) TO 08/06(00)
                                                 08/06(00) TO 08/06(00)6
                                                 08/06(00) TO 08/06(00)6

SNOWFALL (INCHES)
RECORDS
 TOTAL             MM   MM
 24 HR TOTAL       MM
 SNOW DEPTH        MM   MM
TOTALS            0.0               0.0     0.0      0.0
 LIQUID EQUIV    0.00              0.00    0.00     0.00
SINCE 7/1         0.0               0.0     0.0      0.0
 LIQUID 7/1      0.00              0.00    0.00     0.00
SNOWDEPTH AVG.      0                MM      MM        0
DAYS >= TRACE       0               0.0     0.0        0
DAYS >= 1.0         0               0.0     0.0        0
GREATEST
 SNOW DEPTH         0   MM                             0  MM
 24 HR TOTAL      0.0   08/31 TO 08/31           08/31 TO 08/31
                                                          08/06 TO 08/06
                                                          08/06 TO 08/06
 STORM TOTAL       MM                                 MM
 (MM/DD(HH))            MM                    08/31(00) TO 08/31(00)
                                                 08/06(00) TO 08/06(00)6
                                                 08/06(00) TO 08/06(00)6

DEGREE_DAYS
HEATING TOTAL       0                 0       0        0
 SINCE 7/1          0                 0       0        0
COOLING TOTAL     371               423     -52      351
 SINCE 1/1       1397              1435     -38     1249

FREEZE DATES
RECORD
 EARLIEST     MM
 LATEST       MM
EARLIEST                        MM
LATEST                          MM
.......................................................

WIND (MPH)
AVERAGE WIND SPEED              4.6
HIGHEST WIND SPEED/DIRECTION    22/240    DATE  08/31
HIGHEST GUST SPEED/DIRECTION    28/240    DATE  08/31

SKY COVER
POSSIBLE SUNSHINE (PERCENT)   MM
AVERAGE SKY COVER           0.30
NUMBER OF DAYS FAIR           20
NUMBER OF DAYS PC              6
NUMBER OF DAYS CLOUDY          5

AVERAGE RH (PERCENT)     73

WEATHER CONDITIONS. NUMBER OF DAYS WITH
THUNDERSTORM              7     MIXED PRECIP               0
HEAVY RAIN                5     RAIN                       5
LIGHT RAIN               13     FREEZING RAIN              0
LT FREEZING RAIN          0     HAIL                       0
HEAVY SNOW                0     SNOW                       0
LIGHT SNOW                0     SLEET                      0
FOG                       6     FOG W/VIS <= 1/4 MILE      0
HAZE                      1

-  INDICATES NEGATIVE NUMBERS.
R  INDICATES RECORD WAS SET OR TIED.
MM INDICATES DATA IS MISSING.
T  INDICATES TRACE AMOUNT.

$$








U.S. Dept. of Commerce
NOAA National Weather Service
1325 East West Highway
Silver Spring, MD 20910
E-mail: w-nws.webmaster@noaa.gov
Page last modified: May 16, 2007
NATIONAL WEATHER SERVICE: for Safety, for Work, for Fun - FOR LIFE