729
CXUS52 KRAH 011334
CLMGSO


CLIMATE REPORT
NATIONAL WEATHER SERVICE RALEIGH NC
929 AM EDT SAT NOV 1 2014

...................................

...THE PIEDMONT TRIAD INTL AIRPORT CLIMATE SUMMARY FOR THE MONTH OF OCTOBER 2014...

CLIMATE NORMAL PERIOD 1981 TO 2010
CLIMATE RECORD PERIOD 1903 TO 2014

WEATHER         OBSERVED          NORMAL  DEPART  LAST YEAR`S
                 VALUE   DATE(S)  VALUE   FROM    VALUE
                                          NORMAL
.............................................................
TEMPERATURE (F)
RECORD
 HIGH              95   10/05/1954
 LOW               20   10/27/1962
HIGHEST            84   10/10                         88
LOWEST             39   10/25                         28
                        10/05
AVG. MAXIMUM     73.2              70.3     2.9     70.6
AVG. MINIMUM     49.6              48.8     0.8     51.6
MEAN             61.4              59.5     1.9     61.1
DAYS MAX >= 90      0                                  0
DAYS MAX <= 32      0                                  0
DAYS MIN <= 32      0                                  1
DAYS MIN <= 0       0                                  0

PRECIPITATION (INCHES)
RECORD
 MAXIMUM        12.59   1990
TOTALS           2.01              3.13   -1.12     1.11
DAYS >= .01         8
DAYS >= .10         6
DAYS >= .50         1
DAYS >= 1.00        0
GREATEST
 24 HR. TOTAL    0.92   10/14 TO 10/15

DEGREE_DAYS
HEATING TOTAL     151               202     -51      160
 SINCE 7/1        168               233     -65      176
COOLING TOTAL      47                33      14       50
 SINCE 1/1       1499              1480      19     1381
..............................................................

WIND (MPH)
AVERAGE WIND SPEED              6.7
HIGHEST WIND SPEED/DIRECTION    25/270    DATE  10/15
HIGHEST GUST SPEED/DIRECTION    35/170    DATE  10/14

SKY COVER
POSSIBLE SUNSHINE (PERCENT)    0
AVERAGE SKY COVER           0.50
NUMBER OF DAYS FAIR           10
NUMBER OF DAYS PC             14
NUMBER OF DAYS CLOUDY          7

AVERAGE RH (PERCENT)     66

WEATHER CONDITIONS. NUMBER OF DAYS WITH
THUNDERSTORM              2     MIXED PRECIP               0
HEAVY RAIN                4     RAIN                       5
LIGHT RAIN               11     FREEZING RAIN              0
LT FREEZING RAIN          0     HAIL                       0
HEAVY SNOW                0     SNOW                       0
LIGHT SNOW                0     SLEET                      0
FOG                      11     FOG W/VIS <= 1/4 MILE      3
HAZE                      2

-  INDICATES NEGATIVE NUMBERS.
R  INDICATES RECORD WAS SET OR TIED.
MM INDICATES DATA IS MISSING.
T  INDICATES TRACE AMOUNT.

&&

A RECORD HIGH MINIMUM TEMPERATURE OF 69 DEGREES ON THE 14TH BROKE THE OLD RECORD
SET IN 1954.


$$





U.S. Dept. of Commerce
NOAA National Weather Service
1325 East West Highway
Silver Spring, MD 20910
E-mail: w-nws.webmaster@noaa.gov
Page last modified: May 16, 2007
NATIONAL WEATHER SERVICE: for Safety, for Work, for Fun - FOR LIFE