509
CXUS52 KRAH 011351
CLMGSO


CLIMATE REPORT
NATIONAL WEATHER SERVICE RALEIGH NC
949 AM EDT WED OCT 1 2014

...................................

...THE PIEDMONT TRIAD INTL AIRPORT CLIMATE SUMMARY FOR THE MONTH OF SEPTEMBER 2014...

CLIMATE NORMAL PERIOD 1981 TO 2010
CLIMATE RECORD PERIOD 1903 TO 2014

WEATHER         OBSERVED          NORMAL  DEPART  LAST YEAR`S
                 VALUE   DATE(S)  VALUE   FROM    VALUE
                                          NORMAL
.............................................................
TEMPERATURE (F)
RECORD
 HIGH             100   09/06/1954
 LOW               35   09/29/1942
HIGHEST            95   09/02                         88
LOWEST             54   09/28                         52
                        09/24
                        09/23
AVG. MAXIMUM     78.8              79.7    -0.9     79.7
AVG. MINIMUM     62.8              60.6     2.2     60.4
MEAN             70.8              70.2     0.6     70.1
DAYS MAX >= 90      4                                  0
DAYS MAX <= 32      0                                  0
DAYS MIN <= 32      0                                  0
DAYS MIN <= 0       0                                  0

PRECIPITATION (INCHES)
RECORD
 MAXIMUM        13.26   1947
TOTALS           2.93              4.19   -1.26     2.13
DAYS >= .01        12
DAYS >= .10         7
DAYS >= .50         2
DAYS >= 1.00        0
GREATEST
 24 HR. TOTAL    0.97   09/04 TO 09/05

DEGREE_DAYS
HEATING TOTAL      17                30     -13       14
 SINCE 7/1         17                31     -14       16
COOLING TOTAL     199               185      14      172
 SINCE 1/1       1452              1447       5     1331
..............................................................

WIND (MPH)
AVERAGE WIND SPEED              5.8
HIGHEST WIND SPEED/DIRECTION    21/060    DATE  09/23
HIGHEST GUST SPEED/DIRECTION    28/260    DATE  09/21

SKY COVER
POSSIBLE SUNSHINE (PERCENT)   MM
AVERAGE SKY COVER           0.70
NUMBER OF DAYS FAIR            0
NUMBER OF DAYS PC             13
NUMBER OF DAYS CLOUDY         17

AVERAGE RH (PERCENT)     78

WEATHER CONDITIONS. NUMBER OF DAYS WITH
THUNDERSTORM              4     MIXED PRECIP               0
HEAVY RAIN                3     RAIN                       4
LIGHT RAIN               19     FREEZING RAIN              0
LT FREEZING RAIN          0     HAIL                       0
HEAVY SNOW                0     SNOW                       0
LIGHT SNOW                0     SLEET                      0
FOG                      22     FOG W/VIS <= 1/4 MILE      2
HAZE                      1

-  INDICATES NEGATIVE NUMBERS.
R  INDICATES RECORD WAS SET OR TIED.
MM INDICATES DATA IS MISSING.
T  INDICATES TRACE AMOUNT.

$$





U.S. Dept. of Commerce
NOAA National Weather Service
1325 East West Highway
Silver Spring, MD 20910
E-mail: w-nws.webmaster@noaa.gov
Page last modified: May 16, 2007
NATIONAL WEATHER SERVICE: for Safety, for Work, for Fun - FOR LIFE