250
CXUS53 KGRR 011746
CLMGRR

CLIMATE REPORT...CORRECTED
NATIONAL WEATHER SERVICE GRAND RAPIDS, MI
130 PM EDT SAT NOV 1 2014

...................................

...THE GRAND RAPIDS MI CLIMATE SUMMARY FOR THE MONTH OF OCTOBER 2014...

CLIMATE NORMAL PERIOD 1981 TO 2010
CLIMATE RECORD PERIOD 1892 TO 2014

WEATHER         OBSERVED          NORMAL  DEPART  LAST YEAR`S
                 VALUE   DATE(S)  VALUE   FROM    VALUE  DATE(S)
                                          NORMAL
................................................................
TEMPERATURE (F)
RECORD
 HIGH              89   10/01/1897
 LOW               18   10/30/1988
                        10/21/1974
HIGHEST            75   10/27        79      -4       80  10/03
LOWEST             29   10/23        26       3       31  10/25
AVG. MAXIMUM     60.2              60.3    -0.1     62.6
AVG. MINIMUM     41.5              41.8    -0.3     43.6
MEAN             50.8              51.0    -0.2     53.1
DAYS MAX >= 90      0               0.0     0.0        0
DAYS MAX <= 32      0               0.0     0.0        0
DAYS MIN <= 32      4               3.4     0.6        2
DAYS MIN <= 0       0               0.0     0.0        0

PRECIPITATION (INCHES)
RECORD
 MAXIMUM         8.32   1954
 MINIMUM         0.03   1952
TOTALS           4.98              3.26    1.72     5.46
DAILY AVG.       0.16              0.11    0.05     0.18
DAYS >= .01        15              11.8     3.2       16
DAYS >= .10         8               6.8     1.2       13
DAYS >= .50         2               2.1    -0.1        2
DAYS >= 1.00        1               0.6     0.4        2
GREATEST
 24 HR. TOTAL    2.57   10/02 TO 10/03           10/05 TO 10/05

SNOWFALL (INCHES)
RECORDS
 TOTAL            8.4   1967
 24 HR TOTAL      8.4   10/26/1967 TO 10/27/1967
 SNOW DEPTH         5   10/27/1967
TOTALS              T               0.5    -0.5        T
SINCE 7/1           T               0.5    -0.5        T
SNOWDEPTH AVG.      0                MM      MM        0
DAYS >= TRACE       2               0.5     1.5        2
DAYS >= 1.0         0               0.2    -0.2        0
GREATEST
 SNOW DEPTH         0   MM                             0  MM
 24 HR TOTAL        T   10/31 TO 10/31           10/24 TO 10/24

DEGREE_DAYS
HEATING TOTAL     432               440      -8      376
 SINCE 7/1        582               592     -10      514
COOLING TOTAL       0                 7      -7       14
 SINCE 1/1        611               699     -88      767

FREEZE DATES
RECORD
 EARLIEST     09/03/1946
 LATEST       06/04/1945
EARLIEST      10/19             10/13
LATEST                          05/02
.....................................................

WIND (MPH)
AVERAGE WIND SPEED              8.8
RESULTANT WIND SPEED/DIRECTION   4/240
HIGHEST WIND SPEED/DIRECTION    32/240    DATE  10/28
HIGHEST GUST SPEED/DIRECTION    40/240    DATE  10/28

SKY COVER
POSSIBLE SUNSHINE (PERCENT)   40
AVERAGE SKY COVER           0.70

AVERAGE RH (PERCENT)     77

WEATHER CONDITIONS. NUMBER OF DAYS WITH
THUNDERSTORM              3     MIXED PRECIP               0
HEAVY RAIN                6     RAIN                       7
LIGHT RAIN               18     FREEZING RAIN              0
LT FREEZING RAIN          0     HAIL                       0
HEAVY SNOW                0     SNOW                       0
LIGHT SNOW                1     SLEET                      1
FOG                      20     FOG W/VIS <= 1/4 MILE      2
HAZE                      6

-  INDICATES NEGATIVE NUMBERS.
R  INDICATES RECORD WAS SET OR TIED.
MM INDICATES DATA IS MISSING.
T  INDICATES TRACE AMOUNT.

&&

OCTOBER 2014 TEMPERATURES AVERAGED OUT NEAR TO SLIGHTLY BELOW NORMAL
WITH PRECIPITATION NEAR TO MODERATELY ABOVE NORMAL. BUT AS IS
TYPICAL OF A MICHIGAN FALL... IT WAS NOT WITHOUT ITS TEMPERATURE
SWINGS AND PRECIPITATION SPELLS.

MANY LOCATIONS IN SOUTHWEST LOWER MICHIGAN RECEIVED OVER HALF OF THE
MONTH/S PRECIPITATION IN THE FIRST FOUR DAYS. A NUMBER OF SITES
COLLECTED OVER TWO INCHES OF RAIN IN THIS TWO DAY PERIOD AS MOISTURE
FROM THE GULF OF MEXICO WAS DRAWN NORTH. THIS WAS FOLLOWED BY COLD
AIR ON OCTOBER 4 WHICH PRODUCED SCATTERED SHOWERS AND A MIX OF RAIN
AND SMALL HAIL.

THE SECOND WEEK OF OCTOBER INCLUDED A MOSTLY SUNNY STRETCH WITH
SOMEWHAT BELOW NORMAL TEMPERATURES. THIS WAS FOLLOWED BY CLOUDS AND
OCCASIONAL RAIN FROM OCTOBER 13TH THROUGH THE 21ST. CLOUDS HELD THE
LOW TEMPERATURES WELL ABOVE NORMAL UNTIL CLEARING ALLOWED FOR THE
FIRST WIDESPREAD FREEZE IN SOUTHWEST LOWER MICHIGAN ON OCTOBER 19.

A DRY PERIOD FROM OCTOBER 22 THROUGH 27 FEATURED GRADUALLY WARMING
TEMPERATURES. THE WARMEST HIGH TEMPERATURES OF THE MONTH OCCURRED ON
THE 27TH. HIGHS WERE IN THE MID 70S... AND MUSKEGON SET A RECORD
WITH 75 DEGREES.

OCTOBER ENDED WITH A TASTE OF WINTER AS A POTENT UPPER LEVEL SYSTEM
FROM MANITOBA DOVE THROUGH THE GREAT LAKES ON THE FINAL DAYS OF THE
MONTH. AFTERNOON TEMPERATURES FELL INTO THE 30S AND RAIN CHANGED TO
SNOW ACROSS THE STATE. THE FIRST SNOWFLAKES OF THE SEASON WERE
OBSERVED NEARLY EVERYWHERE IN SOUTHWEST LOWER MICHIGAN. SNOW
ACCUMULATED IN NORTHERN AND PARTS OF CENTRAL LOWER MICHIGAN. NORTH
WINDS ACCOMPANYING THE SYSTEM ALSO BROUGHT GUSTS OVER 60 MPH AND
WAVE HEIGHTS OVER 20 FEET TO SOUTHERN LAKE MICHIGAN.

$$

CAS 63







U.S. Dept. of Commerce
NOAA National Weather Service
1325 East West Highway
Silver Spring, MD 20910
E-mail: w-nws.webmaster@noaa.gov
Page last modified: May 16, 2007
NATIONAL WEATHER SERVICE: for Safety, for Work, for Fun - FOR LIFE