002
CXUS53 KGID 071655 CCA
CLMGRI

CLIMATE REPORT...CORRECTED
NATIONAL WEATHER SERVICE HASTINGS NE
936 AM CDT TUE OCT 7 2014

UPDATED TO INCLUDE MONTHLY DETAILS/NARRATIVE AT BOTTOM

...................................

...THE GRAND ISLAND NE CLIMATE SUMMARY FOR THE MONTH OF SEPTEMBER 2014...

CLIMATE NORMAL PERIOD 1981 TO 2010
CLIMATE RECORD PERIOD 1895 TO 2014

WEATHER         OBSERVED          NORMAL  DEPART  LAST YEAR`S
                 VALUE   DATE(S)  VALUE   FROM    VALUE  DATE(S)
                                          NORMAL
................................................................
TEMPERATURE (F)
RECORD
 HIGH             109   09/06/1931
 LOW               20   09/30/1920
HIGHEST            90   09/19        95      -5       99  09/09
LOWEST             36   09/13        35       1       46  09/25
AVG. MAXIMUM     76.3              78.0    -1.7     82.5
AVG. MINIMUM     52.9              52.3     0.6     58.0
MEAN             64.6              65.1    -0.5     70.2
DAYS MAX >= 90      1               3.7    -2.7        8
DAYS MAX <= 32      0               0.0     0.0        0
DAYS MIN <= 32      0               0.4    -0.4        0
DAYS MIN <= 0       0               0.0     0.0        0

PRECIPITATION (INCHES)
RECORD
 MAXIMUM         9.00   1965
 MINIMUM         0.01   1998
TOTALS           3.03              2.23    0.80     2.38
DAILY AVG.       0.10              0.07    0.03     0.08
DAYS >= .01         9               7.0     2.0        9
DAYS >= .10         5               4.3     0.7        6
DAYS >= .50         2               1.4     0.6        2
DAYS >= 1.00        1               0.5     0.5        0
GREATEST
 24 HR. TOTAL    1.40   09/08 TO 09/09
                        09/09 TO 09/09
                        09/09 TO 09/10

SNOWFALL (INCHES)
RECORDS
 TOTAL            3.8   1985
TOTALS            0.0               0.1    -0.1      0.0
SINCE 7/1         0.0               0.1    -0.1      0.0
SNOWDEPTH AVG.      0                MM      MM        0
DAYS >= 1.0         0               0.0     0.0        0
GREATEST
 SNOW DEPTH         0   MM                             0  MM

DEGREE_DAYS
HEATING TOTAL     102               105      -3       21
 SINCE 7/1        106               115      -9       24
COOLING TOTAL      97               109     -12      187
 SINCE 1/1       1027              1023       4     1250
.................................................................

WIND (MPH)
AVERAGE WIND SPEED              9.4
HIGHEST WIND SPEED/DIRECTION    29/190    DATE  09/23
HIGHEST GUST SPEED/DIRECTION    41/340    DATE  09/01

SKY COVER
POSSIBLE SUNSHINE (PERCENT)   MM
NUMBER OF DAYS FAIR           21
NUMBER OF DAYS PC              7
NUMBER OF DAYS CLOUDY          2

AVERAGE RH (PERCENT)     70

WEATHER CONDITIONS. NUMBER OF DAYS WITH
THUNDERSTORM              7     MIXED PRECIP               0
HEAVY RAIN                4     RAIN                       4
LIGHT RAIN               12     FREEZING RAIN              0
LT FREEZING RAIN          0     HAIL                       0
HEAVY SNOW                0     SNOW                       0
LIGHT SNOW                0     SLEET                      0
FOG                      14     FOG W/VIS <= 1/4 MILE      2
HAZE                      1

-  INDICATES NEGATIVE NUMBERS.
R  INDICATES RECORD WAS SET OR TIED.
MM INDICATES DATA IS MISSING.
T  INDICATES TRACE AMOUNT.

&&

...SEPTEMBER 2014 SUMMARY FOR CENTRAL NEBRASKA REGIONAL AIRPORT...

...TEMPERATURES

1 DAILY TEMPERATURE RECORD WAS SET IN SEP. 2014:
- SEP. 11: RECORD COOL HIGH TEMPERATURE OF 52 (PREVIOUS 57 IN 1989)

AVERAGE HIGH TEMPERATURE:     76.3 DEGREES (1.7 BELOW NORMAL)
AVERAGE LOW TEMPERATURE:      52.9 DEGREES (0.6 ABOVE NORMAL)
AVERAGE MEAN TEMPERATURE:     64.6 DEGREES (0.5 BELOW NORMAL)

HOTTEST HIGH TEMPERATURE:      90 DEGREES ON THE 19TH
COOLEST HIGH TEMPERATURE:      52 DEGREES ON THE 11TH

COOLEST LOW TEMPERATURE:       36 DEGREES ON THE 13TH
WARMEST LOW TEMPERATURE:       66 DEGREES ON THE 3RD

WARMEST 2-DAY STRETCH BASED
ON AVERAGE HIGH TEMPERATURE:   88.5 DEGREES FROM THE 19TH-20TH

COOLEST 2-DAY STRETCH BASED
ON AVERAGE HIGH TEMPERATURE:   53.5 DEGREES FROM THE 11TH-12TH

WARMEST WEEK BASED
ON AVERAGE MEAN TEMPERATURE:   70.3 DEGREES FROM THE 24TH-30TH

COOLEST WEEK BASED
ON AVERAGE MEAN TEMPERATURE:   53.4 DEGREES FROM THE 10TH-16TH

WARMEST WEEK BASED
ON AVERAGE HIGH TEMPERATURE:   82.1 DEGREES FROM THE 24TH-30TH

COOLEST WEEK BASED
ON AVERAGE HIGH TEMPERATURE:   63.6 DEGREES FROM THE 10TH-16TH

COOLEST WEEK BASED
ON AVERAGE LOW TEMPERATURE:    43.0 DEGREES FROM THE 11TH-17TH


...PRECIPITATION

NO DAILY PRECIPITATION RECORDS WERE SET IN SEP. 2014

TOTAL MONTHLY PRECIPITATION: 3.03 INCHES  (0.80 ABOVE NORMAL)

- SEP. 2014 WAS THE 32ND-WETTEST ON RECORD OUT OF 119 YEARS DATING TO
1896...AND WAS THE WETTEST SINCE 4.75 INCHES IN 2006

NUMBER OF DAYS WITH MEASURABLE PRECIPITATION (0.01 OR MORE): 9

HIGHEST CALENDAR DAY PRECIPITATION:  1.40 INCHES ON THE 9TH


PRECIPITATION TOTALS AND DEPARTURES
FROM NORMAL FOR THE PAST 12 MONTHS:

MONTH          PRECIP.  DEPARTURE

OCT  2013       4.05     +2.19
NOV  2013       0.97     -0.20
DEC  2013       0.11     -0.52
JAN  2014       0.32     -0.21
FEB  2014       0.33     -0.35
MAR  2014       0.19     -1.61
APR  2014       2.91     +0.38
MAY  2014       0.74     -3.67
JUN  2014       9.65     +5.35
JUL  2014       2.19     -1.21
AUG  2014       5.87     +2.75
SEP  2014       3.03     +0.80

12-MONTH TOTAL  30.36    +3.70


...OTHER WEATHER ELEMENTS

HIGHEST WIND GUST: 41 MPH FROM THE NORTH-NORTHWEST ON THE 1ST
(OCCURRED AT 1009 PM CDT ALONG A THUNDERSTORM OUTFLOW BOUNDARY)

HIGHEST SURFACE SEA LEVEL PRESSURE: 30.52 ON THE 12TH
LOWEST SURFACE SEA LEVEL PRESSURE:  29.60 ON THE 9TH

&&

...SEPTEMBER 2014 NARRATIVE FOR CENTRAL NEBRASKA REGIONAL AIRPORT...

THE MOST NOTEWORTHY CLIMATE/WEATHER ASPECT OF THE MONTH WAS A BIG
SWING IN TEMPERATURE TRENDS FROM THE FIRST HALF OF THE MONTH
(COOLER) TO THE SECOND HALF OF THE MONTH (WARMER). PRECIPITATION-
WISE...ALTHOUGH IT WAS NOT NEARLY AS WET AS AUGUST WAS...SEPTEMBER
AGAIN FEATURED ABOVE NORMAL RAINFALL...MARKING THE FIRST TIME IN
NEARLY ONE YEAR (SEP-OCT 2013) THAT CONSECUTIVE MONTHS WERE ABOVE
NORMAL.

STARTING WITH A CLOSER LOOK AT MONTHLY RAINFALL...THE TOTAL OF 3.03
INCHES AT CENTRAL NEBRASKA REGIONAL AIRPORT WAS 0.80 INCHES ABOVE
THE 30-YEAR SEPTEMBER NORMAL OF 2.23 INCHES. IN OTHER WORDS...GRAND
ISLAND RECEIVED 136 PERCENT OF NORMAL SEPTEMBER RAINFALL. ALTHOUGH
THIS ONLY RANKED AS THE 32ND-WETTEST SEPTEMBER ON RECORD OUT OF 119
YEARS DATING TO 1896...IT WAS THE WETTEST SEPTEMBER IN EIGHT
YEARS...SINCE 4.75 INCHES FELL IN 2006. THE MAJORITY OF RAIN FOR THE
MONTH (2.06 INCHES) FELL DURING THE FIRST HALF...HIGHLIGHTED BY 1.40
INCHES ON THE 9TH.

TEMPERATURE-WISE...ALTHOUGH THE MONTH AS A WHOLE WENT DOWN IN THE
BOOKS AS BEING VERY AVERAGE/TYPICAL...IT TRULY WAS A TALE OF A
COOLER FIRST HALF AND A WARMER SECOND HALF. STARTING WITH THE NET
RESULT...THE AVERAGE MONTHLY TEMPERATURE (RESULTING FROM AVERAGING
BOTH THE HIGHS AND LOWS) WAS 64.6 DEGREES...ONLY 0.5 DEGREES BELOW
THE 30-YEAR NORMAL. HOWEVER...BREAKING DOWN THE MONTH INTO ROUGHLY
HALVES...THE FIRST 16 DAYS AVERAGED NOTABLY COOL...AND IN FACT TIED
WITH 1974 FOR THE 2ND-COOLEST OPENING 16 DAYS OF SEPTEMBER ON RECORD
OUT OF 119 YEARS WITH AN AVERAGE TEMPERATURE OF ONLY 61.4 DEGREES.
THE ONLY SEPTEMBER ON RECORD THAT STARTED COOLER WAS 1993 (61.3
DEGREES). NEEDLESS TO SAY...A NOTABLE REVERSAL IN TEMPERATURE TRENDS
TOOK PLACE DURING THE LATTER HALF OF THE MONTH...AS THE 14-DAY
STRETCH FROM THE 17TH-30TH WAS THE 6TH-WARMEST ON RECORD WITH AN
AVERAGE TEMPERATURE OF 68.3 DEGREES...AND WAS THE WARMEST SINCE
1998. FOR THE MONTH AS A WHOLE...15 DAYS FEATURED AN ABOVE NORMAL
AVERAGE TEMPERATURE...14 DAYS WERE BELOW NORMAL AND ONE DAY EQUALED
ITS DAILY NORMAL. BREAKING DOWN THE MONTH INTO WEEK-LONG
CHUNKS...THE OVERALL-WARMEST WEEK CAME AT THE VERY END OF THE MONTH
FROM THE 24TH-30TH...AS SIX OF THE SEVEN DAYS FEATURED HIGHS OF AT
LEAST 82 DEGREES AND LOWS NEVER DROPPED BELOW 54 DEGREES.
HOWEVER...THE OUTRIGHT-WARMEST HIGH AND LOW TEMPERATURES OF THE
MONTH ACTUALLY OCCURRED EARLIER ON...CONSISTING OF A HIGH OF 90 ON
THE 19TH AND A LOW OF 66 ON THE 3RD. IN STARK CONTRAST...THE OVERALL-
COOLEST WEEK OF THE MONTH WAS CENTERED FROM THE 10TH-16TH...DURING
WHICH NO DAYS EXCEEDED 72 DEGREES AND LOWS EACH NIGHT WERE EITHER IN
THE 30S OR 40S. BY FAR THE CHILLIEST TWO DAYS DURING THIS STRETCH
WERE THE 11TH-12TH WITH HIGHS OF ONLY 52 AND 55
DEGREES...RESPECTIVELY. THE 52-DEGREE HIGH ON THE 11TH EVEN SET A
NEW RECORD FOR THE DATE. AS FOR LOW TEMPERATURES...THE LOW POINT OF
THE MONTH WAS 36 DEGREES ON THE 13TH...WHICH BROUGHT AN UNUSUALLY
EARLY ROUND OF PATCHY FROST TO PARTS OF THE AREA. IN FACT...THIS
TIED WITH THE SAME DATE IN 1949 FOR THE 8TH-EARLIEST 36-DEGREE-OR-
COLDER FALL TEMPERATURE ON RECORD...AND MARKED THE EARLIEST 36-
DEGREE-OR-COLDER TEMPERATURE IN GRAND ISLAND SINCE IT REACHED 36 ON
9-12-1975.

THE MOST EXTREME DAY-TO-DAY CHANGE IN HIGH TEMPERATURES DURING THE
MONTH WAS 17 DEGREES...CONSISTING OF A NOTICEABLE COOL-DOWN FROM 83
DEGREES ON THE 4TH TO 66 DEGREES ON THE 5TH.

ALTHOUGH GRAND ISLAND EXPERIENCED SEVERAL THUNDERSTORMS DURING THE
MONTH...NWS HASTINGS RECEIVED NO REPORTS OF LARGE HAIL OR DAMAGING
WINDS FROM ANYWHERE WITHIN HALL COUNTY DURING SEP. 2014. THE HIGHEST
WIND GUST OF THE MONTH AT THE AIRPORT WAS ONLY 41 MPH FROM THE NORTH-
NORTHWEST...AND OCCURRED ALONG A THUNDERSTORM OUTFLOW BOUNDARY ON
THE EVENING OF THE 1ST.

$$

PFANNKUCH




U.S. Dept. of Commerce
NOAA National Weather Service
1325 East West Highway
Silver Spring, MD 20910
E-mail: w-nws.webmaster@noaa.gov
Page last modified: May 16, 2007
NATIONAL WEATHER SERVICE: for Safety, for Work, for Fun - FOR LIFE