899
CXUS55 KMSO 011355
CLMGPI


CLIMATE REPORT
NATIONAL WEATHER SERVICE MISSOULA, MT
755 AM MDT TUE JUL 1 2014

...................................

...THE KALISPELL MT CLIMATE SUMMARY FOR THE MONTH OF JUNE 2014...

CLIMATE NORMAL PERIOD 1981 TO 2010
CLIMATE RECORD PERIOD 1894 TO 2014

WEATHER         OBSERVED          NORMAL  DEPART  LAST YEAR`S
                 VALUE   DATE(S)  VALUE   FROM    VALUE
                                          NORMAL
.............................................................
TEMPERATURE (F)
RECORD
 HIGH              96   06/22/1955
 LOW               26   06/07/1999
HIGHEST            82   06/23        MM      MM       90
                        06/22
LOWEST             35   06/07        MM      MM       36
AVG. MAXIMUM     69.4              72.0    -2.6     73.0
AVG. MINIMUM     43.1              44.5    -1.4     45.3
MEAN             56.2              58.3    -2.1
DAYS MAX >= 90      0               0.4    -0.4        1
DAYS MAX <= 32      0               0.0     0.0        0
DAYS MIN <= 32      0               0.5    -0.5        0
DAYS MIN <= 0       0               0.0     0.0        0

PRECIPITATION (INCHES)
RECORD
 MAXIMUM         6.20   2012
 MINIMUM         0.40   1910
TOTALS           5.24              2.56    2.68
DAILY AVG.       0.17              0.09    0.08     0.09
DAYS >= .01        13              12.5     0.5       14
DAYS >= .10        10               6.6     3.4        7
DAYS >= .50         2               1.4     0.6        2
DAYS >= 1.00        2               0.3     1.7        0
GREATEST
 24 HR. TOTAL    1.74   06/16 TO 06/17              1.46
                        06/17 TO 06/17

SNOWFALL (INCHES)
TOTALS            0.0               0.3    -0.3      0.0
SINCE 7/1        71.7              55.7    16.0     18.9
DAYS >= TRACE       0               0.1    -0.1        0
DAYS >= 1.0         0               0.1    -0.1        0
GREATEST
 SNOW DEPTH         0   MM
 24 HR TOTAL      0.0   06/30 TO 06/30               0.0

DEGREE_DAYS
HEATING TOTAL     253               216      37
 SINCE 7/1       8198              8039     159
COOLING TOTAL       0                13     -13
 SINCE 1/1          0                16     -16
..............................................................

WIND (MPH)
AVERAGE WIND SPEED              5.0
HIGHEST WIND SPEED/DIRECTION    24/240    DATE  06/12
HIGHEST GUST SPEED/DIRECTION    34/270    DATE  06/29

SKY COVER
POSSIBLE SUNSHINE (PERCENT)   MM
AVERAGE SKY COVER           0.50
NUMBER OF DAYS FAIR           12
NUMBER OF DAYS PC             11
NUMBER OF DAYS CLOUDY          7

AVERAGE RH (PERCENT)     68

WEATHER CONDITIONS. NUMBER OF DAYS WITH
THUNDERSTORM              0     MIXED PRECIP               0
HEAVY RAIN                1     RAIN                       9
LIGHT RAIN               20     FREEZING RAIN              0
LT FREEZING RAIN          0     HAIL                       0
HEAVY SNOW                0     SNOW                       0
LIGHT SNOW                0     SLEET                      0
FOG                      17     FOG W/VIS <= 1/4 MILE      4
HAZE                      1

-  INDICATES NEGATIVE NUMBERS.
R  INDICATES RECORD WAS SET OR TIED.
MM INDICATES DATA IS MISSING.
T  INDICATES TRACE AMOUNT.

$$




U.S. Dept. of Commerce
NOAA National Weather Service
1325 East West Highway
Silver Spring, MD 20910
E-mail: w-nws.webmaster@noaa.gov
Page last modified: May 16, 2007
NATIONAL WEATHER SERVICE: for Safety, for Work, for Fun - FOR LIFE