094
CXUS55 KMSO 020807
CLMGPI


CLIMATE REPORT
NATIONAL WEATHER SERVICE MISSOULA, MT
107 AM MST TUE DEC 2 2014

...................................

...THE KALISPELL MT CLIMATE SUMMARY FOR THE MONTH OF NOVEMBER 2014...

CLIMATE NORMAL PERIOD 1981 TO 2010
CLIMATE RECORD PERIOD 1894 TO 2014

WEATHER         OBSERVED          NORMAL  DEPART  LAST YEAR`S
                 VALUE   DATE(S)  VALUE   FROM    VALUE
                                          NORMAL
.............................................................
TEMPERATURE (F)
RECORD
 HIGH              69   11/12/1999
 LOW              -28   11/16/1959
HIGHEST            59   11/06        MM      MM       52
LOWEST             -7   11/30        MM      MM        6
AVG. MAXIMUM     36.9              39.6    -2.7     38.4
AVG. MINIMUM     19.7              24.0    -4.3     23.7
MEAN             28.3              31.8    -3.5
DAYS MAX >= 90      0               0.0     0.0        0
DAYS MAX <= 32     12               5.2     6.8        6
DAYS MIN <= 32     24              24.6    -0.6       25
DAYS MIN <= 0       5               0.7     4.3        0

PRECIPITATION (INCHES)
RECORD
 MAXIMUM         4.44   1959
 MINIMUM         0.17   1929
TOTALS           2.54              1.43    1.11
DAILY AVG.       0.08              0.05    0.03     0.08
DAYS >= .01        15              13.0     2.0       17
DAYS >= .10         7               4.9     2.1        7
DAYS >= .50         1               0.3     0.7        1
DAYS >= 1.00        0               0.0     0.0        0
GREATEST
 24 HR. TOTAL    0.63   11/09 TO 11/09              0.79
                        11/08 TO 11/09
                        11/09 TO 11/09

SNOWFALL (INCHES)
TOTALS           10.3               9.3     1.0     11.3
SINCE 7/1        10.3              10.4    -0.1     11.3
DAYS >= TRACE       9               7.4     1.6       11
DAYS >= 1.0         3               3.0     0.0        4
GREATEST
 SNOW DEPTH         5   11/30
 24 HR TOTAL      5.0   11/29 TO 11/29               3.0

DEGREE_DAYS
HEATING TOTAL    1094               996      98
 SINCE 7/1       1998              2204    -206
COOLING TOTAL       0                 0       0
 SINCE 1/1        217               147      70
..............................................................

WIND (MPH)
AVERAGE WIND SPEED              5.7
HIGHEST WIND SPEED/DIRECTION    40/030    DATE  11/29
HIGHEST GUST SPEED/DIRECTION    51/030    DATE  11/29

SKY COVER
POSSIBLE SUNSHINE (PERCENT)   MM
AVERAGE SKY COVER           0.60
NUMBER OF DAYS FAIR            8
NUMBER OF DAYS PC              5
NUMBER OF DAYS CLOUDY         17

AVERAGE RH (PERCENT)     79

WEATHER CONDITIONS. NUMBER OF DAYS WITH
THUNDERSTORM              0     MIXED PRECIP               0
HEAVY RAIN                0     RAIN                       2
LIGHT RAIN               14     FREEZING RAIN              0
LT FREEZING RAIN          0     HAIL                       0
HEAVY SNOW                0     SNOW                       3
LIGHT SNOW                8     SLEET                      0
FOG                      18     FOG W/VIS <= 1/4 MILE      5
HAZE                      3

-  INDICATES NEGATIVE NUMBERS.
R  INDICATES RECORD WAS SET OR TIED.
MM INDICATES DATA IS MISSING.
T  INDICATES TRACE AMOUNT.

$$




U.S. Dept. of Commerce
NOAA National Weather Service
1325 East West Highway
Silver Spring, MD 20910
E-mail: w-nws.webmaster@noaa.gov
Page last modified: May 16, 2007
NATIONAL WEATHER SERVICE: for Safety, for Work, for Fun - FOR LIFE