633
CXUS55 KMSO 011336
CLMGPI


CLIMATE REPORT
NATIONAL WEATHER SERVICE MISSOULA, MT
736 AM MDT WED OCT 1 2014

...................................

...THE KALISPELL MT CLIMATE SUMMARY FOR THE MONTH OF SEPTEMBER 2014...

CLIMATE NORMAL PERIOD 1981 TO 2010
CLIMATE RECORD PERIOD 1894 TO 2014

WEATHER         OBSERVED          NORMAL  DEPART  LAST YEAR`S
                 VALUE   DATE(S)  VALUE   FROM    VALUE
                                          NORMAL
.............................................................
TEMPERATURE (F)
RECORD
 HIGH              99   09/01/1967
 LOW                7   09/24/1926
HIGHEST            89   09/24        MM      MM       91
LOWEST             23   09/12        MM      MM       27
AVG. MAXIMUM     71.1              69.9     1.2     71.5
AVG. MINIMUM     39.2              38.4     0.8     44.5
MEAN             55.1              54.2     0.9
DAYS MAX >= 90      0               0.5    -0.5        2
DAYS MAX <= 32      0               0.0     0.0        0
DAYS MIN <= 32      3               4.7    -1.7        2
DAYS MIN <= 0       0               0.0     0.0        0

PRECIPITATION (INCHES)
RECORD
 MAXIMUM         3.97   1985
 MINIMUM         0.01   1990
TOTALS           1.14              1.38   -0.24
DAILY AVG.       0.04              0.05   -0.01     0.08
DAYS >= .01         7               8.2    -1.2       12
DAYS >= .10         3               4.2    -1.2        6
DAYS >= .50         0               0.6    -0.6        1
DAYS >= 1.00        0               0.1    -0.1        0
GREATEST
 24 HR. TOTAL    0.44   09/03 TO 09/03              1.11
                        09/02 TO 09/03
                        09/03 TO 09/03

SNOWFALL (INCHES)
TOTALS            0.0                 T     0.0      0.0
SINCE 7/1         0.0                 T     0.0      0.0
DAYS >= TRACE       0               0.0     0.0        0
DAYS >= 1.0         0               0.0     0.0        0
GREATEST
 SNOW DEPTH         0   MM
 24 HR TOTAL      0.0   09/30 TO 09/30               0.0

DEGREE_DAYS
HEATING TOTAL     288               330     -42
 SINCE 7/1        365               500    -135
COOLING TOTAL       2                 4      -2
 SINCE 1/1        217               147      70
..............................................................

WIND (MPH)
AVERAGE WIND SPEED              5.4
HIGHEST WIND SPEED/DIRECTION    37/030    DATE  09/08
HIGHEST GUST SPEED/DIRECTION    47/020    DATE  09/08

SKY COVER
POSSIBLE SUNSHINE (PERCENT)   MM
AVERAGE SKY COVER           0.30
NUMBER OF DAYS FAIR           18
NUMBER OF DAYS PC              7
NUMBER OF DAYS CLOUDY          5

AVERAGE RH (PERCENT)     63

WEATHER CONDITIONS. NUMBER OF DAYS WITH
THUNDERSTORM              0     MIXED PRECIP               0
HEAVY RAIN                1     RAIN                       3
LIGHT RAIN               10     FREEZING RAIN              0
LT FREEZING RAIN          0     HAIL                       0
HEAVY SNOW                0     SNOW                       0
LIGHT SNOW                0     SLEET                      0
FOG                       8     FOG W/VIS <= 1/4 MILE      1
HAZE                      3

-  INDICATES NEGATIVE NUMBERS.
R  INDICATES RECORD WAS SET OR TIED.
MM INDICATES DATA IS MISSING.
T  INDICATES TRACE AMOUNT.

$$




U.S. Dept. of Commerce
NOAA National Weather Service
1325 East West Highway
Silver Spring, MD 20910
E-mail: w-nws.webmaster@noaa.gov
Page last modified: May 16, 2007
NATIONAL WEATHER SERVICE: for Safety, for Work, for Fun - FOR LIFE