654
CXUS52 KJAX 011242
CLMGNV

MIACLMGNV 000
TTAA00 KJAX 011235


CLIMATE REPORT
NATIONAL WEATHER SERVICE JACKSONVILLE FL
735 AM EST THU JAN 1 2015

...................................

...THE GAINESVILLE CLIMATE SUMMARY FOR THE YEAR OF 2014...

CLIMATE NORMAL PERIOD 1981 TO 2010
CLIMATE RECORD PERIOD 1890 TO 2014

WEATHER         OBSERVED          NORMAL  DEPART  LAST YEAR`S
                 VALUE   DATE(S)  VALUE   FROM    VALUE  DATE(S)
                                          NORMAL
................................................................
TEMPERATURE (F)
RECORD
 HIGH             104   06/27/1952
 LOW                6   02/13/1899
HIGHEST            97   08/23        80      17       96  08/12
                        08/22
LOWEST             24   11/20        57     -33       24  02/18
AVG. MAXIMUM     79.5              80.0    -0.5     81.4
AVG. MINIMUM     57.0              57.8    -0.8     58.8
MEAN             68.2              68.9    -0.7     70.1
DAYS MAX >= 90     84              72.7    11.3       90
DAYS MAX <= 32      0               0.1    -0.1        0
DAYS MIN <= 32     17              14.4     2.6       11
DAYS MIN <= 0       0               0.0     0.0        0

PRECIPITATION (INCHES)
RECORD
 MAXIMUM        73.30   1953
 MINIMUM        32.79   1917
TOTALS          51.74             47.41    4.33    47.08
DAILY AVG.       0.14              0.13    0.01     0.13
DAYS >= .01       116             114.4     1.6      110
DAYS >= .10        88              73.9    14.1       77
DAYS >= .50        36              30.7     5.3       28
DAYS >= 1.00       19              13.5     5.5       18
GREATEST
 24 HR. TOTAL    2.64   MM                       12/31 TO 12/31
                                                          12/31 TO 12/31
                                                          12/31 TO 12/31
 STORM TOTAL       MM                                 MM
 (MM/DD(HH))            MM                    12/31(00) TO 12/31(00)
                                                 12/31(00) TO 12/31(00)1
                                                 12/31(00) TO 12/31(00)1

SNOWFALL (INCHES)
RECORDS
 TOTAL             MM   MM
 24 HR TOTAL       MM
 SNOW DEPTH        MM   MM
TOTALS            0.0               0.0     0.0      0.0
 LIQUID EQUIV    0.00              0.00    0.00     0.00
SINCE 7/1         0.0               0.0     0.0      0.0
 LIQUID 7/1      0.00              0.00    0.00     0.00
SNOWDEPTH AVG.      0                MM      MM        0
DAYS >= TRACE       0               0.0     0.0        0
DAYS >= 1.0         0               0.0     0.0        0
GREATEST
 SNOW DEPTH         0   MM                             0  MM
 24 HR TOTAL      0.0   MM                       12/31 TO 12/31
                                                          12/31 TO 12/31
                                                          12/31 TO 12/31
 STORM TOTAL       MM                                 MM
 (MM/DD(HH))            MM                    12/31(00) TO 12/31(00)
                                                 12/31(00) TO 12/31(00)1
                                                 12/31(00) TO 12/31(00)1

DEGREE_DAYS
HEATING TOTAL    1312              1218      94      913
 SINCE 7/1        479               457      22      265
COOLING TOTAL    2599              2639     -40     2880
 SINCE 1/1       2599              2638     -39     2880

FREEZE DATES
RECORD
 EARLIEST     10/29/2008
 LATEST       04/17/1962
EARLIEST                        12/04
LATEST                          02/24
..................................................

WIND (MPH)
AVERAGE WIND SPEED              5.6
RESULTANT WIND SPEED/DIRECTION   1/317
HIGHEST WIND SPEED/DIRECTION    38/150    DATE  05/25
HIGHEST GUST SPEED/DIRECTION    49/280    DATE  11/17

AVERAGE RH (PERCENT)     74


-  INDICATES NEGATIVE NUMBERS.
R  INDICATES RECORD WAS SET OR TIED.
MM INDICATES DATA IS MISSING.
T  INDICATES TRACE AMOUNT.

$$







U.S. Dept. of Commerce
NOAA National Weather Service
1325 East West Highway
Silver Spring, MD 20910
E-mail: w-nws.webmaster@noaa.gov
Page last modified: May 16, 2007
NATIONAL WEATHER SERVICE: for Safety, for Work, for Fun - FOR LIFE