822
CXUS52 KJAX 011656
CLMGNV

CLIMATE REPORT
NATIONAL WEATHER SERVICE JACKSONVILLE FL
1219 PM EDT WED OCT 1 2014

...................................

...THE GAINESVILLE CLIMATE SUMMARY FOR THE MONTH OF SEPTEMBER 2014...

CLIMATE NORMAL PERIOD 1981 TO 2010
CLIMATE RECORD PERIOD 1890 TO 2014

WEATHER         OBSERVED          NORMAL  DEPART  LAST YEAR`S
                 VALUE   DATE(S)  VALUE   FROM    VALUE  DATE(S)
                                          NORMAL
................................................................
TEMPERATURE (F)
RECORD
 HIGH              99   09/21/1925
                        09/02/1907
 LOW               48   09/30/1967
                        09/22/1897
HIGHEST            93   09/01        87       6       94  09/15
                                                          09/06
                                                          09/04
LOWEST             64   09/25        68      -4       65  09/20
AVG. MAXIMUM     86.5              87.4    -0.9     89.0
AVG. MINIMUM     70.1              69.0     1.1     69.7
MEAN             78.3              78.2     0.1     79.3
DAYS MAX >= 90     11               8.0     3.0       18
DAYS MAX <= 32      0               0.0     0.0        0
DAYS MIN <= 32      0               0.0     0.0        0
DAYS MIN <= 0       0               0.0     0.0        0

PRECIPITATION (INCHES)
RECORD
 MAXIMUM        19.91   1894
 MINIMUM         0.25   1978
TOTALS           7.28              4.42    2.86     3.20
DAILY AVG.       0.24              0.15    0.09     0.11
DAYS >= .01        16              11.6     4.4       11
DAYS >= .10        13               6.9     6.1        7
DAYS >= .50         6               2.6     3.4        1
DAYS >= 1.00        2               1.2     0.8        1
GREATEST
 24 HR. TOTAL    1.32

SNOWFALL (INCHES)
RECORDS
 TOTAL             MM   MM
TOTALS            0.0               0.0     0.0      0.0
SINCE 7/1         0.0               0.0     0.0      0.0
SNOWDEPTH AVG.      0                MM      MM        0
DAYS >= 1.0         0               0.0     0.0        0
GREATEST
 SNOW DEPTH         0   MM                             0  MM
 24 HR TOTAL      0.0

DEGREE_DAYS
HEATING TOTAL       0                 0       0        0
 SINCE 7/1          0                 0       0        0
COOLING TOTAL     407               396      11      439
 SINCE 1/1       2353              2340      13     2501
.................................................................

WIND (MPH)
AVERAGE WIND SPEED              4.4
HIGHEST WIND SPEED/DIRECTION    28/330    DATE  09/15
HIGHEST GUST SPEED/DIRECTION    36/320    DATE  09/15

SKY COVER
POSSIBLE SUNSHINE (PERCENT)   MM
AVERAGE SKY COVER           0.40
NUMBER OF DAYS FAIR           15
NUMBER OF DAYS PC              9
NUMBER OF DAYS CLOUDY          6

AVERAGE RH (PERCENT)     80

WEATHER CONDITIONS. NUMBER OF DAYS WITH
THUNDERSTORM              0     MIXED PRECIP               0
HEAVY RAIN               10     RAIN                      10
LIGHT RAIN               22     FREEZING RAIN              0
LT FREEZING RAIN          0     HAIL                       0
HEAVY SNOW                0     SNOW                       0
LIGHT SNOW                0     SLEET                      0
FOG                      21     FOG W/VIS <= 1/4 MILE      0
HAZE                      5

-  INDICATES NEGATIVE NUMBERS.
R  INDICATES RECORD WAS SET OR TIED.
MM INDICATES DATA IS MISSING.
T  INDICATES TRACE AMOUNT.

$$







U.S. Dept. of Commerce
NOAA National Weather Service
1325 East West Highway
Silver Spring, MD 20910
E-mail: w-nws.webmaster@noaa.gov
Page last modified: May 16, 2007
NATIONAL WEATHER SERVICE: for Safety, for Work, for Fun - FOR LIFE