534
CXUS52 KJAX 011156
CLMGNV

CLIMATE REPORT
NATIONAL WEATHER SERVICE JACKSONVILLE FL
647 AM EST MON DEC 1 2014

...................................

...THE GAINESVILLE CLIMATE SUMMARY FOR THE MONTH OF NOVEMBER 2014...

CLIMATE NORMAL PERIOD 1981 TO 2010
CLIMATE RECORD PERIOD 1890 TO 2014

WEATHER         OBSERVED          NORMAL  DEPART  LAST YEAR`S
                 VALUE   DATE(S)  VALUE   FROM    VALUE  DATE(S)
                                          NORMAL
................................................................
TEMPERATURE (F)
RECORD
 HIGH              90   11/04/1936
                        11/05/1935
 LOW               20   11/25/1970
HIGHEST            83   11/24        74       9       86  11/01
LOWEST             24   11/20        51     -27       29  11/28
AVG. MAXIMUM     70.5              74.4    -3.9     75.3
AVG. MINIMUM     44.6              51.1    -6.5     54.4
MEAN             57.6              62.8    -5.2     64.9
DAYS MAX >= 90      0               0.0     0.0        0
DAYS MAX <= 32      0               0.0     0.0        0
DAYS MIN <= 32      3               0.7     2.3        1
DAYS MIN <= 0       0               0.0     0.0        0

PRECIPITATION (INCHES)
RECORD
 MAXIMUM         7.27   1972
 MINIMUM            T   1978
TOTALS           2.47              2.06    0.41     3.31
DAILY AVG.       0.08              0.07    0.01     0.11
DAYS >= .01         7               6.1     0.9        6
DAYS >= .10         4               3.4     0.6        4
DAYS >= .50         1               1.4    -0.4        2
DAYS >= 1.00        1               0.7     0.3        2
GREATEST
 24 HR. TOTAL    1.68

SNOWFALL (INCHES)
RECORDS
 TOTAL              T   1911
TOTALS            0.0               0.0     0.0      0.0
SINCE 7/1         0.0               0.0     0.0      0.0
SNOWDEPTH AVG.      0                MM      MM        0
DAYS >= 1.0         0               0.0     0.0        0
GREATEST
 SNOW DEPTH         0   MM                             0  MM
 24 HR TOTAL      0.0

DEGREE_DAYS
HEATING TOTAL     247               134     113       78
 SINCE 7/1        265               161     104       93
COOLING TOTAL      32                66     -34       84
 SINCE 1/1       2563              2616     -53     2825
.................................................................

WIND (MPH)
AVERAGE WIND SPEED              5.8
HIGHEST WIND SPEED/DIRECTION    36/270    DATE  11/17
HIGHEST GUST SPEED/DIRECTION    49/280    DATE  11/17

SKY COVER
POSSIBLE SUNSHINE (PERCENT)   MM
AVERAGE SKY COVER           0.30
NUMBER OF DAYS FAIR           20
NUMBER OF DAYS PC              7
NUMBER OF DAYS CLOUDY          3

AVERAGE RH (PERCENT)     72

WEATHER CONDITIONS. NUMBER OF DAYS WITH
THUNDERSTORM              0     MIXED PRECIP               0
HEAVY RAIN                2     RAIN                       4
LIGHT RAIN                8     FREEZING RAIN              0
LT FREEZING RAIN          0     HAIL                       0
HEAVY SNOW                0     SNOW                       0
LIGHT SNOW                0     SLEET                      0
FOG                      11     FOG W/VIS <= 1/4 MILE      2
HAZE                      0

-  INDICATES NEGATIVE NUMBERS.
R  INDICATES RECORD WAS SET OR TIED.
MM INDICATES DATA IS MISSING.
T  INDICATES TRACE AMOUNT.

$$







U.S. Dept. of Commerce
NOAA National Weather Service
1325 East West Highway
Silver Spring, MD 20910
E-mail: w-nws.webmaster@noaa.gov
Page last modified: May 16, 2007
NATIONAL WEATHER SERVICE: for Safety, for Work, for Fun - FOR LIFE