621
CXUS52 KJAX 012111
CLMGNV

CLIMATE REPORT
NATIONAL WEATHER SERVICE JACKSONVILLE FL
509 PM EDT MON SEP 1 2014

...................................

...THE GAINESVILLE CLIMATE SUMMARY FOR THE MONTH OF JULY 2014...

CLIMATE NORMAL PERIOD 1981 TO 2010
CLIMATE RECORD PERIOD 1890 TO 2014

WEATHER         OBSERVED          NORMAL  DEPART  LAST YEAR`S
                 VALUE   DATE(S)  VALUE   FROM    VALUE  DATE(S)
                                          NORMAL
................................................................
TEMPERATURE (F)
RECORD
 HIGH             102   07/21/1942
 LOW               60   07/15/1897
HIGHEST            93   07/29        91       2       95  07/26
                        07/28
                        07/24
LOWEST             66   07/31        71      -5       71  07/29
                        07/30                             07/15
                                                          07/10
AVG. MAXIMUM     90.5              90.9    -0.4     89.4
AVG. MINIMUM     70.8              71.5    -0.7     72.5
MEAN             80.6              81.2    -0.6     81.0
DAYS MAX >= 90     23              20.5     2.5       17
DAYS MAX <= 32      0               0.0     0.0        0
DAYS MIN <= 32      0               0.0     0.0        0
DAYS MIN <= 0       0               0.0     0.0        0

PRECIPITATION (INCHES)
RECORD
 MAXIMUM        16.65   2013
 MINIMUM         1.44   1977
TOTALS           6.79              6.07    0.72    16.65
DAILY AVG.       0.22              0.20    0.02     0.54
DAYS >= .01        13              15.4    -2.4       17
DAYS >= .10         9              10.2    -1.2       17
DAYS >= .50         4               4.0     0.0       10
DAYS >= 1.00        4               1.6     2.4        8
GREATEST
 24 HR. TOTAL    1.99

SNOWFALL (INCHES)
RECORDS
 TOTAL             MM   MM
TOTALS            0.0               0.0     0.0      0.0
SINCE 7/1         0.0               0.0     0.0      0.0
SNOWDEPTH AVG.      0                MM      MM        0
DAYS >= 1.0         0               0.0     0.0        0
GREATEST
 SNOW DEPTH         0   MM                             0  MM
 24 HR TOTAL      0.0

DEGREE_DAYS
HEATING TOTAL       0                 0       0        0
 SINCE 7/1          0                 0       0        0
COOLING TOTAL     492               502     -10      499
 SINCE 1/1       1421              1451     -30     1519
.................................................................

WIND (MPH)
AVERAGE WIND SPEED              6.0
HIGHEST WIND SPEED/DIRECTION    33/270    DATE  07/22
HIGHEST GUST SPEED/DIRECTION    42/270    DATE  07/22

SKY COVER
POSSIBLE SUNSHINE (PERCENT)   MM
AVERAGE SKY COVER           0.20
NUMBER OF DAYS FAIR           27
NUMBER OF DAYS PC              4
NUMBER OF DAYS CLOUDY          0

AVERAGE RH (PERCENT)     77

WEATHER CONDITIONS. NUMBER OF DAYS WITH
THUNDERSTORM              0     MIXED PRECIP               0
HEAVY RAIN                9     RAIN                      10
LIGHT RAIN               17     FREEZING RAIN              0
LT FREEZING RAIN          0     HAIL                       0
HEAVY SNOW                0     SNOW                       0
LIGHT SNOW                0     SLEET                      0
FOG                      20     FOG W/VIS <= 1/4 MILE      5
HAZE                      1

-  INDICATES NEGATIVE NUMBERS.
R  INDICATES RECORD WAS SET OR TIED.
MM INDICATES DATA IS MISSING.
T  INDICATES TRACE AMOUNT.

$$







U.S. Dept. of Commerce
NOAA National Weather Service
1325 East West Highway
Silver Spring, MD 20910
E-mail: w-nws.webmaster@noaa.gov
Page last modified: May 16, 2007
NATIONAL WEATHER SERVICE: for Safety, for Work, for Fun - FOR LIFE