821
CXUS54 KHGX 011858
CLMGLS

CLIMATE REPORT
NATIONAL WEATHER SERVICE HOUSTON/GALVESTON TX
124 PM CDT FRI AUG 1 2014

...................................

...THE GALVESTON CLIMATE SUMMARY FOR THE MONTH OF JULY 2014...

CLIMATE NORMAL PERIOD 1981 TO 2010
CLIMATE RECORD PERIOD 1875 TO 2014

WEATHER         OBSERVED          NORMAL  DEPART  LAST YEAR`S
                 VALUE   DATE(S)  VALUE   FROM    VALUE  DATE(S)
                                          NORMAL
................................................................
TEMPERATURE (F)

RECORD
 HIGH             101   07/16/1932
 LOW               66   07/19/1910

HIGHEST            94   07/29        MM      MM       94  07/13
LOWEST             75   07/19        MM      MM       74  07/21

AVG. MAXIMUM     90.2              89.6     0.6     90.4
AVG. MINIMUM     79.3              79.4    -0.1     79.8
MEAN             84.8              84.5     0.3     85.1

DAYS MAX >= 90     22              13.2     8.8       24
DAYS MAX <= 32      0               0.0     0.0        0
DAYS MIN <= 32      0               0.0     0.0        0
DAYS MIN <= 0       0               0.0     0.0        0

PRECIPITATION (INCHES)

RECORD
 MAXIMUM        18.74   1900
 MINIMUM            T   1962
                        1924

TOTALS           1.08              3.80   -2.72     2.40
DAILY AVG.       0.03              0.12   -0.09     0.08

DAYS >= .01         7                MM      MM        7
DAYS >= .10         2                MM      MM        5
DAYS >= .50         1                MM      MM        2
DAYS >= 1.00        0                MM      MM        0

DEGREE_DAYS
HEATING TOTAL       0                 0       0        0
 SINCE 7/1          0                 0       0        0
COOLING TOTAL     620               604      16      629
 SINCE 1/1       1686              1774     -88     1774
.................................................................

WIND (MPH)
AVERAGE WIND SPEED              8.7
HIGHEST WIND SPEED/DIRECTION    30/230    DATE  07/18
HIGHEST GUST SPEED/DIRECTION    40/230    DATE  07/18

SKY COVER
AVERAGE SKY COVER           0.20

AVERAGE RH (PERCENT)     75

WEATHER CONDITIONS. NUMBER OF DAYS WITH
THUNDERSTORM              0     MIXED PRECIP               0
HEAVY RAIN                1     RAIN                       3
LIGHT RAIN               12     FREEZING RAIN              0
LT FREEZING RAIN          0     HAIL                       0
HEAVY SNOW                0     SNOW                       0
LIGHT SNOW                0     SLEET                      0
FOG                       6     FOG W/VIS <= 1/4 MILE      0
HAZE                      4

-  INDICATES NEGATIVE NUMBERS.
R  INDICATES RECORD WAS SET OR TIED.
MM INDICATES DATA IS MISSING.
T  INDICATES TRACE AMOUNT.

$$




U.S. Dept. of Commerce
NOAA National Weather Service
1325 East West Highway
Silver Spring, MD 20910
E-mail: w-nws.webmaster@noaa.gov
Page last modified: May 16, 2007
NATIONAL WEATHER SERVICE: for Safety, for Work, for Fun - FOR LIFE