030
CXUS54 KHGX 011727
CLMGLS

CLIMATE REPORT
NATIONAL WEATHER SERVICE HOUSTON/GALVESTON TX
1227 PM CDT WED OCT 1 2014

...................................

...THE GALVESTON CLIMATE SUMMARY FOR THE MONTH OF SEPTEMBER 2014...

CLIMATE NORMAL PERIOD 1981 TO 2010
CLIMATE RECORD PERIOD 1875 TO 2014

WEATHER         OBSERVED          NORMAL  DEPART  LAST YEAR`S
                 VALUE   DATE(S)  VALUE   FROM    VALUE  DATE(S)
                                          NORMAL
................................................................
TEMPERATURE (F)
RECORD
 HIGH             104   09/05/2000
 LOW               52   09/27/1942
HIGHEST            92   09/04        MM      MM       92  09/25
LOWEST             68   09/14        MM      MM       71  09/22
AVG. MAXIMUM     86.2              87.4    -1.2     87.9
AVG. MINIMUM     76.9              75.9     1.0     77.7
MEAN             81.6              81.6     0.0     82.8
DAYS MAX >= 90      8               7.7     0.3        9
DAYS MAX <= 32      0               0.0     0.0        0
DAYS MIN <= 32      0               0.0     0.0        0
DAYS MIN <= 0       0               0.0     0.0        0

PRECIPITATION (INCHES)
RECORD
 MAXIMUM        26.01   1885
 MINIMUM         0.04   1924
TOTALS           6.11              6.03    0.08     5.06
DAILY AVG.       0.20              0.20    0.00     0.17
DAYS >= .01        12                MM      MM       11
DAYS >= .10         8                MM      MM        8
DAYS >= .50         6                MM      MM        2
DAYS >= 1.00        1                MM      MM        1

DEGREE_DAYS
HEATING TOTAL       0                 0       0        0
 SINCE 7/1          0                 0       0        0
COOLING TOTAL     505               499       6      542
 SINCE 1/1       2832              2893     -61     2936
.................................................................

WIND (MPH)
AVERAGE WIND SPEED              9.7
HIGHEST WIND SPEED/DIRECTION    28/140    DATE  09/25
HIGHEST GUST SPEED/DIRECTION    37/050    DATE  09/22

SKY COVER
AVERAGE SKY COVER           0.30

AVERAGE RH (PERCENT)     80

WEATHER CONDITIONS. NUMBER OF DAYS WITH
THUNDERSTORM              0     MIXED PRECIP               0
HEAVY RAIN                7     RAIN                       9
LIGHT RAIN               13     FREEZING RAIN              0
LT FREEZING RAIN          0     HAIL                       0
HEAVY SNOW                0     SNOW                       0
LIGHT SNOW                0     SLEET                      0
FOG                      10     FOG W/VIS <= 1/4 MILE      0
HAZE                      2

-  INDICATES NEGATIVE NUMBERS.
R  INDICATES RECORD WAS SET OR TIED.
MM INDICATES DATA IS MISSING.
T  INDICATES TRACE AMOUNT.

$$




U.S. Dept. of Commerce
NOAA National Weather Service
1325 East West Highway
Silver Spring, MD 20910
E-mail: w-nws.webmaster@noaa.gov
Page last modified: May 16, 2007
NATIONAL WEATHER SERVICE: for Safety, for Work, for Fun - FOR LIFE