964
CXUS54 KJAN 012125
CLMGLH


CLIMATE REPORT
NATIONAL WEATHER SERVICE JACKSON MS
421 PM CDT TUE APR 1 2014

...................................

...THE GREENVILLE CLIMATE SUMMARY FOR THE MONTH OF MARCH 2014...

CLIMATE NORMAL PERIOD 1981 TO 2010
CLIMATE RECORD PERIOD 1920 TO 2014

WEATHER         OBSERVED          NORMAL  DEPART  LAST YEAR`S
                 VALUE   DATE(S)  VALUE   FROM    VALUE  DATE(S)
                                          NORMAL
................................................................
TEMPERATURE (F)
HIGHEST            79   03/28        MM      MM       76  03/17
                                                          03/16
                                                          03/15
LOWEST             22   03/04        MM      MM       21  03/03
                        03/03
AVG. MAXIMUM     62.9              65.3    -2.4     60.1
AVG. MINIMUM     39.0              44.1    -5.1     39.0
MEAN             50.9              54.7    -3.8     49.5
DAYS MAX >= 90      0               0.0     0.0        0
DAYS MAX <= 32      1               0.0     1.0        0
DAYS MIN <= 32      6               2.2     3.8       11
DAYS MIN <= 0       0               0.0     0.0        0

PRECIPITATION (INCHES)
RECORD
 MAXIMUM        15.83   1973
 MINIMUM         0.31   2007
TOTALS           5.51              4.55    0.96     4.75
DAILY AVG.       0.18              0.15    0.03     0.15
DAYS >= .01        11                MM      MM        7
DAYS >= .10         8                MM      MM        6
DAYS >= .50         3                MM      MM        3
DAYS >= 1.00        1                MM      MM        1
GREATEST
 24 HR. TOTAL    2.71   03/28 TO 03/28              2.13

SNOWFALL (INCHES)
TOTALS              M

DEGREE_DAYS
HEATING TOTAL     434               336      98      475
 SINCE 7/1       3041              2645     396     2478
COOLING TOTAL       5                17     -12        2
 SINCE 1/1          5                22     -17       12
.................................................................

WIND (MPH)
AVERAGE WIND SPEED              9.4
HIGHEST WIND SPEED/DIRECTION    35/190    DATE  03/27
HIGHEST GUST SPEED/DIRECTION    43/330    DATE  03/12

SKY COVER
POSSIBLE SUNSHINE (PERCENT)   MM
AVERAGE SKY COVER           0.50
NUMBER OF DAYS FAIR           14
NUMBER OF DAYS PC              9
NUMBER OF DAYS CLOUDY          8

AVERAGE RH (PERCENT)     69

WEATHER CONDITIONS. NUMBER OF DAYS WITH
THUNDERSTORM              7     MIXED PRECIP               0
HEAVY RAIN                5     RAIN                       6
LIGHT RAIN               13     FREEZING RAIN              0
LT FREEZING RAIN          1     HAIL                       0
HEAVY SNOW                0     SNOW                       0
LIGHT SNOW                1     SLEET                      0
FOG                      21     FOG W/VIS <= 1/4 MILE      5
HAZE                     14

-  INDICATES NEGATIVE NUMBERS.
R  INDICATES RECORD WAS SET OR TIED.
MM INDICATES DATA IS MISSING.
T  INDICATES TRACE AMOUNT.

$$






U.S. Dept. of Commerce
NOAA National Weather Service
1325 East West Highway
Silver Spring, MD 20910
E-mail: w-nws.webmaster@noaa.gov
Page last modified: May 16, 2007
NATIONAL WEATHER SERVICE: for Safety, for Work, for Fun - FOR LIFE