655
CXUS54 KJAN 030303
CLMGLH


CLIMATE REPORT
NATIONAL WEATHER SERVICE JACKSON MS
955 PM CDT SAT AUG 2 2014

...................................

...THE GREENVILLE CLIMATE SUMMARY FOR THE MONTH OF JULY 2014...

CLIMATE NORMAL PERIOD 1981 TO 2010
CLIMATE RECORD PERIOD 1920 TO 2014

WEATHER         OBSERVED          NORMAL  DEPART  LAST YEAR`S
                 VALUE   DATE(S)  VALUE   FROM    VALUE  DATE(S)
                                          NORMAL
................................................................
TEMPERATURE (F)
RECORD
 HIGH             110   07/29/1930
 LOW               53   07/23/1947
HIGHEST            95   07/27        MM      MM       97  07/11
LOWEST             60   07/16        MM      MM       62  07/04
                        07/05                             07/03
                                                          07/02
AVG. MAXIMUM     87.5              92.0    -4.5     90.7
AVG. MINIMUM     68.0              72.0    -4.0     69.6
MEAN             77.8              82.0    -4.2     80.1
DAYS MAX >= 90     15              21.7    -6.7       22
DAYS MAX <= 32      0               0.0     0.0        0
DAYS MIN <= 32      0               0.0     0.0        0
DAYS MIN <= 0       0               0.0     0.0        0

PRECIPITATION (INCHES)
RECORD
 MAXIMUM        11.12   1989
 MINIMUM         0.00   1930
TOTALS           5.32              3.80    1.52     1.99
DAILY AVG.       0.17              0.12    0.05     0.06
DAYS >= .01         7                MM      MM        7
DAYS >= .10         3                MM      MM        6
DAYS >= .50         2                MM      MM        1
DAYS >= 1.00        1                MM      MM        0
GREATEST
 24 HR. TOTAL    4.37   07/17 TO 07/18              0.64

SNOWFALL (INCHES)
TOTALS            0.0

DEGREE_DAYS
HEATING TOTAL       0                 0       0        0
 SINCE 7/1          0                 0       0        0
COOLING TOTAL     402               527    -125      477
 SINCE 1/1       1179              1269     -90     1219
.................................................................

WIND (MPH)
AVERAGE WIND SPEED              4.6
HIGHEST WIND SPEED/DIRECTION    35/340    DATE  07/02
HIGHEST GUST SPEED/DIRECTION    45/350    DATE  07/02

SKY COVER
POSSIBLE SUNSHINE (PERCENT)   MM
AVERAGE SKY COVER           0.20
NUMBER OF DAYS FAIR           24
NUMBER OF DAYS PC              4
NUMBER OF DAYS CLOUDY          3

AVERAGE RH (PERCENT)     75

WEATHER CONDITIONS. NUMBER OF DAYS WITH
THUNDERSTORM              4     MIXED PRECIP               0
HEAVY RAIN                1     RAIN                       3
LIGHT RAIN                9     FREEZING RAIN              0
LT FREEZING RAIN          0     HAIL                       0
HEAVY SNOW                0     SNOW                       0
LIGHT SNOW                0     SLEET                      0
FOG                      17     FOG W/VIS <= 1/4 MILE      2
HAZE                      1

-  INDICATES NEGATIVE NUMBERS.
R  INDICATES RECORD WAS SET OR TIED.
MM INDICATES DATA IS MISSING.
T  INDICATES TRACE AMOUNT.

$$





U.S. Dept. of Commerce
NOAA National Weather Service
1325 East West Highway
Silver Spring, MD 20910
E-mail: w-nws.webmaster@noaa.gov
Page last modified: May 16, 2007
NATIONAL WEATHER SERVICE: for Safety, for Work, for Fun - FOR LIFE