670
CXUS54 KJAN 012249
CLMGLH


CLIMATE REPORT
NATIONAL WEATHER SERVICE JACKSON MS
448 PM CST MON DEC 1 2014

...................................

...THE GREENVILLE CLIMATE SUMMARY FOR THE MONTH OF NOVEMBER 2014...

CLIMATE NORMAL PERIOD 1981 TO 2010
CLIMATE RECORD PERIOD 1920 TO 2014

WEATHER         OBSERVED          NORMAL  DEPART  LAST YEAR`S
                 VALUE   DATE(S)  VALUE   FROM    VALUE  DATE(S)
                                          NORMAL
................................................................
TEMPERATURE (F)
RECORD
 HIGH              88   11/02/1971
 LOW               16   11/25/1950
HIGHEST            79   11/04        MM      MM       80  11/17
LOWEST             22   11/18        MM      MM       24  11/29
                                                          11/28
                                                          11/14
AVG. MAXIMUM     60.1              64.7    -4.6     60.3
AVG. MINIMUM     38.1              42.9    -4.8     40.2
MEAN             49.1              53.8    -4.7     50.3
DAYS MAX >= 90      0               0.0     0.0        0
DAYS MAX <= 32      0               0.0     0.0        0
DAYS MIN <= 32     11               2.9     8.1        7
DAYS MIN <= 0       0               0.0     0.0        0

PRECIPITATION (INCHES)
RECORD
 MAXIMUM        19.56   1986
 MINIMUM         0.29   1949
TOTALS           2.39              5.06   -2.67     3.53
DAILY AVG.       0.08              0.17   -0.09     0.12
DAYS >= .01         4                MM      MM       10
DAYS >= .10         3                MM      MM        7
DAYS >= .50         2                MM      MM        3
DAYS >= 1.00        1                MM      MM        0
GREATEST
 24 HR. TOTAL    1.72   11/15 TO 11/16              2.25

SNOWFALL (INCHES)
TOTALS            0.0

DEGREE_DAYS
HEATING TOTAL     471               348     123      443
 SINCE 7/1        540               462      78      534
COOLING TOTAL       3                12      -9       10
 SINCE 1/1       2177              2186      -9     2247
.................................................................

WIND (MPH)
AVERAGE WIND SPEED              9.4
HIGHEST WIND SPEED/DIRECTION    36/270    DATE  11/23
HIGHEST GUST SPEED/DIRECTION    50/260    DATE  11/23

SKY COVER
POSSIBLE SUNSHINE (PERCENT)   MM
AVERAGE SKY COVER           0.30
NUMBER OF DAYS FAIR           18
NUMBER OF DAYS PC              9
NUMBER OF DAYS CLOUDY          3

AVERAGE RH (PERCENT)     65

WEATHER CONDITIONS. NUMBER OF DAYS WITH
THUNDERSTORM              0     MIXED PRECIP               0
HEAVY RAIN                2     RAIN                       3
LIGHT RAIN                4     FREEZING RAIN              0
LT FREEZING RAIN          0     HAIL                       0
HEAVY SNOW                0     SNOW                       0
LIGHT SNOW                0     SLEET                      0
FOG                       7     FOG W/VIS <= 1/4 MILE      1
HAZE                      8

-  INDICATES NEGATIVE NUMBERS.
R  INDICATES RECORD WAS SET OR TIED.
MM INDICATES DATA IS MISSING.
T  INDICATES TRACE AMOUNT.

$$




U.S. Dept. of Commerce
NOAA National Weather Service
1325 East West Highway
Silver Spring, MD 20910
E-mail: w-nws.webmaster@noaa.gov
Page last modified: May 16, 2007
NATIONAL WEATHER SERVICE: for Safety, for Work, for Fun - FOR LIFE