596
CXUS53 KGLD 021551
CLMGLD

CLIMATE REPORT
NATIONAL WEATHER SERVICE GOODLAND
844 AM MST TUE DEC 2 2014

...................................

...THE GOODLAND KS CLIMATE SUMMARY FOR THE MONTH OF NOVEMBER 2014...

CLIMATE NORMAL PERIOD 1981 TO 2010
CLIMATE RECORD PERIOD 1895 TO 2014

WEATHER         OBSERVED          NORMAL  DEPART  LAST YEAR`S
                 VALUE   DATE(S)  VALUE   FROM    VALUE  DATE(S)
                                          NORMAL
................................................................
TEMPERATURE (F)
RECORD
 HIGH              87   11/10/1927
 LOW              -12   11/28/1952
HIGHEST            80   11/28        75       5       77  11/08
LOWEST             -6   11/13         8     -14       14  11/25
                                                          11/22
                                                          11/21
AVG. MAXIMUM     53.1              52.4     0.7     53.7
AVG. MINIMUM     21.3              25.7    -4.4     25.1
MEAN             37.2              39.0    -1.8     39.4
DAYS MAX >= 90      0               0.0     0.0        0
DAYS MAX <= 32      4               2.2     1.8        1
DAYS MIN <= 32     25              22.8     2.2       24
DAYS MIN <= 0       2               0.1     1.9        0

PRECIPITATION (INCHES)
RECORD
 MAXIMUM         2.63   1946
 MINIMUM            T   2012
                        2002
                        1959
TOTALS           0.02              0.71   -0.69     0.17
DAILY AVG.       0.00              0.02   -0.02     0.01
DAYS >= .01         1               4.6    -3.6        2
DAYS >= .10         0               1.9    -1.9        1
DAYS >= .50         0               0.3    -0.3        0
DAYS >= 1.00        0               0.1    -0.1        0
GREATEST
 24 HR. TOTAL    0.02   11/25                       0.16

SNOWFALL (INCHES)
RECORDS
 TOTAL           29.0   1908
TOTALS            0.2               4.6    -4.4      0.3
SINCE 7/1         0.2               7.2    -7.0      4.3
SNOWDEPTH AVG.      0                MM      MM        0
DAYS >= 1.0         0               1.4    -1.4        0
GREATEST
 SNOW DEPTH         T   11/12
 24 HR TOTAL      0.1   11/12
                        11/15

DEGREE_DAYS
HEATING TOTAL     827               779      48      762
 SINCE 7/1       1255              1319     -64     1273
COOLING TOTAL       0                 0       0        0
 SINCE 1/1        920               941     -21     1181
.......................................................

WIND (MPH)
AVERAGE WIND SPEED              13.2
HIGHEST WIND SPEED/DIRECTION    39/360    DATE  11/23
HIGHEST GUST SPEED/DIRECTION    50/350    DATE  11/23

SKY COVER
AVERAGE SKY COVER           0.20

AVERAGE RH (PERCENT)     53

WEATHER CONDITIONS. NUMBER OF DAYS WITH
THUNDERSTORM              0     MIXED PRECIP               0
HEAVY RAIN                0     RAIN                       0
LIGHT RAIN                2     FREEZING RAIN              0
LT FREEZING RAIN          0     HAIL                       0
HEAVY SNOW                0     SNOW                       0
LIGHT SNOW                6     SLEET                      0
FOG                       5     FOG W/VIS <= 1/4 MILE      0
HAZE                      3

-  INDICATES NEGATIVE NUMBERS.
R  INDICATES RECORD WAS SET OR TIED.
MM INDICATES DATA IS MISSING.
T  INDICATES TRACE AMOUNT.

$$




U.S. Dept. of Commerce
NOAA National Weather Service
1325 East West Highway
Silver Spring, MD 20910
E-mail: w-nws.webmaster@noaa.gov
Page last modified: May 16, 2007
NATIONAL WEATHER SERVICE: for Safety, for Work, for Fun - FOR LIFE