520
CXUS53 KGLD 032027
CLMGLD

CLIMATE REPORT
NATIONAL WEATHER SERVICE GOODLAND
104 PM MST SAT JAN 3 2015

...................................

...THE GOODLAND KS CLIMATE SUMMARY FOR THE MONTH OF DECEMBER 2014...

CLIMATE NORMAL PERIOD 1981 TO 2010
CLIMATE RECORD PERIOD 1895 TO 2015

WEATHER         OBSERVED          NORMAL  DEPART  LAST YEAR`S
                 VALUE   DATE(S)  VALUE   FROM    VALUE  DATE(S)
                                          NORMAL
................................................................
TEMPERATURE (F)
RECORD
 HIGH              83   12/23/1964
 LOW              -27   12/22/1989
HIGHEST            69   12/02        66       3       73  12/18
LOWEST            -11   12/31        -2      -9       -6  12/08
AVG. MAXIMUM     43.4              42.5     0.9     44.4
AVG. MINIMUM     17.8              17.3     0.5     14.5
MEAN             30.6              29.9     0.7     29.5
DAYS MAX >= 90      0               0.0     0.0        0
DAYS MAX <= 32      8               6.6     1.4        9
DAYS MIN <= 32     28              30.1    -2.1       30
DAYS MIN <= 0       2               1.8     0.2        4

PRECIPITATION (INCHES)
RECORD
 MAXIMUM         2.90   1924
 MINIMUM         0.00   2002
TOTALS           1.46              0.46    1.00     0.05
DAILY AVG.       0.05              0.01    0.04     0.00
DAYS >= .01         7               3.9     3.1        2
DAYS >= .10         3               1.1     1.9        0
DAYS >= .50         1               0.2     0.8        0
DAYS >= 1.00        0               0.0     0.0        0
GREATEST
 24 HR. TOTAL    0.87   12/13 TO 12/14              0.04  12/08

SNOWFALL (INCHES)
RECORDS
 TOTAL           29.0   1924
TOTALS            9.7               5.5     4.2      2.5
SINCE 7/1         9.9              12.7    -2.8      6.8
SNOWDEPTH AVG.      1                 2      -1        0
DAYS >= 1.0         4               1.4     2.6        1
GREATEST
 SNOW DEPTH         6   12/30                          1  12/10
                                                          12/09
                                                          12/08
 24 HR TOTAL      4.1   12/29                        2.1  12/08

DEGREE_DAYS
HEATING TOTAL    1059              1088     -29     1093
 SINCE 7/1       2314              2407     -93     2366
COOLING TOTAL       0                 0       0        0
 SINCE 1/1        920               941     -21     1181
.........................................................

WIND (MPH)
AVERAGE WIND SPEED              11.5
HIGHEST WIND SPEED/DIRECTION    41/350    DATE  12/23
HIGHEST GUST SPEED/DIRECTION    52/350    DATE  12/23

SKY COVER
AVERAGE SKY COVER           0.30

AVERAGE RH (PERCENT)     70

WEATHER CONDITIONS. NUMBER OF DAYS WITH
THUNDERSTORM              0     MIXED PRECIP               0
HEAVY RAIN                1     RAIN                       1
LIGHT RAIN                1     FREEZING RAIN              0
LT FREEZING RAIN          1     HAIL                       0
HEAVY SNOW                0     SNOW                       2
LIGHT SNOW                9     SLEET                      0
FOG                      13     FOG W/VIS <= 1/4 MILE      5
HAZE                      1

-  INDICATES NEGATIVE NUMBERS.
R  INDICATES RECORD WAS SET OR TIED.
MM INDICATES DATA IS MISSING.
T  INDICATES TRACE AMOUNT.

$$




U.S. Dept. of Commerce
NOAA National Weather Service
1325 East West Highway
Silver Spring, MD 20910
E-mail: w-nws.webmaster@noaa.gov
Page last modified: May 16, 2007
NATIONAL WEATHER SERVICE: for Safety, for Work, for Fun - FOR LIFE