905
CXUS55 KGJT 011152
CLMGJT


CLIMATE REPORT
NATIONAL WEATHER SERVICE GRAND JUNCTION CO
543 AM MDT TUE JUL 1 2014

...................................

...THE GRAND JUNCTION CO CLIMATE SUMMARY FOR THE MONTH OF JUNE 2014...

CLIMATE NORMAL PERIOD 1981 TO 2010
CLIMATE RECORD PERIOD 1893 TO 2014

WEATHER         OBSERVED          NORMAL  DEPART  LAST YEAR`S
                 VALUE   DATE(S)  VALUE   FROM    VALUE  DATE(S)
                                          NORMAL
................................................................
TEMPERATURE (F)
RECORD
 HIGH             105   06/27/1990
 LOW               34   06/14/1976
HIGHEST            96   06/30        91       5      103  06/28
                        06/29
LOWEST             41   06/09        51     -10       44  06/01
AVG. MAXIMUM     87.1              87.6    -0.5     92.1
AVG. MINIMUM     54.3              56.3    -2.0     58.0
MEAN             70.7              72.0    -1.3     75.1
DAYS MAX >= 90     10              13.4    -3.4       24
DAYS MAX <= 32      0               0.0     0.0        0
DAYS MIN <= 32      0               0.0     0.0        0
DAYS MIN <= 0       0               0.0     0.0        0

PRECIPITATION (INCHES)
RECORD
 MAXIMUM         2.07   1969
 MINIMUM            T   2001
                        1980
                        1961
TOTALS           0.13              0.46   -0.33     0.01
DAILY AVG.       0.00              0.02   -0.02     0.00
DAYS >= .01         2               4.1    -2.1        1
DAYS >= .10         1               1.6    -0.6        0
DAYS >= .50         0               0.2    -0.2        0
DAYS >= 1.00        0               0.0     0.0        0
GREATEST
 24 HR. TOTAL    0.12   06/08 TO 06/08              0.01


SNOWFALL (INCHES)
RECORDS
 TOTAL              T   2009

TOTALS            0.0               0.0     0.0      0.0
SINCE 7/1        25.7              19.1     6.6     24.6
SNOWDEPTH AVG.      0                MM      MM        0
DAYS >= 1.0         0               0.0     0.0        0
GREATEST
 SNOW DEPTH         0   MM                             0  MM
 24 HR TOTAL      0.0   06/30 TO 06/30               0.0

DEGREE_DAYS
HEATING TOTAL      19                22      -3        5
 SINCE 7/1       6269              5611     658     6056
COOLING TOTAL     198               231     -33      314
 SINCE 1/1        257               282     -25      369
.................................................................

WIND (MPH)
AVERAGE WIND SPEED              9.1
HIGHEST WIND SPEED/DIRECTION    47/320    DATE  06/08
HIGHEST GUST SPEED/DIRECTION    57/320    DATE  06/08

SKY COVER
POSSIBLE SUNSHINE (PERCENT)   MM
AVERAGE SKY COVER           0.00
NUMBER OF DAYS FAIR           30
NUMBER OF DAYS PC              0
NUMBER OF DAYS CLOUDY          0

AVERAGE RH (PERCENT)     24

WEATHER CONDITIONS. NUMBER OF DAYS WITH
THUNDERSTORM              2     MIXED PRECIP               0
HEAVY RAIN                0     RAIN                       0
LIGHT RAIN                3     FREEZING RAIN              0
LT FREEZING RAIN          0     HAIL                       0
HEAVY SNOW                0     SNOW                       0
LIGHT SNOW                0     SLEET                      0
FOG                       0     FOG W/VIS <= 1/4 MILE      0
HAZE                      2

-  INDICATES NEGATIVE NUMBERS.
R  INDICATES RECORD WAS SET OR TIED.
MM INDICATES DATA IS MISSING.
T  INDICATES TRACE AMOUNT.

$$





U.S. Dept. of Commerce
NOAA National Weather Service
1325 East West Highway
Silver Spring, MD 20910
E-mail: w-nws.webmaster@noaa.gov
Page last modified: May 16, 2007
NATIONAL WEATHER SERVICE: for Safety, for Work, for Fun - FOR LIFE