856
CXUS55 KGJT 011225
CLMGJT


CLIMATE REPORT
NATIONAL WEATHER SERVICE GRAND JUNCTION CO
513 AM MST MON DEC 1 2014

...................................

...THE GRAND JUNCTION CO CLIMATE SUMMARY FOR THE MONTH OF NOVEMBER 2014...

CLIMATE NORMAL PERIOD 1981 TO 2010
CLIMATE RECORD PERIOD 1893 TO 2014

WEATHER         OBSERVED          NORMAL  DEPART  LAST YEAR`S
                 VALUE   DATE(S)  VALUE   FROM    VALUE  DATE(S)
                                          NORMAL
................................................................
TEMPERATURE (F)
RECORD
 HIGH              76   11/02/2008
 LOW               -4   11/30/2004
HIGHEST            75   11/01        58      17       62  11/12
                                                          11/03
LOWEST             10   11/17        21     -11       22  11/06
AVG. MAXIMUM     49.5              50.4    -0.9     49.3
AVG. MINIMUM     22.8              27.6    -4.8     28.7
MEAN             36.2              39.0    -2.8     39.0
DAYS MAX >= 90      0               0.0     0.0        0
DAYS MAX <= 32      1               0.5     0.5        0
DAYS MIN <= 32     27              22.8     4.2       27
DAYS MIN <= 0       0               0.0     0.0        0

PRECIPITATION (INCHES)
RECORD
 MAXIMUM         2.39   1895
 MINIMUM         0.00   1904
TOTALS           0.39              0.73   -0.34     1.05
DAILY AVG.       0.01              0.02   -0.01     0.04
DAYS >= .01         3               5.9    -2.9        7
DAYS >= .10         2               2.5    -0.5        3
DAYS >= .50         0               0.1    -0.1        0
DAYS >= 1.00        0               0.0     0.0        0
GREATEST
 24 HR. TOTAL    0.28   11/02 TO 11/03              0.61

SNOWFALL (INCHES)
RECORDS
 TOTAL           23.6   1919
TOTALS              T               2.1    -2.1      4.7
SINCE 7/1           T               2.5    -2.5      4.8
SNOWDEPTH AVG.      0                MM      MM        0
DAYS >= 1.0         0               0.7    -0.7        2
GREATEST
 SNOW DEPTH         0   11/30                          4  11/23
 24 HR TOTAL        T   11/23 TO 11/23               3.3
                        11/15 TO 11/15

DEGREE_DAYS
HEATING TOTAL     858               780      78      769
 SINCE 7/1       1224              1228      -4     1339
COOLING TOTAL       0                 0       0        0
 SINCE 1/1       1046              1125     -79     1269
.................................................................

WIND (MPH)
AVERAGE WIND SPEED              5.6
HIGHEST WIND SPEED/DIRECTION    29/330    DATE  11/10
HIGHEST GUST SPEED/DIRECTION    37/260    DATE  11/02

SKY COVER
POSSIBLE SUNSHINE (PERCENT)   MM
AVERAGE SKY COVER           0.20
NUMBER OF DAYS FAIR           21
NUMBER OF DAYS PC              9
NUMBER OF DAYS CLOUDY          0

AVERAGE RH (PERCENT)     58

WEATHER CONDITIONS. NUMBER OF DAYS WITH
THUNDERSTORM              1     MIXED PRECIP               0
HEAVY RAIN                1     RAIN                       3
LIGHT RAIN                5     FREEZING RAIN              0
LT FREEZING RAIN          0     HAIL                       0
HEAVY SNOW                0     SNOW                       0
LIGHT SNOW                3     SLEET                      0
FOG                       4     FOG W/VIS <= 1/4 MILE      0
HAZE                      0

-  INDICATES NEGATIVE NUMBERS.
R  INDICATES RECORD WAS SET OR TIED.
MM INDICATES DATA IS MISSING.
T  INDICATES TRACE AMOUNT.

$$





U.S. Dept. of Commerce
NOAA National Weather Service
1325 East West Highway
Silver Spring, MD 20910
E-mail: w-nws.webmaster@noaa.gov
Page last modified: May 16, 2007
NATIONAL WEATHER SERVICE: for Safety, for Work, for Fun - FOR LIFE